66.249.69.162 - - [29/Apr/2026:10:14:06 -0400] "GET /shop/pg/190costly/49672 HTTP/1.1" 404 1251 "-" "Mozilla/5.0 (Linux; Android 6.0.1; Nexus 5X Build/MMB29P) AppleWebKit/537.36 (KHTML, like Gecko) Chrome/147.0.7727.116 Mobile Safari/537.36 (compatible; Googlebot/2.1; +http://www.google.com/bot.html)"
66.249.69.160 - - [29/Apr/2026:10:14:33 -0400] "GET /shop/pg/195important/20135 HTTP/1.1" 404 1251 "-" "Mozilla/5.0 (Linux; Android 6.0.1; Nexus 5X Build/MMB29P) AppleWebKit/537.36 (KHTML, like Gecko) Chrome/147.0.7727.116 Mobile Safari/537.36 (compatible; Googlebot/2.1; +http://www.google.com/bot.html)"
66.249.69.160 - - [29/Apr/2026:10:14:34 -0400] "GET /shop/pg/237survival/26239 HTTP/1.1" 404 1251 "-" "Mozilla/5.0 (Linux; Android 6.0.1; Nexus 5X Build/MMB29P) AppleWebKit/537.36 (KHTML, like Gecko) Chrome/147.0.7727.116 Mobile Safari/537.36 (compatible; Googlebot/2.1; +http://www.google.com/bot.html)"
66.249.69.160 - - [29/Apr/2026:10:14:35 -0400] "GET /shop/pg/199decent/43701 HTTP/1.1" 404 1251 "-" "Mozilla/5.0 (Linux; Android 6.0.1; Nexus 5X Build/MMB29P) AppleWebKit/537.36 (KHTML, like Gecko) Chrome/147.0.7727.116 Mobile Safari/537.36 (compatible; Googlebot/2.1; +http://www.google.com/bot.html)"
66.249.69.160 - - [29/Apr/2026:10:14:55 -0400] "GET /shop/pg/117script/20505 HTTP/1.1" 404 1251 "-" "Mozilla/5.0 (Linux; Android 6.0.1; Nexus 5X Build/MMB29P) AppleWebKit/537.36 (KHTML, like Gecko) Chrome/147.0.7727.116 Mobile Safari/537.36 (compatible; Googlebot/2.1; +http://www.google.com/bot.html)"
66.249.69.161 - - [29/Apr/2026:10:15:08 -0400] "GET /shop/pg/125reject/32775 HTTP/1.1" 404 1251 "-" "Mozilla/5.0 (Linux; Android 6.0.1; Nexus 5X Build/MMB29P) AppleWebKit/537.36 (KHTML, like Gecko) Chrome/147.0.7727.116 Mobile Safari/537.36 (compatible; Googlebot/2.1; +http://www.google.com/bot.html)"
66.249.69.161 - - [29/Apr/2026:10:14:24 -0400] "GET /shop/pg/127deadly/43167 HTTP/1.1" 404 1251 "-" "Mozilla/5.0 (Linux; Android 6.0.1; Nexus 5X Build/MMB29P) AppleWebKit/537.36 (KHTML, like Gecko) Chrome/147.0.7727.116 Mobile Safari/537.36 (compatible; Googlebot/2.1; +http://www.google.com/bot.html)"
66.249.69.161 - - [29/Apr/2026:10:14:24 -0400] "GET /shop/pg/113face/30025 HTTP/1.1" 404 1251 "-" "Mozilla/5.0 (Linux; Android 6.0.1; Nexus 5X Build/MMB29P) AppleWebKit/537.36 (KHTML, like Gecko) Chrome/147.0.7727.116 Mobile Safari/537.36 (compatible; Googlebot/2.1; +http://www.google.com/bot.html)"
66.249.69.160 - - [29/Apr/2026:10:14:44 -0400] "GET /299037698.html HTTP/1.1" 404 1251 "-" "Mozilla/5.0 (Linux; Android 6.0.1; Nexus 5X Build/MMB29P) AppleWebKit/537.36 (KHTML, like Gecko) Chrome/147.0.7727.116 Mobile Safari/537.36 (compatible; Googlebot/2.1; +http://www.google.com/bot.html)"
66.249.69.160 - - [29/Apr/2026:10:14:44 -0400] "GET /shop/pg/68myth/8880 HTTP/1.1" 404 1251 "-" "Mozilla/5.0 (Linux; Android 6.0.1; Nexus 5X Build/MMB29P) AppleWebKit/537.36 (KHTML, like Gecko) Chrome/147.0.7727.116 Mobile Safari/537.36 (compatible; Googlebot/2.1; +http://www.google.com/bot.html)"
66.249.69.161 - - [29/Apr/2026:10:15:09 -0400] "GET /shop/pg/126lawsuit/21916 HTTP/1.1" 404 1251 "-" "Mozilla/5.0 (Linux; Android 6.0.1; Nexus 5X Build/MMB29P) AppleWebKit/537.36 (KHTML, like Gecko) Chrome/147.0.7727.116 Mobile Safari/537.36 (compatible; Googlebot/2.1; +http://www.google.com/bot.html)"
66.249.69.161 - - [29/Apr/2026:10:15:21 -0400] "GET /shop/pg/255wage/12043 HTTP/1.1" 404 1251 "-" "Mozilla/5.0 (Linux; Android 6.0.1; Nexus 5X Build/MMB29P) AppleWebKit/537.36 (KHTML, like Gecko) Chrome/147.0.7727.116 Mobile Safari/537.36 (compatible; Googlebot/2.1; +http://www.google.com/bot.html)"
66.249.69.160 - - [29/Apr/2026:10:15:35 -0400] "GET /shop/pg/23supposedly/18003 HTTP/1.1" 404 1251 "-" "Mozilla/5.0 (Linux; Android 6.0.1; Nexus 5X Build/MMB29P) AppleWebKit/537.36 (KHTML, like Gecko) Chrome/147.0.7727.116 Mobile Safari/537.36 (compatible; Googlebot/2.1; +http://www.google.com/bot.html)"
66.249.69.160 - - [29/Apr/2026:10:15:47 -0400] "GET /shop/pg/34preparation/5646 HTTP/1.1" 404 1251 "-" "Mozilla/5.0 (Linux; Android 6.0.1; Nexus 5X Build/MMB29P) AppleWebKit/537.36 (KHTML, like Gecko) Chrome/147.0.7727.116 Mobile Safari/537.36 (compatible; Googlebot/2.1; +http://www.google.com/bot.html)"
66.249.69.160 - - [29/Apr/2026:10:16:00 -0400] "GET /shop/pg/192so-called/24044 HTTP/1.1" 404 1251 "-" "Mozilla/5.0 (Linux; Android 6.0.1; Nexus 5X Build/MMB29P) AppleWebKit/537.36 (KHTML, like Gecko) Chrome/147.0.7727.116 Mobile Safari/537.36 (compatible; Googlebot/2.1; +http://www.google.com/bot.html)"
66.249.69.160 - - [29/Apr/2026:10:16:19 -0400] "GET /shop/pg/283banana/10291 HTTP/1.1" 404 1251 "-" "Mozilla/5.0 (Linux; Android 6.0.1; Nexus 5X Build/MMB29P) AppleWebKit/537.36 (KHTML, like Gecko) Chrome/147.0.7727.116 Mobile Safari/537.36 (compatible; Googlebot/2.1; +http://www.google.com/bot.html)"
66.249.69.160 - - [29/Apr/2026:10:16:19 -0400] "GET /shop/pg/113story/3009 HTTP/1.1" 404 1251 "-" "Mozilla/5.0 (Linux; Android 6.0.1; Nexus 5X Build/MMB29P) AppleWebKit/537.36 (KHTML, like Gecko) Chrome/147.0.7727.116 Mobile Safari/537.36 (compatible; Googlebot/2.1; +http://www.google.com/bot.html)"
66.249.69.160 - - [29/Apr/2026:10:16:28 -0400] "GET /shop/pg/91harm/4547 HTTP/1.1" 404 1251 "-" "Mozilla/5.0 (Linux; Android 6.0.1; Nexus 5X Build/MMB29P) AppleWebKit/537.36 (KHTML, like Gecko) Chrome/147.0.7727.116 Mobile Safari/537.36 (compatible; Googlebot/2.1; +http://www.google.com/bot.html)"
66.249.75.73 - - [29/Apr/2026:10:16:37 -0400] "GET /?goods/243030406 HTTP/1.1" 200 2087 "-" "Mozilla/5.0 (Linux; Android 6.0.1; Nexus 5X Build/MMB29P) AppleWebKit/537.36 (KHTML, like Gecko) Chrome/147.0.7727.116 Mobile Safari/537.36 (compatible; Googlebot/2.1; +http://www.google.com/bot.html)"
66.249.69.160 - - [29/Apr/2026:10:16:38 -0400] "GET /shop/pg/208association/22946 HTTP/1.1" 404 1251 "-" "Mozilla/5.0 (Linux; Android 6.0.1; Nexus 5X Build/MMB29P) AppleWebKit/537.36 (KHTML, like Gecko) Chrome/147.0.7727.116 Mobile Safari/537.36 (compatible; Googlebot/2.1; +http://www.google.com/bot.html)"
66.249.69.160 - - [29/Apr/2026:10:16:51 -0400] "GET /shop/pg/165by/24173 HTTP/1.1" 404 1251 "-" "Mozilla/5.0 (Linux; Android 6.0.1; Nexus 5X Build/MMB29P) AppleWebKit/537.36 (KHTML, like Gecko) Chrome/147.0.7727.116 Mobile Safari/537.36 (compatible; Googlebot/2.1; +http://www.google.com/bot.html)"
66.249.69.160 - - [29/Apr/2026:10:17:21 -0400] "GET /shop/pg/158electronic/38868 HTTP/1.1" 404 1251 "-" "Mozilla/5.0 (Linux; Android 6.0.1; Nexus 5X Build/MMB29P) AppleWebKit/537.36 (KHTML, like Gecko) Chrome/147.0.7727.116 Mobile Safari/537.36 (compatible; Googlebot/2.1; +http://www.google.com/bot.html)"
66.249.69.160 - - [29/Apr/2026:10:17:39 -0400] "GET /shop/pg/27fund/42777 HTTP/1.1" 404 1251 "-" "Mozilla/5.0 (Linux; Android 6.0.1; Nexus 5X Build/MMB29P) AppleWebKit/537.36 (KHTML, like Gecko) Chrome/147.0.7727.116 Mobile Safari/537.36 (compatible; Googlebot/2.1; +http://www.google.com/bot.html)"
66.249.69.160 - - [29/Apr/2026:10:17:45 -0400] "GET /shop/pg/123criticism/41939 HTTP/1.1" 404 1251 "-" "Mozilla/5.0 (Linux; Android 6.0.1; Nexus 5X Build/MMB29P) AppleWebKit/537.36 (KHTML, like Gecko) Chrome/147.0.7727.116 Mobile Safari/537.36 (compatible; Googlebot/2.1; +http://www.google.com/bot.html)"
66.249.69.160 - - [29/Apr/2026:10:17:56 -0400] "GET /shop/pg/189refrigerator/28843 HTTP/1.1" 404 1251 "-" "Mozilla/5.0 (Linux; Android 6.0.1; Nexus 5X Build/MMB29P) AppleWebKit/537.36 (KHTML, like Gecko) Chrome/147.0.7727.116 Mobile Safari/537.36 (compatible; Googlebot/2.1; +http://www.google.com/bot.html)"
66.249.69.160 - - [29/Apr/2026:10:18:35 -0400] "GET /shop/pg/19recruit/18415 HTTP/1.1" 404 1251 "-" "Mozilla/5.0 (Linux; Android 6.0.1; Nexus 5X Build/MMB29P) AppleWebKit/537.36 (KHTML, like Gecko) Chrome/147.0.7727.116 Mobile Safari/537.36 (compatible; Googlebot/2.1; +http://www.google.com/bot.html)"
66.249.69.160 - - [29/Apr/2026:10:18:47 -0400] "GET /shop/pg/217fundamental/38727 HTTP/1.1" 404 1251 "-" "Mozilla/5.0 (Linux; Android 6.0.1; Nexus 5X Build/MMB29P) AppleWebKit/537.36 (KHTML, like Gecko) Chrome/147.0.7727.116 Mobile Safari/537.36 (compatible; Googlebot/2.1; +http://www.google.com/bot.html)"
167.99.181.249 - - [29/Apr/2026:10:18:54 -0400] "GET /server HTTP/1.1" 404 1251 "-" "Mozilla/5.0 (l9scan/2.0.435323e2532313e24353e2839313; +https://leakix.net)"
167.99.181.249 - - [29/Apr/2026:10:18:57 -0400] "GET /about HTTP/1.1" 404 1251 "-" "Mozilla/5.0 (l9scan/2.0.435323e2532313e24353e2839313; +https://leakix.net)"
167.99.181.249 - - [29/Apr/2026:10:18:58 -0400] "GET /login.action HTTP/1.1" 404 1251 "-" "Mozilla/5.0 (l9scan/2.0.435323e2532313e24353e2839313; +https://leakix.net)"
66.249.69.161 - - [29/Apr/2026:10:19:00 -0400] "GET /shop/pg/161interview/32117 HTTP/1.1" 404 1251 "-" "Mozilla/5.0 (Linux; Android 6.0.1; Nexus 5X Build/MMB29P) AppleWebKit/537.36 (KHTML, like Gecko) Chrome/147.0.7727.116 Mobile Safari/537.36 (compatible; Googlebot/2.1; +http://www.google.com/bot.html)"
167.99.181.249 - - [29/Apr/2026:10:19:04 -0400] "GET /.git/config HTTP/1.1" 403 1242 "-" "Mozilla/5.0 (l9scan/2.0.435323e2532313e24353e2839313; +https://leakix.net)"
167.99.181.249 - - [29/Apr/2026:10:19:06 -0400] "POST /api HTTP/1.1" 404 1251 "-" "Mozilla/5.0 (l9scan/2.0.435323e2532313e24353e2839313; +https://leakix.net)"
167.99.181.249 - - [29/Apr/2026:10:19:06 -0400] "POST /api/gql HTTP/1.1" 404 1251 "-" "Mozilla/5.0 (l9scan/2.0.435323e2532313e24353e2839313; +https://leakix.net)"
167.99.181.249 - - [29/Apr/2026:10:19:07 -0400] "GET /config.json HTTP/1.1" 404 1251 "-" "Mozilla/5.0 (l9scan/2.0.435323e2532313e24353e2839313; +https://leakix.net)"
167.99.181.249 - - [29/Apr/2026:10:19:10 -0400] "GET /info.php HTTP/1.1" 404 1251 "-" "Mozilla/5.0 (l9scan/2.0.435323e2532313e24353e2839313; +https://leakix.net)"
66.249.69.160 - - [29/Apr/2026:10:15:44 -0400] "GET /shop/pg/131excessive/30341 HTTP/1.1" 404 1251 "-" "Mozilla/5.0 (Linux; Android 6.0.1; Nexus 5X Build/MMB29P) AppleWebKit/537.36 (KHTML, like Gecko) Chrome/147.0.7727.116 Mobile Safari/537.36 (compatible; Googlebot/2.1; +http://www.google.com/bot.html)"
66.249.69.160 - - [29/Apr/2026:10:16:38 -0400] "GET /shop/pg/53sugar/49191 HTTP/1.1" 404 1251 "-" "Mozilla/5.0 (Linux; Android 6.0.1; Nexus 5X Build/MMB29P) AppleWebKit/537.36 (KHTML, like Gecko) Chrome/147.0.7727.116 Mobile Safari/537.36 (compatible; Googlebot/2.1; +http://www.google.com/bot.html)"
66.249.69.161 - - [29/Apr/2026:10:17:11 -0400] "GET /shop/pg/220announcement/29770 HTTP/1.1" 404 1251 "-" "Mozilla/5.0 (Linux; Android 6.0.1; Nexus 5X Build/MMB29P) AppleWebKit/537.36 (KHTML, like Gecko) Chrome/147.0.7727.116 Mobile Safari/537.36 (compatible; Googlebot/2.1; +http://www.google.com/bot.html)"
66.249.69.160 - - [29/Apr/2026:10:17:39 -0400] "GET /shop/pg/288fixed/42708 HTTP/1.1" 404 1251 "-" "Mozilla/5.0 (Linux; Android 6.0.1; Nexus 5X Build/MMB29P) AppleWebKit/537.36 (KHTML, like Gecko) Chrome/147.0.7727.116 Mobile Safari/537.36 (compatible; Googlebot/2.1; +http://www.google.com/bot.html)"
66.249.69.162 - - [29/Apr/2026:10:18:09 -0400] "GET /shop/pg/221closer/43979 HTTP/1.1" 404 1251 "-" "Mozilla/5.0 (Linux; Android 6.0.1; Nexus 5X Build/MMB29P) AppleWebKit/537.36 (KHTML, like Gecko) Chrome/147.0.7727.116 Mobile Safari/537.36 (compatible; Googlebot/2.1; +http://www.google.com/bot.html)"
66.249.69.160 - - [29/Apr/2026:10:18:25 -0400] "GET /shop/pg/224tourist/30628 HTTP/1.1" 404 1251 "-" "Mozilla/5.0 (Linux; Android 6.0.1; Nexus 5X Build/MMB29P) AppleWebKit/537.36 (KHTML, like Gecko) Chrome/147.0.7727.116 Mobile Safari/537.36 (compatible; Googlebot/2.1; +http://www.google.com/bot.html)"
66.249.69.161 - - [29/Apr/2026:10:18:26 -0400] "GET /shop/pg/217bill/32289 HTTP/1.1" 404 1251 "-" "Mozilla/5.0 (Linux; Android 6.0.1; Nexus 5X Build/MMB29P) AppleWebKit/537.36 (KHTML, like Gecko) Chrome/147.0.7727.116 Mobile Safari/537.36 (compatible; Googlebot/2.1; +http://www.google.com/bot.html)"
167.99.181.249 - - [29/Apr/2026:10:18:52 -0400] "GET / HTTP/1.1" 200 10085 "-" "Mozilla/5.0 (l9scan/2.0.435323e2532313e24353e2839313; +https://leakix.net)"
167.99.181.249 - - [29/Apr/2026:10:18:53 -0400] "GET /console/ HTTP/1.1" 404 1251 "-" "Mozilla/5.0 (l9scan/2.0.435323e2532313e24353e2839313; +https://leakix.net)"
167.99.181.249 - - [29/Apr/2026:10:18:59 -0400] "GET /v2/_catalog HTTP/1.1" 404 1251 "-" "Mozilla/5.0 (l9scan/2.0.435323e2532313e24353e2839313; +https://leakix.net)"
167.99.181.249 - - [29/Apr/2026:10:18:59 -0400] "GET /.DS_Store HTTP/1.1" 404 1251 "-" "Mozilla/5.0 (l9scan/2.0.435323e2532313e24353e2839313; +https://leakix.net)"
167.99.181.249 - - [29/Apr/2026:10:19:00 -0400] "GET /.env HTTP/1.1" 404 1251 "-" "Mozilla/5.0 (l9scan/2.0.435323e2532313e24353e2839313; +https://leakix.net)"
167.99.181.249 - - [29/Apr/2026:10:19:02 -0400] "GET /ecp/Current/exporttool/microsoft.exchange.ediscovery.exporttool.application HTTP/1.1" 404 1251 "-" "Mozilla/5.0 (l9scan/2.0.435323e2532313e24353e2839313; +https://leakix.net)"
167.99.181.249 - - [29/Apr/2026:10:19:05 -0400] "POST /graphql HTTP/1.1" 404 1251 "-" "Mozilla/5.0 (l9scan/2.0.435323e2532313e24353e2839313; +https://leakix.net)"
167.99.181.249 - - [29/Apr/2026:10:19:06 -0400] "POST /api/graphql HTTP/1.1" 404 1251 "-" "Mozilla/5.0 (l9scan/2.0.435323e2532313e24353e2839313; +https://leakix.net)"
167.99.181.249 - - [29/Apr/2026:10:19:06 -0400] "POST /graphql/api HTTP/1.1" 404 1251 "-" "Mozilla/5.0 (l9scan/2.0.435323e2532313e24353e2839313; +https://leakix.net)"
167.99.181.249 - - [29/Apr/2026:10:19:06 -0400] "GET /s/435323e2532313e24353e2839313/_/;/META-INF/maven/com.atlassian.jira/jira-webapp-dist/pom.properties HTTP/1.1" 404 1251 "-" "Mozilla/5.0 (l9scan/2.0.435323e2532313e24353e2839313; +https://leakix.net)"
167.99.181.249 - - [29/Apr/2026:10:19:09 -0400] "GET /telescope/requests HTTP/1.1" 404 1251 "-" "Mozilla/5.0 (l9scan/2.0.435323e2532313e24353e2839313; +https://leakix.net)"
167.99.181.249 - - [29/Apr/2026:10:19:11 -0400] "GET /.well-known/security.txt HTTP/1.1" 404 1251 "-" "Mozilla/5.0 (l9scan/2.0.435323e2532313e24353e2839313; +https://leakix.net)"
167.99.181.249 - - [29/Apr/2026:10:19:14 -0400] "GET /swagger-ui.html HTTP/1.1" 404 1251 "-" "Mozilla/5.0 (l9scan/2.0.435323e2532313e24353e2839313; +https://leakix.net)"
167.99.181.249 - - [29/Apr/2026:10:19:16 -0400] "GET /swagger/swagger-ui.html HTTP/1.1" 404 1251 "-" "Mozilla/5.0 (l9scan/2.0.435323e2532313e24353e2839313; +https://leakix.net)"
167.99.181.249 - - [29/Apr/2026:10:19:18 -0400] "GET /swagger.json HTTP/1.1" 404 1251 "-" "Mozilla/5.0 (l9scan/2.0.435323e2532313e24353e2839313; +https://leakix.net)"
167.99.181.249 - - [29/Apr/2026:10:19:19 -0400] "GET /swagger/v1/swagger.json HTTP/1.1" 404 1251 "-" "Mozilla/5.0 (l9scan/2.0.435323e2532313e24353e2839313; +https://leakix.net)"
167.99.181.249 - - [29/Apr/2026:10:19:20 -0400] "GET /v2/api-docs HTTP/1.1" 404 1251 "-" "Mozilla/5.0 (l9scan/2.0.435323e2532313e24353e2839313; +https://leakix.net)"
167.99.181.249 - - [29/Apr/2026:10:19:22 -0400] "GET /api-docs/swagger.json HTTP/1.1" 404 1251 "-" "Mozilla/5.0 (l9scan/2.0.435323e2532313e24353e2839313; +https://leakix.net)"
167.99.181.249 - - [29/Apr/2026:10:19:23 -0400] "GET /api/swagger.json HTTP/1.1" 404 1251 "-" "Mozilla/5.0 (l9scan/2.0.435323e2532313e24353e2839313; +https://leakix.net)"
167.99.181.249 - - [29/Apr/2026:10:19:24 -0400] "GET /trace.axd HTTP/1.1" 404 1251 "-" "Mozilla/5.0 (l9scan/2.0.435323e2532313e24353e2839313; +https://leakix.net)"
167.99.181.249 - - [29/Apr/2026:10:19:26 -0400] "GET /.vscode/sftp.json HTTP/1.1" 404 1251 "-" "Mozilla/5.0 (l9scan/2.0.435323e2532313e24353e2839313; +https://leakix.net)"
167.99.181.249 - - [29/Apr/2026:10:19:27 -0400] "OPTIONS / HTTP/1.1" 200 2415 "-" "Mozilla/5.0 (l9scan/2.0.435323e2532313e24353e2839313; +https://leakix.net)"
167.99.181.249 - - [29/Apr/2026:10:19:12 -0400] "GET /actuator/env HTTP/1.1" 404 1251 "-" "Mozilla/5.0 (l9scan/2.0.435323e2532313e24353e2839313; +https://leakix.net)"
167.99.181.249 - - [29/Apr/2026:10:19:15 -0400] "GET /swagger/index.html HTTP/1.1" 404 1251 "-" "Mozilla/5.0 (l9scan/2.0.435323e2532313e24353e2839313; +https://leakix.net)"
167.99.181.249 - - [29/Apr/2026:10:19:17 -0400] "GET /webjars/swagger-ui/index.html HTTP/1.1" 404 1251 "-" "Mozilla/5.0 (l9scan/2.0.435323e2532313e24353e2839313; +https://leakix.net)"
66.249.69.161 - - [29/Apr/2026:10:19:19 -0400] "GET /shop/pg/79weapon/145 HTTP/1.1" 404 1251 "-" "Mozilla/5.0 (Linux; Android 6.0.1; Nexus 5X Build/MMB29P) AppleWebKit/537.36 (KHTML, like Gecko) Chrome/147.0.7727.116 Mobile Safari/537.36 (compatible; Googlebot/2.1; +http://www.google.com/bot.html)"
167.99.181.249 - - [29/Apr/2026:10:19:21 -0400] "GET /v3/api-docs HTTP/1.1" 404 1251 "-" "Mozilla/5.0 (l9scan/2.0.435323e2532313e24353e2839313; +https://leakix.net)"
167.99.181.249 - - [29/Apr/2026:10:19:25 -0400] "GET /@vite/env HTTP/1.1" 404 1251 "-" "Mozilla/5.0 (l9scan/2.0.435323e2532313e24353e2839313; +https://leakix.net)"
167.99.181.249 - - [29/Apr/2026:10:19:29 -0400] "GET /debug/default/view?panel=config HTTP/1.1" 404 1251 "-" "Mozilla/5.0 (l9scan/2.0.435323e2532313e24353e2839313; +https://leakix.net)"
66.249.69.160 - - [29/Apr/2026:10:19:39 -0400] "GET /shop/pg/297intact/41441 HTTP/1.1" 404 1251 "-" "Mozilla/5.0 (Linux; Android 6.0.1; Nexus 5X Build/MMB29P) AppleWebKit/537.36 (KHTML, like Gecko) Chrome/147.0.7727.116 Mobile Safari/537.36 (compatible; Googlebot/2.1; +http://www.google.com/bot.html)"
66.249.69.161 - - [29/Apr/2026:10:20:09 -0400] "GET /shop/pg/49handsome/12579 HTTP/1.1" 404 1251 "-" "Mozilla/5.0 (Linux; Android 6.0.1; Nexus 5X Build/MMB29P) AppleWebKit/537.36 (KHTML, like Gecko) Chrome/147.0.7727.116 Mobile Safari/537.36 (compatible; Googlebot/2.1; +http://www.google.com/bot.html)"
66.249.69.161 - - [29/Apr/2026:10:20:23 -0400] "GET /shop/pg/122writer/39472 HTTP/1.1" 404 1251 "-" "Mozilla/5.0 (Linux; Android 6.0.1; Nexus 5X Build/MMB29P) AppleWebKit/537.36 (KHTML, like Gecko) Chrome/147.0.7727.116 Mobile Safari/537.36 (compatible; Googlebot/2.1; +http://www.google.com/bot.html)"
66.249.69.160 - - [29/Apr/2026:10:20:23 -0400] "GET /shop/pg/289map/24495 HTTP/1.1" 404 1251 "-" "Mozilla/5.0 (Linux; Android 6.0.1; Nexus 5X Build/MMB29P) AppleWebKit/537.36 (KHTML, like Gecko) Chrome/147.0.7727.116 Mobile Safari/537.36 (compatible; Googlebot/2.1; +http://www.google.com/bot.html)"
66.249.69.160 - - [29/Apr/2026:10:20:48 -0400] "GET /066041491.html HTTP/1.1" 404 1251 "-" "Mozilla/5.0 (Linux; Android 6.0.1; Nexus 5X Build/MMB29P) AppleWebKit/537.36 (KHTML, like Gecko) Chrome/147.0.7727.116 Mobile Safari/537.36 (compatible; Googlebot/2.1; +http://www.google.com/bot.html)"
66.249.69.160 - - [29/Apr/2026:10:20:58 -0400] "GET /shop/pg/249municipal/22809 HTTP/1.1" 404 1251 "-" "Mozilla/5.0 (Linux; Android 6.0.1; Nexus 5X Build/MMB29P) AppleWebKit/537.36 (KHTML, like Gecko) Chrome/147.0.7727.116 Mobile Safari/537.36 (compatible; Googlebot/2.1; +http://www.google.com/bot.html)"
216.73.217.4 - - [29/Apr/2026:10:20:58 -0400] "GET /robots.txt HTTP/1.1" 200 106 "-" "Mozilla/5.0 AppleWebKit/537.36 (KHTML, like Gecko; compatible; ClaudeBot/1.0; +claudebot@anthropic.com)"
216.73.217.4 - - [29/Apr/2026:10:20:58 -0400] "GET / HTTP/1.1" 200 2082 "-" "Mozilla/5.0 AppleWebKit/537.36 (KHTML, like Gecko; compatible; ClaudeBot/1.0; +claudebot@anthropic.com)"
114.119.138.173 - - [29/Apr/2026:10:21:10 -0400] "GET /contacto/?page_id=400&lost-password HTTP/1.1" 200 672 "-" "Mozilla/5.0 (Linux; Android 7.0;) AppleWebKit/537.36 (HTML, like Gecko) Mobile Safari/537.36 (compatible; PetalBot;+https://webmaster.petalsearch.com/site/petalbot)"
66.249.69.160 - - [29/Apr/2026:10:21:22 -0400] "GET /shop/pg/109no/27815 HTTP/1.1" 404 1251 "-" "Mozilla/5.0 (Linux; Android 6.0.1; Nexus 5X Build/MMB29P) AppleWebKit/537.36 (KHTML, like Gecko) Chrome/147.0.7727.116 Mobile Safari/537.36 (compatible; Googlebot/2.1; +http://www.google.com/bot.html)"
66.249.75.73 - - [29/Apr/2026:10:21:41 -0400] "GET /?detail/2290379605769 HTTP/1.1" 200 2051 "-" "Mozilla/5.0 (Linux; Android 6.0.1; Nexus 5X Build/MMB29P) AppleWebKit/537.36 (KHTML, like Gecko) Chrome/147.0.7727.116 Mobile Safari/537.36 (compatible; Googlebot/2.1; +http://www.google.com/bot.html)"
66.249.69.160 - - [29/Apr/2026:10:21:41 -0400] "GET /shop/pg/237photo/16931 HTTP/1.1" 404 1251 "-" "Mozilla/5.0 (Linux; Android 6.0.1; Nexus 5X Build/MMB29P) AppleWebKit/537.36 (KHTML, like Gecko) Chrome/147.0.7727.116 Mobile Safari/537.36 (compatible; Googlebot/2.1; +http://www.google.com/bot.html)"
66.249.69.160 - - [29/Apr/2026:10:21:56 -0400] "GET /shop/pg/144government/4260 HTTP/1.1" 404 1251 "-" "Mozilla/5.0 (Linux; Android 6.0.1; Nexus 5X Build/MMB29P) AppleWebKit/537.36 (KHTML, like Gecko) Chrome/147.0.7727.116 Mobile Safari/537.36 (compatible; Googlebot/2.1; +http://www.google.com/bot.html)"
167.99.181.249 - - [29/Apr/2026:10:19:28 -0400] "GET /?rest_route=/wp/v2/users/ HTTP/1.1" 200 2383 "-" "Mozilla/5.0 (l9scan/2.0.435323e2532313e24353e2839313; +https://leakix.net)"
66.249.69.160 - - [29/Apr/2026:10:19:28 -0400] "GET /shop/pg/141clothes/11703 HTTP/1.1" 404 1251 "-" "Mozilla/5.0 (Linux; Android 6.0.1; Nexus 5X Build/MMB29P) AppleWebKit/537.36 (KHTML, like Gecko) Chrome/147.0.7727.116 Mobile Safari/537.36 (compatible; Googlebot/2.1; +http://www.google.com/bot.html)"
66.249.69.160 - - [29/Apr/2026:10:19:37 -0400] "GET /shop/pg/217unusual/14229 HTTP/1.1" 404 1251 "-" "Mozilla/5.0 (Linux; Android 6.0.1; Nexus 5X Build/MMB29P) AppleWebKit/537.36 (KHTML, like Gecko) Chrome/147.0.7727.116 Mobile Safari/537.36 (compatible; Googlebot/2.1; +http://www.google.com/bot.html)"
66.249.69.160 - - [29/Apr/2026:10:19:52 -0400] "GET /shop/pg/42mysterious/48892 HTTP/1.1" 404 1251 "-" "Mozilla/5.0 (Linux; Android 6.0.1; Nexus 5X Build/MMB29P) AppleWebKit/537.36 (KHTML, like Gecko) Chrome/147.0.7727.116 Mobile Safari/537.36 (compatible; Googlebot/2.1; +http://www.google.com/bot.html)"
66.249.69.160 - - [29/Apr/2026:10:20:09 -0400] "GET /shop/pg/95artificial/31825 HTTP/1.1" 404 1251 "-" "Mozilla/5.0 (Linux; Android 6.0.1; Nexus 5X Build/MMB29P) AppleWebKit/537.36 (KHTML, like Gecko) Chrome/147.0.7727.116 Mobile Safari/537.36 (compatible; Googlebot/2.1; +http://www.google.com/bot.html)"
170.106.181.163 - - [29/Apr/2026:10:20:25 -0400] "GET /wp-includes/ HTTP/1.1" 200 11265 "-" "Mozilla/5.0 (iPhone; CPU iPhone OS 13_2_3 like Mac OS X) AppleWebKit/605.1.15 (KHTML, like Gecko) Version/13.0.3 Mobile/15E148 Safari/604.1"
66.249.69.160 - - [29/Apr/2026:10:20:31 -0400] "GET /shop/pg/99furniture/27937 HTTP/1.1" 404 1251 "-" "Mozilla/5.0 (Linux; Android 6.0.1; Nexus 5X Build/MMB29P) AppleWebKit/537.36 (KHTML, like Gecko) Chrome/147.0.7727.116 Mobile Safari/537.36 (compatible; Googlebot/2.1; +http://www.google.com/bot.html)"
66.249.69.160 - - [29/Apr/2026:10:20:48 -0400] "GET /shop/pg/195parade/699 HTTP/1.1" 404 1251 "-" "Mozilla/5.0 (Linux; Android 6.0.1; Nexus 5X Build/MMB29P) AppleWebKit/537.36 (KHTML, like Gecko) Chrome/147.0.7727.116 Mobile Safari/537.36 (compatible; Googlebot/2.1; +http://www.google.com/bot.html)"
66.249.69.160 - - [29/Apr/2026:10:20:58 -0400] "GET /shop/pg/194stake/23680 HTTP/1.1" 404 1251 "-" "Mozilla/5.0 (Linux; Android 6.0.1; Nexus 5X Build/MMB29P) AppleWebKit/537.36 (KHTML, like Gecko) Chrome/147.0.7727.116 Mobile Safari/537.36 (compatible; Googlebot/2.1; +http://www.google.com/bot.html)"
66.249.69.160 - - [29/Apr/2026:10:21:00 -0400] "GET /shop/pg/276jewelry/16014 HTTP/1.1" 404 1251 "-" "Mozilla/5.0 (Linux; Android 6.0.1; Nexus 5X Build/MMB29P) AppleWebKit/537.36 (KHTML, like Gecko) Chrome/147.0.7727.116 Mobile Safari/537.36 (compatible; Googlebot/2.1; +http://www.google.com/bot.html)"
66.249.69.160 - - [29/Apr/2026:10:21:09 -0400] "GET /shop/pg/28busy/47824 HTTP/1.1" 404 1251 "-" "Mozilla/5.0 (Linux; Android 6.0.1; Nexus 5X Build/MMB29P) AppleWebKit/537.36 (KHTML, like Gecko) Chrome/147.0.7727.116 Mobile Safari/537.36 (compatible; Googlebot/2.1; +http://www.google.com/bot.html)"
66.249.69.160 - - [29/Apr/2026:10:21:48 -0400] "GET /shop/pg/118wife/882 HTTP/1.1" 404 1251 "-" "Mozilla/5.0 (Linux; Android 6.0.1; Nexus 5X Build/MMB29P) AppleWebKit/537.36 (KHTML, like Gecko) Chrome/147.0.7727.116 Mobile Safari/537.36 (compatible; Googlebot/2.1; +http://www.google.com/bot.html)"
66.249.69.162 - - [29/Apr/2026:10:22:01 -0400] "GET /shop/pg/273teenage/18705 HTTP/1.1" 404 1251 "-" "Mozilla/5.0 (Linux; Android 6.0.1; Nexus 5X Build/MMB29P) AppleWebKit/537.36 (KHTML, like Gecko) Chrome/147.0.7727.116 Mobile Safari/537.36 (compatible; Googlebot/2.1; +http://www.google.com/bot.html)"
66.249.69.160 - - [29/Apr/2026:10:22:27 -0400] "GET /shop/pg/30withdrawal/44026 HTTP/1.1" 404 1251 "-" "Mozilla/5.0 (Linux; Android 6.0.1; Nexus 5X Build/MMB29P) AppleWebKit/537.36 (KHTML, like Gecko) Chrome/147.0.7727.116 Mobile Safari/537.36 (compatible; Googlebot/2.1; +http://www.google.com/bot.html)"
66.249.69.161 - - [29/Apr/2026:10:22:14 -0400] "GET /shop/pg/106array/16692 HTTP/1.1" 404 1251 "-" "Mozilla/5.0 (Linux; Android 6.0.1; Nexus 5X Build/MMB29P) AppleWebKit/537.36 (KHTML, like Gecko) Chrome/147.0.7727.116 Mobile Safari/537.36 (compatible; Googlebot/2.1; +http://www.google.com/bot.html)"
66.249.69.160 - - [29/Apr/2026:10:23:25 -0400] "GET /shop/pg/178frustrate/22240 HTTP/1.1" 404 1251 "-" "Mozilla/5.0 (Linux; Android 6.0.1; Nexus 5X Build/MMB29P) AppleWebKit/537.36 (KHTML, like Gecko) Chrome/147.0.7727.116 Mobile Safari/537.36 (compatible; Googlebot/2.1; +http://www.google.com/bot.html)"
66.249.69.160 - - [29/Apr/2026:10:23:29 -0400] "GET /shop/pg/151nose/5523 HTTP/1.1" 404 1251 "-" "Mozilla/5.0 (Linux; Android 6.0.1; Nexus 5X Build/MMB29P) AppleWebKit/537.36 (KHTML, like Gecko) Chrome/147.0.7727.116 Mobile Safari/537.36 (compatible; Googlebot/2.1; +http://www.google.com/bot.html)"
66.249.69.160 - - [29/Apr/2026:10:23:49 -0400] "GET /shop/pg/228controversy/9088 HTTP/1.1" 404 1251 "-" "Mozilla/5.0 (Linux; Android 6.0.1; Nexus 5X Build/MMB29P) AppleWebKit/537.36 (KHTML, like Gecko) Chrome/147.0.7727.116 Mobile Safari/537.36 (compatible; Googlebot/2.1; +http://www.google.com/bot.html)"
190.34.18.158 - - [29/Apr/2026:10:23:57 -0400] "GET /wp-content/plugins/contact-form-7/includes/css/styles.css?ver=6.1.3 HTTP/1.1" 200 899 "-" "Mozilla/5.0 (Linux; Android 10; K) AppleWebKit/537.36 (KHTML, like Gecko) Chrome/147.0.0.0 Mobile Safari/537.36"
190.34.18.158 - - [29/Apr/2026:10:23:57 -0400] "GET /wp-includes/css/dist/block-library/style.min.css?ver=6.8.5 HTTP/1.1" 200 14360 "-" "Mozilla/5.0 (Linux; Android 10; K) AppleWebKit/537.36 (KHTML, like Gecko) Chrome/147.0.0.0 Mobile Safari/537.36"
190.34.18.158 - - [29/Apr/2026:10:23:57 -0400] "GET /wp-content/plugins/LayerSlider/assets/static/layerslider/css/layerslider.css?ver=7.15.1 HTTP/1.1" 200 5417 "-" "Mozilla/5.0 (Linux; Android 10; K) AppleWebKit/537.36 (KHTML, like Gecko) Chrome/147.0.0.0 Mobile Safari/537.36"
66.249.69.160 - - [29/Apr/2026:10:23:57 -0400] "GET /shop/pg/168say/4886 HTTP/1.1" 404 1251 "-" "Mozilla/5.0 (Linux; Android 6.0.1; Nexus 5X Build/MMB29P) AppleWebKit/537.36 (KHTML, like Gecko) Chrome/147.0.7727.116 Mobile Safari/537.36 (compatible; Googlebot/2.1; +http://www.google.com/bot.html)"
190.34.18.158 - - [29/Apr/2026:10:23:57 -0400] "GET /_autoindex/assets/js/tablesort.number.js HTTP/1.1" 200 322 "https://www.vive.com.pa/" "Mozilla/5.0 (Linux; Android 10; K) AppleWebKit/537.36 (KHTML, like Gecko) Chrome/147.0.0.0 Mobile Safari/537.36"
190.34.18.158 - - [29/Apr/2026:10:23:57 -0400] "GET /_autoindex/assets/icons/folder-fill.svg HTTP/1.1" 200 333 "https://www.vive.com.pa/" "Mozilla/5.0 (Linux; Android 10; K) AppleWebKit/537.36 (KHTML, like Gecko) Chrome/147.0.0.0 Mobile Safari/537.36"
190.34.18.158 - - [29/Apr/2026:10:23:58 -0400] "GET /_autoindex/assets/icons/file-text.svg HTTP/1.1" 200 394 "https://www.vive.com.pa/" "Mozilla/5.0 (Linux; Android 10; K) AppleWebKit/537.36 (KHTML, like Gecko) Chrome/147.0.0.0 Mobile Safari/537.36"
190.34.18.158 - - [29/Apr/2026:10:23:58 -0400] "GET /favicon.ico HTTP/1.1" 404 1251 "https://www.vive.com.pa/" "Mozilla/5.0 (Linux; Android 10; K) AppleWebKit/537.36 (KHTML, like Gecko) Chrome/147.0.0.0 Mobile Safari/537.36"
190.34.18.158 - - [29/Apr/2026:10:24:11 -0400] "GET /contacto/ HTTP/1.1" 200 537 "https://www.vive.com.pa/" "Mozilla/5.0 (Linux; Android 10; K) AppleWebKit/537.36 (KHTML, like Gecko) Chrome/147.0.0.0 Mobile Safari/537.36"
190.34.18.158 - - [29/Apr/2026:10:24:11 -0400] "GET /_autoindex/assets/icons/corner-left-up.svg HTTP/1.1" 200 328 "https://www.vive.com.pa/contacto/" "Mozilla/5.0 (Linux; Android 10; K) AppleWebKit/537.36 (KHTML, like Gecko) Chrome/147.0.0.0 Mobile Safari/537.36"
190.34.18.158 - - [29/Apr/2026:10:24:16 -0400] "GET / HTTP/1.1" 200 0 "https://www.vive.com.pa/contacto/" "Mozilla/5.0 (Linux; Android 10; K) AppleWebKit/537.36 (KHTML, like Gecko) Chrome/147.0.0.0 Mobile Safari/537.36"
190.34.18.158 - - [29/Apr/2026:10:24:16 -0400] "GET / HTTP/1.1" 200 2087 "https://www.vive.com.pa/contacto/" "Mozilla/5.0 (Linux; Android 10; K) AppleWebKit/537.36 (KHTML, like Gecko) Chrome/147.0.0.0 Mobile Safari/537.36"
66.249.69.161 - - [29/Apr/2026:10:24:20 -0400] "GET /shop/pg/4wind/6108 HTTP/1.1" 404 1251 "-" "Mozilla/5.0 (Linux; Android 6.0.1; Nexus 5X Build/MMB29P) AppleWebKit/537.36 (KHTML, like Gecko) Chrome/147.0.7727.116 Mobile Safari/537.36 (compatible; Googlebot/2.1; +http://www.google.com/bot.html)"
66.249.69.160 - - [29/Apr/2026:10:24:20 -0400] "GET /shop/pg/49tragedy/15205 HTTP/1.1" 404 1251 "-" "Mozilla/5.0 (Linux; Android 6.0.1; Nexus 5X Build/MMB29P) AppleWebKit/537.36 (KHTML, like Gecko) Chrome/147.0.7727.116 Mobile Safari/537.36 (compatible; Googlebot/2.1; +http://www.google.com/bot.html)"
198.54.125.254 - - [29/Apr/2026:10:24:21 -0400] "POST /Cursos-y-Capacitaciones/wp-cron.php?doing_wp_cron=1777472661.4821319580078125000000 HTTP/1.1" 403 1242 "-" "WordPress/6.9.4; https://vive.com.pa/Cursos-y-Capacitaciones"
190.34.18.158 - - [29/Apr/2026:10:24:18 -0400] "GET /Cursos-y-Capacitaciones/ HTTP/1.1" 301 0 "https://www.vive.com.pa/" "Mozilla/5.0 (Linux; Android 10; K) AppleWebKit/537.36 (KHTML, like Gecko) Chrome/147.0.0.0 Mobile Safari/537.36"
198.54.125.254 - - [29/Apr/2026:10:24:21 -0400] "POST /Cursos-y-Capacitaciones/wp-cron.php?doing_wp_cron=1777472661.8506069183349609375000 HTTP/1.1" 403 1242 "-" "WordPress/6.9.4; https://vive.com.pa/Cursos-y-Capacitaciones"
190.34.18.158 - - [29/Apr/2026:10:24:21 -0400] "GET /Cursos-y-Capacitaciones/ HTTP/1.1" 200 21509 "https://www.vive.com.pa/" "Mozilla/5.0 (Linux; Android 10; K) AppleWebKit/537.36 (KHTML, like Gecko) Chrome/147.0.0.0 Mobile Safari/537.36"
66.249.69.160 - - [29/Apr/2026:10:24:36 -0400] "GET /shop/pg/104bull/46110 HTTP/1.1" 404 1251 "-" "Mozilla/5.0 (Linux; Android 6.0.1; Nexus 5X Build/MMB29P) AppleWebKit/537.36 (KHTML, like Gecko) Chrome/147.0.7727.116 Mobile Safari/537.36 (compatible; Googlebot/2.1; +http://www.google.com/bot.html)"
66.249.69.160 - - [29/Apr/2026:10:24:49 -0400] "GET /shop/pg/294Thanksgiving/39414 HTTP/1.1" 404 1251 "-" "Mozilla/5.0 (Linux; Android 6.0.1; Nexus 5X Build/MMB29P) AppleWebKit/537.36 (KHTML, like Gecko) Chrome/147.0.7727.116 Mobile Safari/537.36 (compatible; Googlebot/2.1; +http://www.google.com/bot.html)"
66.249.69.162 - - [29/Apr/2026:10:25:10 -0400] "GET /shop/pg/287designer/37845 HTTP/1.1" 404 1251 "-" "Mozilla/5.0 (Linux; Android 6.0.1; Nexus 5X Build/MMB29P) AppleWebKit/537.36 (KHTML, like Gecko) Chrome/147.0.7727.116 Mobile Safari/537.36 (compatible; Googlebot/2.1; +http://www.google.com/bot.html)"
66.249.69.160 - - [29/Apr/2026:10:25:10 -0400] "GET /shop/pg/216graduate/600 HTTP/1.1" 404 1251 "-" "Mozilla/5.0 (Linux; Android 6.0.1; Nexus 5X Build/MMB29P) AppleWebKit/537.36 (KHTML, like Gecko) Chrome/147.0.7727.116 Mobile Safari/537.36 (compatible; Googlebot/2.1; +http://www.google.com/bot.html)"
66.249.69.162 - - [29/Apr/2026:10:25:11 -0400] "GET /shop/pg/215steel/2403 HTTP/1.1" 404 1251 "-" "Mozilla/5.0 (Linux; Android 6.0.1; Nexus 5X Build/MMB29P) AppleWebKit/537.36 (KHTML, like Gecko) Chrome/147.0.7727.116 Mobile Safari/537.36 (compatible; Googlebot/2.1; +http://www.google.com/bot.html)"
66.249.69.161 - - [29/Apr/2026:10:25:20 -0400] "GET /shop/pg/129alone/13271 HTTP/1.1" 404 1251 "-" "Mozilla/5.0 (Linux; Android 6.0.1; Nexus 5X Build/MMB29P) AppleWebKit/537.36 (KHTML, like Gecko) Chrome/147.0.7727.116 Mobile Safari/537.36 (compatible; Googlebot/2.1; +http://www.google.com/bot.html)"
69.30.215.34 - - [29/Apr/2026:10:25:25 -0400] "GET /wp-content/x4d8432/index.php HTTP/1.1" 404 1251 "https://vive.com.pa/wp-content/x4d8432/index.php" "Mozilla/5.0 (Windows NT 10.0; Win64; x64) AppleWebKit/537.36 (KHTML, like Gecko) Chrome/58.0.3029.110 Safari/537.3"
66.249.69.160 - - [29/Apr/2026:10:22:40 -0400] "GET /shop/pg/256plaintiff/49048 HTTP/1.1" 404 1251 "-" "Mozilla/5.0 (Linux; Android 6.0.1; Nexus 5X Build/MMB29P) AppleWebKit/537.36 (KHTML, like Gecko) Chrome/147.0.7727.116 Mobile Safari/537.36 (compatible; Googlebot/2.1; +http://www.google.com/bot.html)"
114.119.135.254 - - [29/Apr/2026:10:22:41 -0400] "GET /contacto/?C=D%3BO%3DA HTTP/1.1" 200 672 "https://www.aslightdies.com/?C=D%3BO%3DA" "Mozilla/5.0 (Linux; Android 7.0;) AppleWebKit/537.36 (HTML, like Gecko) Mobile Safari/537.36 (compatible; PetalBot;+https://webmaster.petalsearch.com/site/petalbot)"
66.249.69.160 - - [29/Apr/2026:10:22:53 -0400] "GET /shop/pg/157or/21515 HTTP/1.1" 404 1251 "-" "Mozilla/5.0 (Linux; Android 6.0.1; Nexus 5X Build/MMB29P) AppleWebKit/537.36 (KHTML, like Gecko) Chrome/147.0.7727.116 Mobile Safari/537.36 (compatible; Googlebot/2.1; +http://www.google.com/bot.html)"
66.249.69.160 - - [29/Apr/2026:10:23:06 -0400] "GET /shop/pg/85toss/38427 HTTP/1.1" 404 1251 "-" "Mozilla/5.0 (Linux; Android 6.0.1; Nexus 5X Build/MMB29P) AppleWebKit/537.36 (KHTML, like Gecko) Chrome/147.0.7727.116 Mobile Safari/537.36 (compatible; Googlebot/2.1; +http://www.google.com/bot.html)"
66.249.69.161 - - [29/Apr/2026:10:23:26 -0400] "GET /shop/pg/260port/13390 HTTP/1.1" 404 1251 "-" "Mozilla/5.0 (Linux; Android 6.0.1; Nexus 5X Build/MMB29P) AppleWebKit/537.36 (KHTML, like Gecko) Chrome/147.0.7727.116 Mobile Safari/537.36 (compatible; Googlebot/2.1; +http://www.google.com/bot.html)"
66.249.69.160 - - [29/Apr/2026:10:23:39 -0400] "GET /shop/pg/80crawl/11340 HTTP/1.1" 404 1251 "-" "Mozilla/5.0 (Linux; Android 6.0.1; Nexus 5X Build/MMB29P) AppleWebKit/537.36 (KHTML, like Gecko) Chrome/147.0.7727.116 Mobile Safari/537.36 (compatible; Googlebot/2.1; +http://www.google.com/bot.html)"
66.249.69.160 - - [29/Apr/2026:10:23:48 -0400] "GET /shop/pg/77waste/33647 HTTP/1.1" 404 1251 "-" "Mozilla/5.0 (Linux; Android 6.0.1; Nexus 5X Build/MMB29P) AppleWebKit/537.36 (KHTML, like Gecko) Chrome/147.0.7727.116 Mobile Safari/537.36 (compatible; Googlebot/2.1; +http://www.google.com/bot.html)"
190.34.18.158 - - [29/Apr/2026:10:23:57 -0400] "GET / HTTP/1.1" 200 2051 "https://www.linkedin.com/" "Mozilla/5.0 (Linux; Android 10; K) AppleWebKit/537.36 (KHTML, like Gecko) Chrome/147.0.0.0 Mobile Safari/537.36"
190.34.18.158 - - [29/Apr/2026:10:23:57 -0400] "GET /_autoindex/assets/css/autoindex.css HTTP/1.1" 200 1170 "https://www.vive.com.pa/" "Mozilla/5.0 (Linux; Android 10; K) AppleWebKit/537.36 (KHTML, like Gecko) Chrome/147.0.0.0 Mobile Safari/537.36"
190.34.18.158 - - [29/Apr/2026:10:23:57 -0400] "GET /_autoindex/assets/js/tablesort.js HTTP/1.1" 200 2137 "https://www.vive.com.pa/" "Mozilla/5.0 (Linux; Android 10; K) AppleWebKit/537.36 (KHTML, like Gecko) Chrome/147.0.0.0 Mobile Safari/537.36"
190.34.18.158 - - [29/Apr/2026:10:23:58 -0400] "GET /_autoindex/assets/icons/file.svg HTTP/1.1" 200 354 "https://www.vive.com.pa/" "Mozilla/5.0 (Linux; Android 10; K) AppleWebKit/537.36 (KHTML, like Gecko) Chrome/147.0.0.0 Mobile Safari/537.36"
198.54.125.254 - - [29/Apr/2026:10:24:21 -0400] "POST /Cursos-y-Capacitaciones/wp-cron.php?doing_wp_cron=1777472661.4524989128112792968750 HTTP/1.1" 403 1242 "-" "WordPress/6.9.4; https://vive.com.pa/Cursos-y-Capacitaciones"
66.249.69.160 - - [29/Apr/2026:10:24:25 -0400] "GET /shop/pg/223religious/4515 HTTP/1.1" 404 1251 "-" "Mozilla/5.0 (Linux; Android 6.0.1; Nexus 5X Build/MMB29P) AppleWebKit/537.36 (KHTML, like Gecko) Chrome/147.0.7727.116 Mobile Safari/537.36 (compatible; Googlebot/2.1; +http://www.google.com/bot.html)"
66.249.69.160 - - [29/Apr/2026:10:25:20 -0400] "GET /shop/pg/36stimulate/29640 HTTP/1.1" 404 1251 "-" "Mozilla/5.0 (Linux; Android 6.0.1; Nexus 5X Build/MMB29P) AppleWebKit/537.36 (KHTML, like Gecko) Chrome/147.0.7727.116 Mobile Safari/537.36 (compatible; Googlebot/2.1; +http://www.google.com/bot.html)"
66.249.69.160 - - [29/Apr/2026:10:25:33 -0400] "GET /shop/pg/60become/7910 HTTP/1.1" 404 1251 "-" "Mozilla/5.0 (Linux; Android 6.0.1; Nexus 5X Build/MMB29P) AppleWebKit/537.36 (KHTML, like Gecko) Chrome/147.0.7727.116 Mobile Safari/537.36 (compatible; Googlebot/2.1; +http://www.google.com/bot.html)"
66.249.69.160 - - [29/Apr/2026:10:25:34 -0400] "GET /167021204.html HTTP/1.1" 404 1251 "-" "Mozilla/5.0 (Linux; Android 6.0.1; Nexus 5X Build/MMB29P) AppleWebKit/537.36 (KHTML, like Gecko) Chrome/147.0.7727.116 Mobile Safari/537.36 (compatible; Googlebot/2.1; +http://www.google.com/bot.html)"
3.133.103.88 - - [29/Apr/2026:10:25:40 -0400] "GET /robots.txt HTTP/1.1" 200 106 "-" "Mozilla/5.0 (Macintosh; Intel Mac OS X 10_15_7) AppleWebKit/537.36 (KHTML, like Gecko) Chrome/131.0.0.0 Safari/537.36; ClaudeBot/1.0; +claudebot@anthropic.com)"
23.178.112.108 - - [29/Apr/2026:10:26:35 -0400] "GET /.well-known/acme-challenge/eidq0O1s0b7jjOKEGzYhESJLqOaihte3-X9KTpNyciI HTTP/1.1" 404 1251 "http://vive.com.pa/.well-known/acme-challenge/eidq0O1s0b7jjOKEGzYhESJLqOaihte3-X9KTpNyciI" "Mozilla/5.0 (compatible; Let's Encrypt validation server; +https://www.letsencrypt.org)"
66.249.75.74 - - [29/Apr/2026:10:26:36 -0400] "GET /?jp/166039622.html HTTP/1.1" 200 2087 "-" "Mozilla/5.0 (Linux; Android 6.0.1; Nexus 5X Build/MMB29P) AppleWebKit/537.36 (KHTML, like Gecko) Chrome/147.0.7727.116 Mobile Safari/537.36 (compatible; Googlebot/2.1; +http://www.google.com/bot.html)"
66.249.69.160 - - [29/Apr/2026:10:26:46 -0400] "GET /shop/pg/142despite/15182 HTTP/1.1" 404 1251 "-" "Mozilla/5.0 (Linux; Android 6.0.1; Nexus 5X Build/MMB29P) AppleWebKit/537.36 (KHTML, like Gecko) Chrome/147.0.7727.116 Mobile Safari/537.36 (compatible; Googlebot/2.1; +http://www.google.com/bot.html)"
66.249.69.160 - - [29/Apr/2026:10:26:55 -0400] "GET /124018035.html HTTP/1.1" 404 1251 "-" "Mozilla/5.0 (Linux; Android 6.0.1; Nexus 5X Build/MMB29P) AppleWebKit/537.36 (KHTML, like Gecko) Chrome/147.0.7727.116 Mobile Safari/537.36 (compatible; Googlebot/2.1; +http://www.google.com/bot.html)"
66.249.69.161 - - [29/Apr/2026:10:27:14 -0400] "GET /shop/pg/195rough/48019 HTTP/1.1" 404 1251 "-" "Mozilla/5.0 (Linux; Android 6.0.1; Nexus 5X Build/MMB29P) AppleWebKit/537.36 (KHTML, like Gecko) Chrome/147.0.7727.116 Mobile Safari/537.36 (compatible; Googlebot/2.1; +http://www.google.com/bot.html)"
66.249.69.160 - - [29/Apr/2026:10:27:37 -0400] "GET /shop/pg/156angel/4174 HTTP/1.1" 404 1251 "-" "Mozilla/5.0 (Linux; Android 6.0.1; Nexus 5X Build/MMB29P) AppleWebKit/537.36 (KHTML, like Gecko) Chrome/147.0.7727.116 Mobile Safari/537.36 (compatible; Googlebot/2.1; +http://www.google.com/bot.html)"
66.249.69.160 - - [29/Apr/2026:10:27:50 -0400] "GET /shop/pg/191oclock/27839 HTTP/1.1" 404 1251 "-" "Mozilla/5.0 (Linux; Android 6.0.1; Nexus 5X Build/MMB29P) AppleWebKit/537.36 (KHTML, like Gecko) Chrome/147.0.7727.116 Mobile Safari/537.36 (compatible; Googlebot/2.1; +http://www.google.com/bot.html)"
66.249.69.160 - - [29/Apr/2026:10:28:03 -0400] "GET /shop/pg/57subject/2111 HTTP/1.1" 404 1251 "-" "Mozilla/5.0 (Linux; Android 6.0.1; Nexus 5X Build/MMB29P) AppleWebKit/537.36 (KHTML, like Gecko) Chrome/147.0.7727.116 Mobile Safari/537.36 (compatible; Googlebot/2.1; +http://www.google.com/bot.html)"
66.249.69.160 - - [29/Apr/2026:10:28:34 -0400] "GET /shop/pg/86reason/24286 HTTP/1.1" 404 1251 "-" "Mozilla/5.0 (Linux; Android 6.0.1; Nexus 5X Build/MMB29P) AppleWebKit/537.36 (KHTML, like Gecko) Chrome/147.0.7727.116 Mobile Safari/537.36 (compatible; Googlebot/2.1; +http://www.google.com/bot.html)"
66.249.69.160 - - [29/Apr/2026:10:28:35 -0400] "GET /shop/pg/185comment/48973 HTTP/1.1" 404 1251 "-" "Mozilla/5.0 (Linux; Android 6.0.1; Nexus 5X Build/MMB29P) AppleWebKit/537.36 (KHTML, like Gecko) Chrome/147.0.7727.116 Mobile Safari/537.36 (compatible; Googlebot/2.1; +http://www.google.com/bot.html)"
3.133.103.88 - - [29/Apr/2026:10:25:40 -0400] "GET /program/ HTTP/1.1" 404 1251 "-" "Mozilla/5.0 (Macintosh; Intel Mac OS X 10_15_7) AppleWebKit/537.36 (KHTML, like Gecko) Chrome/131.0.0.0 Safari/537.36; ClaudeBot/1.0; +claudebot@anthropic.com)"
66.249.69.160 - - [29/Apr/2026:10:25:41 -0400] "GET /shop/pg/2predict/11948 HTTP/1.1" 404 1251 "-" "Mozilla/5.0 (Linux; Android 6.0.1; Nexus 5X Build/MMB29P) AppleWebKit/537.36 (KHTML, like Gecko) Chrome/147.0.7727.116 Mobile Safari/537.36 (compatible; Googlebot/2.1; +http://www.google.com/bot.html)"
66.249.69.160 - - [29/Apr/2026:10:25:59 -0400] "GET /shop/pg/285from/10415 HTTP/1.1" 404 1251 "-" "Mozilla/5.0 (Linux; Android 6.0.1; Nexus 5X Build/MMB29P) AppleWebKit/537.36 (KHTML, like Gecko) Chrome/147.0.7727.116 Mobile Safari/537.36 (compatible; Googlebot/2.1; +http://www.google.com/bot.html)"
66.249.69.160 - - [29/Apr/2026:10:26:09 -0400] "GET /shop/pg/241soul/16467 HTTP/1.1" 404 1251 "-" "Mozilla/5.0 (Linux; Android 6.0.1; Nexus 5X Build/MMB29P) AppleWebKit/537.36 (KHTML, like Gecko) Chrome/147.0.7727.116 Mobile Safari/537.36 (compatible; Googlebot/2.1; +http://www.google.com/bot.html)"
14.174.146.61 - - [29/Apr/2026:10:26:12 -0400] "GET /feed/ HTTP/1.1" 404 1251 "-" "Mozilla/5.0 (Linux; Android 4.2.2) AppleWebKit/532.0 (KHTML, like Gecko) Chrome/26.0.868.0 Safari/532.0"
66.249.69.160 - - [29/Apr/2026:10:26:27 -0400] "GET /shop/pg/106pencil/39488 HTTP/1.1" 404 1251 "-" "Mozilla/5.0 (Linux; Android 6.0.1; Nexus 5X Build/MMB29P) AppleWebKit/537.36 (KHTML, like Gecko) Chrome/147.0.7727.116 Mobile Safari/537.36 (compatible; Googlebot/2.1; +http://www.google.com/bot.html)"
66.249.69.160 - - [29/Apr/2026:10:26:36 -0400] "GET /shop/pg/100reminder/29658 HTTP/1.1" 404 1251 "-" "Mozilla/5.0 (Linux; Android 6.0.1; Nexus 5X Build/MMB29P) AppleWebKit/537.36 (KHTML, like Gecko) Chrome/147.0.7727.116 Mobile Safari/537.36 (compatible; Googlebot/2.1; +http://www.google.com/bot.html)"
66.249.69.160 - - [29/Apr/2026:10:27:04 -0400] "GET /shop/pg/182reserve/29472 HTTP/1.1" 404 1251 "-" "Mozilla/5.0 (Linux; Android 6.0.1; Nexus 5X Build/MMB29P) AppleWebKit/537.36 (KHTML, like Gecko) Chrome/147.0.7727.116 Mobile Safari/537.36 (compatible; Googlebot/2.1; +http://www.google.com/bot.html)"
66.249.69.160 - - [29/Apr/2026:10:27:13 -0400] "GET /shop/pg/265resource/40629 HTTP/1.1" 404 1251 "-" "Mozilla/5.0 (Linux; Android 6.0.1; Nexus 5X Build/MMB29P) AppleWebKit/537.36 (KHTML, like Gecko) Chrome/147.0.7727.116 Mobile Safari/537.36 (compatible; Googlebot/2.1; +http://www.google.com/bot.html)"
66.249.69.160 - - [29/Apr/2026:10:27:24 -0400] "GET /shop/pg/161control/34861 HTTP/1.1" 404 1251 "-" "Mozilla/5.0 (Linux; Android 6.0.1; Nexus 5X Build/MMB29P) AppleWebKit/537.36 (KHTML, like Gecko) Chrome/147.0.7727.116 Mobile Safari/537.36 (compatible; Googlebot/2.1; +http://www.google.com/bot.html)"
66.249.69.161 - - [29/Apr/2026:10:28:16 -0400] "GET /shop/pg/137add/41537 HTTP/1.1" 404 1251 "-" "Mozilla/5.0 (Linux; Android 6.0.1; Nexus 5X Build/MMB29P) AppleWebKit/537.36 (KHTML, like Gecko) Chrome/147.0.7727.116 Mobile Safari/537.36 (compatible; Googlebot/2.1; +http://www.google.com/bot.html)"
66.249.69.160 - - [29/Apr/2026:10:28:35 -0400] "GET /shop/pg/232front/17630 HTTP/1.1" 404 1251 "-" "Mozilla/5.0 (Linux; Android 6.0.1; Nexus 5X Build/MMB29P) AppleWebKit/537.36 (KHTML, like Gecko) Chrome/147.0.7727.116 Mobile Safari/537.36 (compatible; Googlebot/2.1; +http://www.google.com/bot.html)"
66.249.69.160 - - [29/Apr/2026:10:28:54 -0400] "GET /shop/pg/64straighten/41048 HTTP/1.1" 404 1251 "-" "Mozilla/5.0 (Linux; Android 6.0.1; Nexus 5X Build/MMB29P) AppleWebKit/537.36 (KHTML, like Gecko) Chrome/147.0.7727.116 Mobile Safari/537.36 (compatible; Googlebot/2.1; +http://www.google.com/bot.html)"
66.249.69.161 - - [29/Apr/2026:10:29:01 -0400] "GET /shop/pg/64sensation/2946 HTTP/1.1" 404 1251 "-" "Mozilla/5.0 (Linux; Android 6.0.1; Nexus 5X Build/MMB29P) AppleWebKit/537.36 (KHTML, like Gecko) Chrome/147.0.7727.116 Mobile Safari/537.36 (compatible; Googlebot/2.1; +http://www.google.com/bot.html)"
185.242.226.70 - - [29/Apr/2026:10:29:03 -0400] "GET / HTTP/1.1" 200 2415 "-" "Mozilla/5.0 (Windows NT 10.0; Win64; x64) AppleWebKit/537.36 (KHTML, like Gecko) Chrome/88.0.4324.190 Safari/537.36"
66.249.69.160 - - [29/Apr/2026:10:29:07 -0400] "GET /shop/pg/197survive/21531 HTTP/1.1" 404 1251 "-" "Mozilla/5.0 (Linux; Android 6.0.1; Nexus 5X Build/MMB29P) AppleWebKit/537.36 (KHTML, like Gecko) Chrome/147.0.7727.116 Mobile Safari/537.36 (compatible; Googlebot/2.1; +http://www.google.com/bot.html)"
101.32.15.141 - - [29/Apr/2026:10:29:50 -0400] "GET /google724cdcc689c24e05.html HTTP/1.1" 200 53 "-" "Mozilla/5.0 (iPhone; CPU iPhone OS 13_2_3 like Mac OS X) AppleWebKit/605.1.15 (KHTML, like Gecko) Version/13.0.3 Mobile/15E148 Safari/604.1"
66.249.69.160 - - [29/Apr/2026:10:29:51 -0400] "GET /shop/pg/144airplane/10380 HTTP/1.1" 404 1251 "-" "Mozilla/5.0 (Linux; Android 6.0.1; Nexus 5X Build/MMB29P) AppleWebKit/537.36 (KHTML, like Gecko) Chrome/147.0.7727.116 Mobile Safari/537.36 (compatible; Googlebot/2.1; +http://www.google.com/bot.html)"
66.249.69.161 - - [29/Apr/2026:10:30:00 -0400] "GET /shop/pg/32crucial/8280 HTTP/1.1" 404 1251 "-" "Mozilla/5.0 (Linux; Android 6.0.1; Nexus 5X Build/MMB29P) AppleWebKit/537.36 (KHTML, like Gecko) Chrome/147.0.7727.116 Mobile Safari/537.36 (compatible; Googlebot/2.1; +http://www.google.com/bot.html)"
66.249.69.160 - - [29/Apr/2026:10:30:01 -0400] "GET /shop/pg/202deliberately/41016 HTTP/1.1" 404 1251 "-" "Mozilla/5.0 (Linux; Android 6.0.1; Nexus 5X Build/MMB29P) AppleWebKit/537.36 (KHTML, like Gecko) Chrome/147.0.7727.116 Mobile Safari/537.36 (compatible; Googlebot/2.1; +http://www.google.com/bot.html)"
66.249.69.162 - - [29/Apr/2026:10:30:02 -0400] "GET /shop/pg/30disc/19370 HTTP/1.1" 404 1251 "-" "Mozilla/5.0 (Linux; Android 6.0.1; Nexus 5X Build/MMB29P) AppleWebKit/537.36 (KHTML, like Gecko) Chrome/147.0.7727.116 Mobile Safari/537.36 (compatible; Googlebot/2.1; +http://www.google.com/bot.html)"
66.249.69.160 - - [29/Apr/2026:10:30:25 -0400] "GET /shop/pg/121housing/37293 HTTP/1.1" 404 1251 "-" "Mozilla/5.0 (Linux; Android 6.0.1; Nexus 5X Build/MMB29P) AppleWebKit/537.36 (KHTML, like Gecko) Chrome/147.0.7727.116 Mobile Safari/537.36 (compatible; Googlebot/2.1; +http://www.google.com/bot.html)"
66.249.69.160 - - [29/Apr/2026:10:30:38 -0400] "GET /shop/pg/247holiday/585 HTTP/1.1" 404 1251 "-" "Mozilla/5.0 (Linux; Android 6.0.1; Nexus 5X Build/MMB29P) AppleWebKit/537.36 (KHTML, like Gecko) Chrome/147.0.7727.116 Mobile Safari/537.36 (compatible; Googlebot/2.1; +http://www.google.com/bot.html)"
66.249.69.160 - - [29/Apr/2026:10:31:03 -0400] "GET /shop/pg/45via/19099 HTTP/1.1" 404 1251 "-" "Mozilla/5.0 (Linux; Android 6.0.1; Nexus 5X Build/MMB29P) AppleWebKit/537.36 (KHTML, like Gecko) Chrome/147.0.7727.116 Mobile Safari/537.36 (compatible; Googlebot/2.1; +http://www.google.com/bot.html)"
66.249.75.75 - - [29/Apr/2026:10:31:32 -0400] "GET /?jp/276028102.html HTTP/1.1" 200 2087 "-" "Mozilla/5.0 (Linux; Android 6.0.1; Nexus 5X Build/MMB29P) AppleWebKit/537.36 (KHTML, like Gecko) Chrome/147.0.7727.116 Mobile Safari/537.36 (compatible; Googlebot/2.1; +http://www.google.com/bot.html)"
66.249.69.160 - - [29/Apr/2026:10:31:55 -0400] "GET /shop/pg/216divide/17636 HTTP/1.1" 404 1251 "-" "Mozilla/5.0 (Linux; Android 6.0.1; Nexus 5X Build/MMB29P) AppleWebKit/537.36 (KHTML, like Gecko) Chrome/147.0.7727.116 Mobile Safari/537.36 (compatible; Googlebot/2.1; +http://www.google.com/bot.html)"
66.249.69.162 - - [29/Apr/2026:10:32:08 -0400] "GET /shop/pg/251boast/3487 HTTP/1.1" 404 1251 "-" "Mozilla/5.0 (Linux; Android 6.0.1; Nexus 5X Build/MMB29P) AppleWebKit/537.36 (KHTML, like Gecko) Chrome/147.0.7727.116 Mobile Safari/537.36 (compatible; Googlebot/2.1; +http://www.google.com/bot.html)"
66.249.69.160 - - [29/Apr/2026:10:32:21 -0400] "GET /shop/pg/111marry/47591 HTTP/1.1" 404 1251 "-" "Mozilla/5.0 (Linux; Android 6.0.1; Nexus 5X Build/MMB29P) AppleWebKit/537.36 (KHTML, like Gecko) Chrome/147.0.7727.116 Mobile Safari/537.36 (compatible; Googlebot/2.1; +http://www.google.com/bot.html)"
66.249.69.160 - - [29/Apr/2026:10:28:41 -0400] "GET /shop/pg/35answer/14941 HTTP/1.1" 404 1251 "-" "Mozilla/5.0 (Linux; Android 6.0.1; Nexus 5X Build/MMB29P) AppleWebKit/537.36 (KHTML, like Gecko) Chrome/147.0.7727.116 Mobile Safari/537.36 (compatible; Googlebot/2.1; +http://www.google.com/bot.html)"
66.249.69.160 - - [29/Apr/2026:10:28:44 -0400] "GET /shop/pg/247eager/43199 HTTP/1.1" 404 1251 "-" "Mozilla/5.0 (Linux; Android 6.0.1; Nexus 5X Build/MMB29P) AppleWebKit/537.36 (KHTML, like Gecko) Chrome/147.0.7727.116 Mobile Safari/537.36 (compatible; Googlebot/2.1; +http://www.google.com/bot.html)"
216.73.217.4 - - [29/Apr/2026:10:29:07 -0400] "GET /goods.php HTTP/1.1" 404 1251 "-" "Mozilla/5.0 AppleWebKit/537.36 (KHTML, like Gecko; compatible; ClaudeBot/1.0; +claudebot@anthropic.com)"
66.249.69.160 - - [29/Apr/2026:10:29:20 -0400] "GET /shop/pg/55virtual/1001 HTTP/1.1" 404 1251 "-" "Mozilla/5.0 (Linux; Android 6.0.1; Nexus 5X Build/MMB29P) AppleWebKit/537.36 (KHTML, like Gecko) Chrome/147.0.7727.116 Mobile Safari/537.36 (compatible; Googlebot/2.1; +http://www.google.com/bot.html)"
66.249.69.160 - - [29/Apr/2026:10:29:42 -0400] "GET /shop/pg/211forward/42721 HTTP/1.1" 404 1251 "-" "Mozilla/5.0 (Linux; Android 6.0.1; Nexus 5X Build/MMB29P) AppleWebKit/537.36 (KHTML, like Gecko) Chrome/147.0.7727.116 Mobile Safari/537.36 (compatible; Googlebot/2.1; +http://www.google.com/bot.html)"
