190.119.60.43 - - [29/Apr/2026:08:56:44 -0400] "GET /wp-content/uploads/2025/wp-content/uploads/2025/06/ HTTP/1.1" 404 25192 "https://vive.com.pa/wp-content/uploads/2025/wp-content/uploads/2025/06/" "Mozilla/5.0 (Linux; Android 10; SM-A505FN) AppleWebKit/537.36 (KHTML, like Gecko) Chrome/91.0.4472.120 Mobile Safari/537.36"
190.119.60.43 - - [29/Apr/2026:08:56:45 -0400] "GET /wp-content/uploads/2025/wp-content/uploads/2025/09/ HTTP/1.1" 301 0 "http://vive.com.pa/wp-content/uploads/2025//wp-content/uploads/2025/09/" "Mozilla/5.0 (Macintosh; Intel Mac OS X 10_15_7) AppleWebKit/537.36 (KHTML, like Gecko) Chrome/91.0.4472.124 Safari/537.36"
190.119.60.43 - - [29/Apr/2026:08:56:46 -0400] "GET /wp-content/uploads/2025/wp-content/uploads/2025/10/ HTTP/1.1" 301 0 "http://vive.com.pa/wp-content/uploads/2025//wp-content/uploads/2025/10/" "Mozilla/5.0 (iPad; CPU OS 14_6 like Mac OS X) AppleWebKit/605.1.15 (KHTML, like Gecko) Version/14.1.1 Mobile/15E148 Safari/604.1"
190.119.60.43 - - [29/Apr/2026:08:56:47 -0400] "GET /wp-content/uploads/2025/wp-content/uploads/2025/10/ HTTP/1.1" 404 25197 "https://vive.com.pa/wp-content/uploads/2025/wp-content/uploads/2025/10/" "Mozilla/5.0 (iPad; CPU OS 14_6 like Mac OS X) AppleWebKit/605.1.15 (KHTML, like Gecko) Version/14.1.1 Mobile/15E148 Safari/604.1"
69.30.215.34 - - [29/Apr/2026:08:56:45 -0400] "GET /wp-content/x4d8432/index.php HTTP/1.1" 200 0 "https://vive.com.pa/wp-content/x4d8432/index.php" "Mozilla/5.0 (Windows NT 10.0; Win64; x64) AppleWebKit/537.36 (KHTML, like Gecko) Chrome/58.0.3029.110 Safari/537.3"
190.119.60.43 - - [29/Apr/2026:08:56:50 -0400] "GET /wp-content/uploads/2025/wp-content/uploads/2025/12/ HTTP/1.1" 404 25192 "https://vive.com.pa/wp-content/uploads/2025/wp-content/uploads/2025/12/" "Mozilla/5.0 (Windows NT 10.0; Win64; x64) AppleWebKit/537.36 (KHTML, like Gecko) Chrome/91.0.4472.124 Safari/537.36"
190.119.60.43 - - [29/Apr/2026:08:56:51 -0400] "GET /wp-content/uploads/2026/ HTTP/1.1" 200 833 "http://vive.com.pa/wp-content/uploads/2026/" "Mozilla/5.0 (Macintosh; Intel Mac OS X 10_15_7) AppleWebKit/537.36 (KHTML, like Gecko) Chrome/91.0.4472.124 Safari/537.36"
69.30.215.34 - - [29/Apr/2026:08:56:50 -0400] "GET /wp-content/x4d8432/index.php HTTP/1.1" 200 10 "https://vive.com.pa/wp-content/x4d8432/index.php" "Mozilla/5.0 (Windows NT 10.0; Win64; x64) AppleWebKit/537.36 (KHTML, like Gecko) Chrome/58.0.3029.110 Safari/537.3"
190.119.60.43 - - [29/Apr/2026:08:56:52 -0400] "GET /wp-content/uploads/2026/wp-content/uploads/2026/01/ HTTP/1.1" 404 25192 "https://vive.com.pa/wp-content/uploads/2026/wp-content/uploads/2026/01/" "Mozilla/5.0 (Windows NT 10.0; Win64; x64) AppleWebKit/537.36 (KHTML, like Gecko) Chrome/90.0.4430.212 Safari/537.36"
190.119.60.43 - - [29/Apr/2026:08:56:52 -0400] "GET /wp-content/uploads/2026/wp-content/uploads/2026/02/ HTTP/1.1" 301 0 "http://vive.com.pa/wp-content/uploads/2026//wp-content/uploads/2026/02/" "Mozilla/5.0 (Windows NT 10.0; Win64; x64) AppleWebKit/537.36 (KHTML, like Gecko) Chrome/92.0.4515.107 Safari/537.36"
190.119.60.43 - - [29/Apr/2026:08:56:53 -0400] "GET /wp-content/uploads/2026/wp-content/uploads/2026/02/ HTTP/1.1" 404 25192 "https://vive.com.pa/wp-content/uploads/2026/wp-content/uploads/2026/02/" "Mozilla/5.0 (Windows NT 10.0; Win64; x64) AppleWebKit/537.36 (KHTML, like Gecko) Chrome/92.0.4515.107 Safari/537.36"
66.249.69.160 - - [29/Apr/2026:08:57:01 -0400] "GET /026021893.html HTTP/1.1" 200 17493 "-" "Mozilla/5.0 (Linux; Android 6.0.1; Nexus 5X Build/MMB29P) AppleWebKit/537.36 (KHTML, like Gecko) Chrome/147.0.7727.116 Mobile Safari/537.36 (compatible; Googlebot/2.1; +http://www.google.com/bot.html)"
66.249.69.160 - - [29/Apr/2026:08:57:07 -0400] "GET /057043564.html HTTP/1.1" 200 20710 "-" "Mozilla/5.0 (Linux; Android 6.0.1; Nexus 5X Build/MMB29P) AppleWebKit/537.36 (KHTML, like Gecko) Chrome/147.0.7727.116 Mobile Safari/537.36 (compatible; Googlebot/2.1; +http://www.google.com/bot.html)"
66.249.69.160 - - [29/Apr/2026:08:57:14 -0400] "GET /170024927.html HTTP/1.1" 200 18648 "-" "Mozilla/5.0 (Linux; Android 6.0.1; Nexus 5X Build/MMB29P) AppleWebKit/537.36 (KHTML, like Gecko) Chrome/147.0.7727.116 Mobile Safari/537.36 (compatible; Googlebot/2.1; +http://www.google.com/bot.html)"
66.249.69.160 - - [29/Apr/2026:08:57:21 -0400] "GET /285037246.html HTTP/1.1" 200 19090 "-" "Mozilla/5.0 (Linux; Android 6.0.1; Nexus 5X Build/MMB29P) AppleWebKit/537.36 (KHTML, like Gecko) Chrome/147.0.7727.116 Mobile Safari/537.36 (compatible; Googlebot/2.1; +http://www.google.com/bot.html)"
66.249.69.160 - - [29/Apr/2026:08:57:28 -0400] "GET /150004439.html HTTP/1.1" 200 19535 "-" "Mozilla/5.0 (Linux; Android 6.0.1; Nexus 5X Build/MMB29P) AppleWebKit/537.36 (KHTML, like Gecko) Chrome/147.0.7727.116 Mobile Safari/537.36 (compatible; Googlebot/2.1; +http://www.google.com/bot.html)"
66.249.69.160 - - [29/Apr/2026:08:57:41 -0400] "GET /109040022.html HTTP/1.1" 200 19451 "-" "Mozilla/5.0 (Linux; Android 6.0.1; Nexus 5X Build/MMB29P) AppleWebKit/537.36 (KHTML, like Gecko) Chrome/147.0.7727.116 Mobile Safari/537.36 (compatible; Googlebot/2.1; +http://www.google.com/bot.html)"
66.249.69.160 - - [29/Apr/2026:08:57:55 -0400] "GET /038039109.html HTTP/1.1" 200 18630 "-" "Mozilla/5.0 (Linux; Android 6.0.1; Nexus 5X Build/MMB29P) AppleWebKit/537.36 (KHTML, like Gecko) Chrome/147.0.7727.116 Mobile Safari/537.36 (compatible; Googlebot/2.1; +http://www.google.com/bot.html)"
190.119.60.43 - - [29/Apr/2026:08:56:48 -0400] "GET /wp-content/uploads/2025/wp-content/uploads/2025/11/ HTTP/1.1" 301 0 "http://vive.com.pa/wp-content/uploads/2025//wp-content/uploads/2025/11/" "Mozilla/5.0 (Windows NT 10.0; Win64; x64) AppleWebKit/537.36 (KHTML, like Gecko) Chrome/90.0.4430.212 Safari/537.36"
190.119.60.43 - - [29/Apr/2026:08:56:48 -0400] "GET /wp-content/uploads/2025/wp-content/uploads/2025/11/ HTTP/1.1" 404 25193 "https://vive.com.pa/wp-content/uploads/2025/wp-content/uploads/2025/11/" "Mozilla/5.0 (Windows NT 10.0; Win64; x64) AppleWebKit/537.36 (KHTML, like Gecko) Chrome/90.0.4430.212 Safari/537.36"
190.119.60.43 - - [29/Apr/2026:08:56:49 -0400] "GET /wp-content/uploads/2025/wp-content/uploads/2025/12/ HTTP/1.1" 301 0 "http://vive.com.pa/wp-content/uploads/2025//wp-content/uploads/2025/12/" "Mozilla/5.0 (Windows NT 10.0; Win64; x64) AppleWebKit/537.36 (KHTML, like Gecko) Chrome/91.0.4472.124 Safari/537.36"
190.119.60.43 - - [29/Apr/2026:08:56:51 -0400] "GET /wp-content/uploads/2026/wp-content/uploads/2026/01/ HTTP/1.1" 301 0 "http://vive.com.pa/wp-content/uploads/2026//wp-content/uploads/2026/01/" "Mozilla/5.0 (Windows NT 10.0; Win64; x64) AppleWebKit/537.36 (KHTML, like Gecko) Chrome/90.0.4430.212 Safari/537.36"
190.119.60.43 - - [29/Apr/2026:08:56:54 -0400] "GET /wp-content/uploads/2026/wp-content/uploads/2026/03/ HTTP/1.1" 301 0 "http://vive.com.pa/wp-content/uploads/2026//wp-content/uploads/2026/03/" "Mozilla/5.0 (Windows NT 10.0; Win64; x64) AppleWebKit/537.36 (KHTML, like Gecko) Chrome/90.0.4430.212 Safari/537.36"
190.119.60.43 - - [29/Apr/2026:08:56:54 -0400] "GET /wp-content/uploads/2026/wp-content/uploads/2026/03/ HTTP/1.1" 404 25192 "https://vive.com.pa/wp-content/uploads/2026/wp-content/uploads/2026/03/" "Mozilla/5.0 (Windows NT 10.0; Win64; x64) AppleWebKit/537.36 (KHTML, like Gecko) Chrome/90.0.4430.212 Safari/537.36"
66.249.69.160 - - [29/Apr/2026:08:56:55 -0400] "GET /076001217.html HTTP/1.1" 200 18732 "-" "Mozilla/5.0 (Linux; Android 6.0.1; Nexus 5X Build/MMB29P) AppleWebKit/537.36 (KHTML, like Gecko) Chrome/147.0.7727.116 Mobile Safari/537.36 (compatible; Googlebot/2.1; +http://www.google.com/bot.html)"
190.119.60.43 - - [29/Apr/2026:08:56:55 -0400] "GET /wp-content/uploads/2026/wp-content/uploads/2026/04/ HTTP/1.1" 301 0 "http://vive.com.pa/wp-content/uploads/2026//wp-content/uploads/2026/04/" "Mozilla/5.0 (Linux; Android 10; SM-A505FN) AppleWebKit/537.36 (KHTML, like Gecko) Chrome/91.0.4472.120 Mobile Safari/537.36"
190.119.60.43 - - [29/Apr/2026:08:56:56 -0400] "GET /wp-content/uploads/2026/wp-content/uploads/2026/04/ HTTP/1.1" 404 25192 "https://vive.com.pa/wp-content/uploads/2026/wp-content/uploads/2026/04/" "Mozilla/5.0 (Linux; Android 10; SM-A505FN) AppleWebKit/537.36 (KHTML, like Gecko) Chrome/91.0.4472.120 Mobile Safari/537.36"
66.249.69.160 - - [29/Apr/2026:08:57:34 -0400] "GET /155006690.html HTTP/1.1" 200 19770 "-" "Mozilla/5.0 (Linux; Android 6.0.1; Nexus 5X Build/MMB29P) AppleWebKit/537.36 (KHTML, like Gecko) Chrome/147.0.7727.116 Mobile Safari/537.36 (compatible; Googlebot/2.1; +http://www.google.com/bot.html)"
66.249.69.160 - - [29/Apr/2026:08:57:48 -0400] "GET /167013378.html HTTP/1.1" 200 19514 "-" "Mozilla/5.0 (Linux; Android 6.0.1; Nexus 5X Build/MMB29P) AppleWebKit/537.36 (KHTML, like Gecko) Chrome/147.0.7727.116 Mobile Safari/537.36 (compatible; Googlebot/2.1; +http://www.google.com/bot.html)"
66.249.69.160 - - [29/Apr/2026:08:58:15 -0400] "GET /238017883.html HTTP/1.1" 200 19130 "-" "Mozilla/5.0 (Linux; Android 6.0.1; Nexus 5X Build/MMB29P) AppleWebKit/537.36 (KHTML, like Gecko) Chrome/147.0.7727.116 Mobile Safari/537.36 (compatible; Googlebot/2.1; +http://www.google.com/bot.html)"
66.249.69.160 - - [29/Apr/2026:08:58:22 -0400] "GET /shop/pg/14wander/15486 HTTP/1.1" 200 18643 "-" "Mozilla/5.0 (Linux; Android 6.0.1; Nexus 5X Build/MMB29P) AppleWebKit/537.36 (KHTML, like Gecko) Chrome/147.0.7727.116 Mobile Safari/537.36 (compatible; Googlebot/2.1; +http://www.google.com/bot.html)"
66.249.69.160 - - [29/Apr/2026:08:58:29 -0400] "GET /206033195.html HTTP/1.1" 200 18785 "-" "Mozilla/5.0 (Linux; Android 6.0.1; Nexus 5X Build/MMB29P) AppleWebKit/537.36 (KHTML, like Gecko) Chrome/147.0.7727.116 Mobile Safari/537.36 (compatible; Googlebot/2.1; +http://www.google.com/bot.html)"
66.249.69.160 - - [29/Apr/2026:08:58:35 -0400] "GET /126002177.html HTTP/1.1" 200 19063 "-" "Mozilla/5.0 (Linux; Android 6.0.1; Nexus 5X Build/MMB29P) AppleWebKit/537.36 (KHTML, like Gecko) Chrome/147.0.7727.116 Mobile Safari/537.36 (compatible; Googlebot/2.1; +http://www.google.com/bot.html)"
66.249.69.160 - - [29/Apr/2026:08:58:42 -0400] "GET /shop/pg/108oppose/39070 HTTP/1.1" 200 18817 "-" "Mozilla/5.0 (Linux; Android 6.0.1; Nexus 5X Build/MMB29P) AppleWebKit/537.36 (KHTML, like Gecko) Chrome/147.0.7727.116 Mobile Safari/537.36 (compatible; Googlebot/2.1; +http://www.google.com/bot.html)"
66.249.69.160 - - [29/Apr/2026:08:58:49 -0400] "GET /190041165.html HTTP/1.1" 200 19324 "-" "Mozilla/5.0 (Linux; Android 6.0.1; Nexus 5X Build/MMB29P) AppleWebKit/537.36 (KHTML, like Gecko) Chrome/147.0.7727.116 Mobile Safari/537.36 (compatible; Googlebot/2.1; +http://www.google.com/bot.html)"
66.249.69.161 - - [29/Apr/2026:08:59:06 -0400] "GET /184024597.html HTTP/1.1" 200 20052 "-" "Mozilla/5.0 (Linux; Android 6.0.1; Nexus 5X Build/MMB29P) AppleWebKit/537.36 (KHTML, like Gecko) Chrome/147.0.7727.116 Mobile Safari/537.36 (compatible; Googlebot/2.1; +http://www.google.com/bot.html)"
66.249.69.160 - - [29/Apr/2026:08:59:13 -0400] "GET /286042965.html HTTP/1.1" 200 18038 "-" "Mozilla/5.0 (Linux; Android 6.0.1; Nexus 5X Build/MMB29P) AppleWebKit/537.36 (KHTML, like Gecko) Chrome/147.0.7727.116 Mobile Safari/537.36 (compatible; Googlebot/2.1; +http://www.google.com/bot.html)"
66.249.69.161 - - [29/Apr/2026:08:59:17 -0400] "GET /009003152.html HTTP/1.1" 200 19718 "-" "Mozilla/5.0 (Linux; Android 6.0.1; Nexus 5X Build/MMB29P) AppleWebKit/537.36 (KHTML, like Gecko) Chrome/147.0.7727.116 Mobile Safari/537.36 (compatible; Googlebot/2.1; +http://www.google.com/bot.html)"
66.249.69.160 - - [29/Apr/2026:08:59:29 -0400] "GET /006013549.html HTTP/1.1" 200 18997 "-" "Mozilla/5.0 (Linux; Android 6.0.1; Nexus 5X Build/MMB29P) AppleWebKit/537.36 (KHTML, like Gecko) Chrome/147.0.7727.116 Mobile Safari/537.36 (compatible; Googlebot/2.1; +http://www.google.com/bot.html)"
66.249.69.162 - - [29/Apr/2026:08:59:40 -0400] "GET /197035062.html HTTP/1.1" 200 18955 "-" "Mozilla/5.0 (Linux; Android 6.0.1; Nexus 5X Build/MMB29P) AppleWebKit/537.36 (KHTML, like Gecko) Chrome/147.0.7727.116 Mobile Safari/537.36 (compatible; Googlebot/2.1; +http://www.google.com/bot.html)"
66.249.69.160 - - [29/Apr/2026:08:59:58 -0400] "GET /124034489.html HTTP/1.1" 200 19137 "-" "Mozilla/5.0 (Linux; Android 6.0.1; Nexus 5X Build/MMB29P) AppleWebKit/537.36 (KHTML, like Gecko) Chrome/147.0.7727.116 Mobile Safari/537.36 (compatible; Googlebot/2.1; +http://www.google.com/bot.html)"
198.54.125.254 - - [29/Apr/2026:09:00:00 -0400] "POST /wp-cron.php?doing_wp_cron=1777467600.3462889194488525390625 HTTP/1.1" 403 1242 "-" "WordPress/6.8.5; https://www.vive.com.pa"
190.33.37.212 - - [29/Apr/2026:09:00:00 -0400] "GET /?utm_source=ig&utm_medium=social&utm_content=link_in_bio&fbclid=PAZXh0bgNhZW0CMTEAc3J0YwZhcHBfaWQPMTI0MDI0NTc0Mjg3NDE0AAGnU2uIc3pGSY0e9st5MKu6DNQHOB1qhjOKJLYgFvoxawVgZE2k6eoE9kl78ag_aem_6lC81xAnflRuJkEFm0_yzg HTTP/1.1" 200 27906 "https://l.instagram.com/" "Mozilla/5.0 (iPhone; CPU iPhone OS 26_4_2 like Mac OS X) AppleWebKit/605.1.15 (KHTML, like Gecko) Mobile/23E261 Instagram 426.0.0.36.74 (iPhone14,7; iOS 26_4_2; es_LA; es; scale=3.00; 1170x2532; IABMV/1; 946530071) Safari/604.1"
190.33.37.212 - - [29/Apr/2026:09:00:01 -0400] "GET /wp-content/themes/betheme/style.css?ver=20.8.8.1 HTTP/1.1" 200 289 "https://www.vive.com.pa/" "Mozilla/5.0 (iPhone; CPU iPhone OS 26_4_2 like Mac OS X) AppleWebKit/605.1.15 (KHTML, like Gecko) Mobile/23E261 Instagram 426.0.0.36.74 (iPhone14,7; iOS 26_4_2; es_LA; es; scale=3.00; 1170x2532; IABMV/1; 946530071) Safari/604.1"
66.249.69.162 - - [29/Apr/2026:08:58:01 -0400] "GET /295041328.html HTTP/1.1" 200 20557 "-" "Mozilla/5.0 (Linux; Android 6.0.1; Nexus 5X Build/MMB29P) AppleWebKit/537.36 (KHTML, like Gecko) Chrome/147.0.7727.116 Mobile Safari/537.36 (compatible; Googlebot/2.1; +http://www.google.com/bot.html)"
66.249.69.161 - - [29/Apr/2026:08:58:08 -0400] "GET /115010452.html HTTP/1.1" 200 19629 "-" "Mozilla/5.0 (Linux; Android 6.0.1; Nexus 5X Build/MMB29P) AppleWebKit/537.36 (KHTML, like Gecko) Chrome/147.0.7727.116 Mobile Safari/537.36 (compatible; Googlebot/2.1; +http://www.google.com/bot.html)"
66.249.69.160 - - [29/Apr/2026:08:58:22 -0400] "GET /200039387.html HTTP/1.1" 200 18969 "-" "Mozilla/5.0 (Linux; Android 6.0.1; Nexus 5X Build/MMB29P) AppleWebKit/537.36 (KHTML, like Gecko) Chrome/147.0.7727.116 Mobile Safari/537.36 (compatible; Googlebot/2.1; +http://www.google.com/bot.html)"
66.249.69.160 - - [29/Apr/2026:08:58:42 -0400] "GET /209009284.html HTTP/1.1" 200 19910 "-" "Mozilla/5.0 (Linux; Android 6.0.1; Nexus 5X Build/MMB29P) AppleWebKit/537.36 (KHTML, like Gecko) Chrome/147.0.7727.116 Mobile Safari/537.36 (compatible; Googlebot/2.1; +http://www.google.com/bot.html)"
66.249.69.160 - - [29/Apr/2026:08:58:56 -0400] "GET /041008202.html HTTP/1.1" 200 20810 "-" "Mozilla/5.0 (Linux; Android 6.0.1; Nexus 5X Build/MMB29P) AppleWebKit/537.36 (KHTML, like Gecko) Chrome/147.0.7727.116 Mobile Safari/537.36 (compatible; Googlebot/2.1; +http://www.google.com/bot.html)"
66.249.69.160 - - [29/Apr/2026:08:59:14 -0400] "GET /shop/pg/32convention/27502 HTTP/1.1" 200 18858 "-" "Mozilla/5.0 (Linux; Android 6.0.1; Nexus 5X Build/MMB29P) AppleWebKit/537.36 (KHTML, like Gecko) Chrome/147.0.7727.116 Mobile Safari/537.36 (compatible; Googlebot/2.1; +http://www.google.com/bot.html)"
66.249.69.160 - - [29/Apr/2026:08:59:23 -0400] "GET /160006753.html HTTP/1.1" 200 19456 "-" "Mozilla/5.0 (Linux; Android 6.0.1; Nexus 5X Build/MMB29P) AppleWebKit/537.36 (KHTML, like Gecko) Chrome/147.0.7727.116 Mobile Safari/537.36 (compatible; Googlebot/2.1; +http://www.google.com/bot.html)"
66.249.69.160 - - [29/Apr/2026:08:59:46 -0400] "GET /018022645.html HTTP/1.1" 200 19331 "-" "Mozilla/5.0 (Linux; Android 6.0.1; Nexus 5X Build/MMB29P) AppleWebKit/537.36 (KHTML, like Gecko) Chrome/147.0.7727.116 Mobile Safari/537.36 (compatible; Googlebot/2.1; +http://www.google.com/bot.html)"
66.249.69.160 - - [29/Apr/2026:08:59:52 -0400] "GET /223030074.html HTTP/1.1" 200 19321 "-" "Mozilla/5.0 (Linux; Android 6.0.1; Nexus 5X Build/MMB29P) AppleWebKit/537.36 (KHTML, like Gecko) Chrome/147.0.7727.116 Mobile Safari/537.36 (compatible; Googlebot/2.1; +http://www.google.com/bot.html)"
190.33.37.212 - - [29/Apr/2026:09:00:01 -0400] "GET /wp-content/uploads/2018/04/fqs1.jpg HTTP/1.1" 200 588394 "https://www.vive.com.pa/?utm_source=ig&utm_medium=social&utm_content=link_in_bio&fbclid=PAZXh0bgNhZW0CMTEAc3J0YwZhcHBfaWQPMTI0MDI0NTc0Mjg3NDE0AAGnU2uIc3pGSY0e9st5MKu6DNQHOB1qhjOKJLYgFvoxawVgZE2k6eoE9kl78ag_aem_6lC81xAnflRuJkEFm0_yzg" "Mozilla/5.0 (iPhone; CPU iPhone OS 26_4_2 like Mac OS X) AppleWebKit/605.1.15 (KHTML, like Gecko) Mobile/23E261 Instagram 426.0.0.36.74 (iPhone14,7; iOS 26_4_2; es_LA; es; scale=3.00; 1170x2532; IABMV/1; 946530071) Safari/604.1"
190.33.37.212 - - [29/Apr/2026:09:00:01 -0400] "GET /wp-content/plugins/contact-form-7/includes/css/styles.css?ver=6.1.3 HTTP/1.1" 200 899 "https://www.vive.com.pa/" "Mozilla/5.0 (iPhone; CPU iPhone OS 26_4_2 like Mac OS X) AppleWebKit/605.1.15 (KHTML, like Gecko) Mobile/23E261 Instagram 426.0.0.36.74 (iPhone14,7; iOS 26_4_2; es_LA; es; scale=3.00; 1170x2532; IABMV/1; 946530071) Safari/604.1"
190.33.37.212 - - [29/Apr/2026:09:00:01 -0400] "GET /wp-content/plugins/LayerSlider/assets/static/layerslider/css/layerslider.css?ver=7.15.1 HTTP/1.1" 200 5417 "https://www.vive.com.pa/" "Mozilla/5.0 (iPhone; CPU iPhone OS 26_4_2 like Mac OS X) AppleWebKit/605.1.15 (KHTML, like Gecko) Mobile/23E261 Instagram 426.0.0.36.74 (iPhone14,7; iOS 26_4_2; es_LA; es; scale=3.00; 1170x2532; IABMV/1; 946530071) Safari/604.1"
190.33.37.212 - - [29/Apr/2026:09:00:01 -0400] "GET /wp-includes/css/dist/block-library/style.min.css?ver=6.8.5 HTTP/1.1" 200 14360 "https://www.vive.com.pa/" "Mozilla/5.0 (iPhone; CPU iPhone OS 26_4_2 like Mac OS X) AppleWebKit/605.1.15 (KHTML, like Gecko) Mobile/23E261 Instagram 426.0.0.36.74 (iPhone14,7; iOS 26_4_2; es_LA; es; scale=3.00; 1170x2532; IABMV/1; 946530071) Safari/604.1"
190.33.37.212 - - [29/Apr/2026:09:00:01 -0400] "GET /wp-content/themes/betheme/css/base.css?ver=20.8.8.1 HTTP/1.1" 200 11629 "https://www.vive.com.pa/" "Mozilla/5.0 (iPhone; CPU iPhone OS 26_4_2 like Mac OS X) AppleWebKit/605.1.15 (KHTML, like Gecko) Mobile/23E261 Instagram 426.0.0.36.74 (iPhone14,7; iOS 26_4_2; es_LA; es; scale=3.00; 1170x2532; IABMV/1; 946530071) Safari/604.1"
190.33.37.212 - - [29/Apr/2026:09:00:01 -0400] "GET /wp-content/themes/betheme/css/layout.css?ver=20.8.8.1 HTTP/1.1" 200 18786 "https://www.vive.com.pa/" "Mozilla/5.0 (iPhone; CPU iPhone OS 26_4_2 like Mac OS X) AppleWebKit/605.1.15 (KHTML, like Gecko) Mobile/23E261 Instagram 426.0.0.36.74 (iPhone14,7; iOS 26_4_2; es_LA; es; scale=3.00; 1170x2532; IABMV/1; 946530071) Safari/604.1"
190.33.37.212 - - [29/Apr/2026:09:00:01 -0400] "GET /wp-content/themes/betheme/assets/jplayer/css/jplayer.blue.monday.css?ver=20.8.8.1 HTTP/1.1" 200 1907 "https://www.vive.com.pa/" "Mozilla/5.0 (iPhone; CPU iPhone OS 26_4_2 like Mac OS X) AppleWebKit/605.1.15 (KHTML, like Gecko) Mobile/23E261 Instagram 426.0.0.36.74 (iPhone14,7; iOS 26_4_2; es_LA; es; scale=3.00; 1170x2532; IABMV/1; 946530071) Safari/604.1"
190.33.37.212 - - [29/Apr/2026:09:00:01 -0400] "GET /wp-content/plugins/simple-tags/assets/frontend/css/frontend.css?ver=3.40.1 HTTP/1.1" 200 716 "https://www.vive.com.pa/" "Mozilla/5.0 (iPhone; CPU iPhone OS 26_4_2 like Mac OS X) AppleWebKit/605.1.15 (KHTML, like Gecko) Mobile/23E261 Instagram 426.0.0.36.74 (iPhone14,7; iOS 26_4_2; es_LA; es; scale=3.00; 1170x2532; IABMV/1; 946530071) Safari/604.1"
190.33.37.212 - - [29/Apr/2026:09:00:01 -0400] "GET /wp-content/uploads/2018/04/nu.jpg HTTP/1.1" 200 487316 "https://www.vive.com.pa/?utm_source=ig&utm_medium=social&utm_content=link_in_bio&fbclid=PAZXh0bgNhZW0CMTEAc3J0YwZhcHBfaWQPMTI0MDI0NTc0Mjg3NDE0AAGnU2uIc3pGSY0e9st5MKu6DNQHOB1qhjOKJLYgFvoxawVgZE2k6eoE9kl78ag_aem_6lC81xAnflRuJkEFm0_yzg" "Mozilla/5.0 (iPhone; CPU iPhone OS 26_4_2 like Mac OS X) AppleWebKit/605.1.15 (KHTML, like Gecko) Mobile/23E261 Instagram 426.0.0.36.74 (iPhone14,7; iOS 26_4_2; es_LA; es; scale=3.00; 1170x2532; IABMV/1; 946530071) Safari/604.1"
190.33.37.212 - - [29/Apr/2026:09:00:01 -0400] "GET /wp-content/themes/betheme/css/responsive.css?ver=20.8.8.1 HTTP/1.1" 200 9366 "https://www.vive.com.pa/" "Mozilla/5.0 (iPhone; CPU iPhone OS 26_4_2 like Mac OS X) AppleWebKit/605.1.15 (KHTML, like Gecko) Mobile/23E261 Instagram 426.0.0.36.74 (iPhone14,7; iOS 26_4_2; es_LA; es; scale=3.00; 1170x2532; IABMV/1; 946530071) Safari/604.1"
190.33.37.212 - - [29/Apr/2026:09:00:01 -0400] "GET /wp-content/plugins/royal-elementor-addons/assets/css/frontend.min.css?ver=1.7.1032 HTTP/1.1" 200 44791 "https://www.vive.com.pa/" "Mozilla/5.0 (iPhone; CPU iPhone OS 26_4_2 like Mac OS X) AppleWebKit/605.1.15 (KHTML, like Gecko) Mobile/23E261 Instagram 426.0.0.36.74 (iPhone14,7; iOS 26_4_2; es_LA; es; scale=3.00; 1170x2532; IABMV/1; 946530071) Safari/604.1"
190.33.37.212 - - [29/Apr/2026:09:00:01 -0400] "GET /wp-content/plugins/chaty/css/chaty-front.min.css?ver=3.4.91700572528 HTTP/1.1" 200 6473 "https://www.vive.com.pa/" "Mozilla/5.0 (iPhone; CPU iPhone OS 26_4_2 like Mac OS X) AppleWebKit/605.1.15 (KHTML, like Gecko) Mobile/23E261 Instagram 426.0.0.36.74 (iPhone14,7; iOS 26_4_2; es_LA; es; scale=3.00; 1170x2532; IABMV/1; 946530071) Safari/604.1"
190.33.37.212 - - [29/Apr/2026:09:00:01 -0400] "GET /wp-content/themes/betheme/assets/ui/jquery.ui.all.css?ver=20.8.8.1 HTTP/1.1" 200 3066 "https://www.vive.com.pa/" "Mozilla/5.0 (iPhone; CPU iPhone OS 26_4_2 like Mac OS X) AppleWebKit/605.1.15 (KHTML, like Gecko) Mobile/23E261 Instagram 426.0.0.36.74 (iPhone14,7; iOS 26_4_2; es_LA; es; scale=3.00; 1170x2532; IABMV/1; 946530071) Safari/604.1"
190.33.37.212 - - [29/Apr/2026:09:00:01 -0400] "GET /wp-content/themes/betheme/assets/animations/animations.min.css?ver=20.8.8.1 HTTP/1.1" 200 4426 "https://www.vive.com.pa/" "Mozilla/5.0 (iPhone; CPU iPhone OS 26_4_2 like Mac OS X) AppleWebKit/605.1.15 (KHTML, like Gecko) Mobile/23E261 Instagram 426.0.0.36.74 (iPhone14,7; iOS 26_4_2; es_LA; es; scale=3.00; 1170x2532; IABMV/1; 946530071) Safari/604.1"
190.33.37.212 - - [29/Apr/2026:09:00:01 -0400] "GET /wp-content/themes/betheme/css/shortcodes.css?ver=20.8.8.1 HTTP/1.1" 200 21450 "https://www.vive.com.pa/" "Mozilla/5.0 (iPhone; CPU iPhone OS 26_4_2 like Mac OS X) AppleWebKit/605.1.15 (KHTML, like Gecko) Mobile/23E261 Instagram 426.0.0.36.74 (iPhone14,7; iOS 26_4_2; es_LA; es; scale=3.00; 1170x2532; IABMV/1; 946530071) Safari/604.1"
190.33.37.212 - - [29/Apr/2026:09:00:01 -0400] "GET /wp-content/plugins/royal-elementor-addons/assets/css/lib/animations/text-animations.min.css?ver=1.7.1032 HTTP/1.1" 200 1439 "https://www.vive.com.pa/" "Mozilla/5.0 (iPhone; CPU iPhone OS 26_4_2 like Mac OS X) AppleWebKit/605.1.15 (KHTML, like Gecko) Mobile/23E261 Instagram 426.0.0.36.74 (iPhone14,7; iOS 26_4_2; es_LA; es; scale=3.00; 1170x2532; IABMV/1; 946530071) Safari/604.1"
190.33.37.212 - - [29/Apr/2026:09:00:01 -0400] "GET /wp-includes/js/jquery/jquery-migrate.min.js?ver=3.4.1 HTTP/1.1" 200 4678 "https://www.vive.com.pa/" "Mozilla/5.0 (iPhone; CPU iPhone OS 26_4_2 like Mac OS X) AppleWebKit/605.1.15 (KHTML, like Gecko) Mobile/23E261 Instagram 426.0.0.36.74 (iPhone14,7; iOS 26_4_2; es_LA; es; scale=3.00; 1170x2532; IABMV/1; 946530071) Safari/604.1"
190.33.37.212 - - [29/Apr/2026:09:00:01 -0400] "GET /wp-content/plugins/simple-tags/assets/frontend/js/frontend.js?ver=3.40.1 HTTP/1.1" 200 283 "https://www.vive.com.pa/" "Mozilla/5.0 (iPhone; CPU iPhone OS 26_4_2 like Mac OS X) AppleWebKit/605.1.15 (KHTML, like Gecko) Mobile/23E261 Instagram 426.0.0.36.74 (iPhone14,7; iOS 26_4_2; es_LA; es; scale=3.00; 1170x2532; IABMV/1; 946530071) Safari/604.1"
190.33.37.212 - - [29/Apr/2026:09:00:01 -0400] "GET /wp-includes/js/dist/hooks.min.js?ver=4d63a3d491d11ffd8ac6 HTTP/1.1" 200 1571 "https://www.vive.com.pa/" "Mozilla/5.0 (iPhone; CPU iPhone OS 26_4_2 like Mac OS X) AppleWebKit/605.1.15 (KHTML, like Gecko) Mobile/23E261 Instagram 426.0.0.36.74 (iPhone14,7; iOS 26_4_2; es_LA; es; scale=3.00; 1170x2532; IABMV/1; 946530071) Safari/604.1"
190.33.37.212 - - [29/Apr/2026:09:00:01 -0400] "GET /wp-content/plugins/contact-form-7/includes/js/index.js?ver=6.1.3 HTTP/1.1" 200 4008 "https://www.vive.com.pa/" "Mozilla/5.0 (iPhone; CPU iPhone OS 26_4_2 like Mac OS X) AppleWebKit/605.1.15 (KHTML, like Gecko) Mobile/23E261 Instagram 426.0.0.36.74 (iPhone14,7; iOS 26_4_2; es_LA; es; scale=3.00; 1170x2532; IABMV/1; 946530071) Safari/604.1"
190.33.37.212 - - [29/Apr/2026:09:00:01 -0400] "GET /wp-content/plugins/LayerSlider/assets/static/layerslider/js/layerslider.utils.js?ver=7.15.1 HTTP/1.1" 200 40438 "https://www.vive.com.pa/" "Mozilla/5.0 (iPhone; CPU iPhone OS 26_4_2 like Mac OS X) AppleWebKit/605.1.15 (KHTML, like Gecko) Mobile/23E261 Instagram 426.0.0.36.74 (iPhone14,7; iOS 26_4_2; es_LA; es; scale=3.00; 1170x2532; IABMV/1; 946530071) Safari/604.1"
190.33.37.212 - - [29/Apr/2026:09:00:01 -0400] "GET /wp-content/plugins/LayerSlider/assets/static/layerslider/js/layerslider.kreaturamedia.jquery.js?ver=7.15.1 HTTP/1.1" 200 66243 "https://www.vive.com.pa/" "Mozilla/5.0 (iPhone; CPU iPhone OS 26_4_2 like Mac OS X) AppleWebKit/605.1.15 (KHTML, like Gecko) Mobile/23E261 Instagram 426.0.0.36.74 (iPhone14,7; iOS 26_4_2; es_LA; es; scale=3.00; 1170x2532; IABMV/1; 946530071) Safari/604.1"
190.33.37.212 - - [29/Apr/2026:09:00:01 -0400] "GET /wp-content/plugins/elementor/assets/lib/font-awesome/css/all.min.css?ver=1.7.1032 HTTP/1.1" 200 12380 "https://www.vive.com.pa/" "Mozilla/5.0 (iPhone; CPU iPhone OS 26_4_2 like Mac OS X) AppleWebKit/605.1.15 (KHTML, like Gecko) Mobile/23E261 Instagram 426.0.0.36.74 (iPhone14,7; iOS 26_4_2; es_LA; es; scale=3.00; 1170x2532; IABMV/1; 946530071) Safari/604.1"
190.33.37.212 - - [29/Apr/2026:09:00:01 -0400] "GET /wp-includes/js/jquery/jquery.min.js?ver=3.7.1 HTTP/1.1" 200 29744 "https://www.vive.com.pa/" "Mozilla/5.0 (iPhone; CPU iPhone OS 26_4_2 like Mac OS X) AppleWebKit/605.1.15 (KHTML, like Gecko) Mobile/23E261 Instagram 426.0.0.36.74 (iPhone14,7; iOS 26_4_2; es_LA; es; scale=3.00; 1170x2532; IABMV/1; 946530071) Safari/604.1"
190.33.37.212 - - [29/Apr/2026:09:00:01 -0400] "GET /wp-content/uploads/2018/04/S4.jpg HTTP/1.1" 200 166688 "https://www.vive.com.pa/" "Mozilla/5.0 (iPhone; CPU iPhone OS 26_4_2 like Mac OS X) AppleWebKit/605.1.15 (KHTML, like Gecko) Mobile/23E261 Instagram 426.0.0.36.74 (iPhone14,7; iOS 26_4_2; es_LA; es; scale=3.00; 1170x2532; IABMV/1; 946530071) Safari/604.1"
190.33.37.212 - - [29/Apr/2026:09:00:01 -0400] "GET /wp-content/plugins/contact-form-7/includes/swv/js/index.js?ver=6.1.3 HTTP/1.1" 200 3369 "https://www.vive.com.pa/" "Mozilla/5.0 (iPhone; CPU iPhone OS 26_4_2 like Mac OS X) AppleWebKit/605.1.15 (KHTML, like Gecko) Mobile/23E261 Instagram 426.0.0.36.74 (iPhone14,7; iOS 26_4_2; es_LA; es; scale=3.00; 1170x2532; IABMV/1; 946530071) Safari/604.1"
190.33.37.212 - - [29/Apr/2026:09:00:01 -0400] "GET /wp-includes/js/dist/i18n.min.js?ver=5e580eb46a90c2b997e6 HTTP/1.1" 200 3542 "https://www.vive.com.pa/" "Mozilla/5.0 (iPhone; CPU iPhone OS 26_4_2 like Mac OS X) AppleWebKit/605.1.15 (KHTML, like Gecko) Mobile/23E261 Instagram 426.0.0.36.74 (iPhone14,7; iOS 26_4_2; es_LA; es; scale=3.00; 1170x2532; IABMV/1; 946530071) Safari/604.1"
190.33.37.212 - - [29/Apr/2026:09:00:01 -0400] "GET /wp-content/plugins/revslider/sr6/assets/js/rbtools.min.js?ver=6.7.29 HTTP/1.1" 200 59937 "https://www.vive.com.pa/" "Mozilla/5.0 (iPhone; CPU iPhone OS 26_4_2 like Mac OS X) AppleWebKit/605.1.15 (KHTML, like Gecko) Mobile/23E261 Instagram 426.0.0.36.74 (iPhone14,7; iOS 26_4_2; es_LA; es; scale=3.00; 1170x2532; IABMV/1; 946530071) Safari/604.1"
190.33.37.212 - - [29/Apr/2026:09:00:01 -0400] "GET /wp-content/plugins/revslider/sr6/assets/js/rs6.min.js?ver=6.7.33 HTTP/1.1" 200 104520 "https://www.vive.com.pa/" "Mozilla/5.0 (iPhone; CPU iPhone OS 26_4_2 like Mac OS X) AppleWebKit/605.1.15 (KHTML, like Gecko) Mobile/23E261 Instagram 426.0.0.36.74 (iPhone14,7; iOS 26_4_2; es_LA; es; scale=3.00; 1170x2532; IABMV/1; 946530071) Safari/604.1"
190.33.37.212 - - [29/Apr/2026:09:00:01 -0400] "GET /wp-includes/js/jquery/ui/core.min.js?ver=1.13.3 HTTP/1.1" 200 6812 "https://www.vive.com.pa/" "Mozilla/5.0 (iPhone; CPU iPhone OS 26_4_2 like Mac OS X) AppleWebKit/605.1.15 (KHTML, like Gecko) Mobile/23E261 Instagram 426.0.0.36.74 (iPhone14,7; iOS 26_4_2; es_LA; es; scale=3.00; 1170x2532; IABMV/1; 946530071) Safari/604.1"
190.33.37.212 - - [29/Apr/2026:09:00:01 -0400] "GET /wp-content/plugins/royal-elementor-addons/assets/js/lib/parallax/parallax.min.js?ver=1.0 HTTP/1.1" 200 5022 "https://www.vive.com.pa/" "Mozilla/5.0 (iPhone; CPU iPhone OS 26_4_2 like Mac OS X) AppleWebKit/605.1.15 (KHTML, like Gecko) Mobile/23E261 Instagram 426.0.0.36.74 (iPhone14,7; iOS 26_4_2; es_LA; es; scale=3.00; 1170x2532; IABMV/1; 946530071) Safari/604.1"
190.33.37.212 - - [29/Apr/2026:09:00:01 -0400] "GET /wp-includes/js/jquery/ui/sortable.min.js?ver=1.13.3 HTTP/1.1" 200 6358 "https://www.vive.com.pa/" "Mozilla/5.0 (iPhone; CPU iPhone OS 26_4_2 like Mac OS X) AppleWebKit/605.1.15 (KHTML, like Gecko) Mobile/23E261 Instagram 426.0.0.36.74 (iPhone14,7; iOS 26_4_2; es_LA; es; scale=3.00; 1170x2532; IABMV/1; 946530071) Safari/604.1"
190.33.37.212 - - [29/Apr/2026:09:00:01 -0400] "GET /wp-content/plugins/LayerSlider/assets/static/layerslider/js/layerslider.transitions.js?ver=7.15.1 HTTP/1.1" 200 4446 "https://www.vive.com.pa/" "Mozilla/5.0 (iPhone; CPU iPhone OS 26_4_2 like Mac OS X) AppleWebKit/605.1.15 (KHTML, like Gecko) Mobile/23E261 Instagram 426.0.0.36.74 (iPhone14,7; iOS 26_4_2; es_LA; es; scale=3.00; 1170x2532; IABMV/1; 946530071) Safari/604.1"
190.33.37.212 - - [29/Apr/2026:09:00:01 -0400] "GET /wp-content/plugins/revslider/sr6/assets/css/rs6.css?ver=6.7.33 HTTP/1.1" 200 11961 "https://www.vive.com.pa/" "Mozilla/5.0 (iPhone; CPU iPhone OS 26_4_2 like Mac OS X) AppleWebKit/605.1.15 (KHTML, like Gecko) Mobile/23E261 Instagram 426.0.0.36.74 (iPhone14,7; iOS 26_4_2; es_LA; es; scale=3.00; 1170x2532; IABMV/1; 946530071) Safari/604.1"
190.33.37.212 - - [29/Apr/2026:09:00:01 -0400] "GET /wp-content/plugins/royal-elementor-addons/assets/js/lib/jarallax/jarallax.min.js?ver=1.12.7 HTTP/1.1" 200 5006 "https://www.vive.com.pa/" "Mozilla/5.0 (iPhone; CPU iPhone OS 26_4_2 like Mac OS X) AppleWebKit/605.1.15 (KHTML, like Gecko) Mobile/23E261 Instagram 426.0.0.36.74 (iPhone14,7; iOS 26_4_2; es_LA; es; scale=3.00; 1170x2532; IABMV/1; 946530071) Safari/604.1"
190.33.37.212 - - [29/Apr/2026:09:00:01 -0400] "GET /wp-content/plugins/royal-elementor-addons/assets/js/lib/particles/particles.js?ver=3.0.6 HTTP/1.1" 200 8740 "https://www.vive.com.pa/" "Mozilla/5.0 (iPhone; CPU iPhone OS 26_4_2 like Mac OS X) AppleWebKit/605.1.15 (KHTML, like Gecko) Mobile/23E261 Instagram 426.0.0.36.74 (iPhone14,7; iOS 26_4_2; es_LA; es; scale=3.00; 1170x2532; IABMV/1; 946530071) Safari/604.1"
190.33.37.212 - - [29/Apr/2026:09:00:01 -0400] "GET /wp-includes/js/jquery/ui/mouse.min.js?ver=1.13.3 HTTP/1.1" 200 1012 "https://www.vive.com.pa/" "Mozilla/5.0 (iPhone; CPU iPhone OS 26_4_2 like Mac OS X) AppleWebKit/605.1.15 (KHTML, like Gecko) Mobile/23E261 Instagram 426.0.0.36.74 (iPhone14,7; iOS 26_4_2; es_LA; es; scale=3.00; 1170x2532; IABMV/1; 946530071) Safari/604.1"
190.33.37.212 - - [29/Apr/2026:09:00:01 -0400] "GET /wp-includes/js/jquery/ui/accordion.min.js?ver=1.13.3 HTTP/1.1" 200 2669 "https://www.vive.com.pa/" "Mozilla/5.0 (iPhone; CPU iPhone OS 26_4_2 like Mac OS X) AppleWebKit/605.1.15 (KHTML, like Gecko) Mobile/23E261 Instagram 426.0.0.36.74 (iPhone14,7; iOS 26_4_2; es_LA; es; scale=3.00; 1170x2532; IABMV/1; 946530071) Safari/604.1"
190.33.37.212 - - [29/Apr/2026:09:00:01 -0400] "GET /wp-content/themes/betheme/js/parallax/translate3d.js?ver=20.8.8.1 HTTP/1.1" 200 1579 "https://www.vive.com.pa/" "Mozilla/5.0 (iPhone; CPU iPhone OS 26_4_2 like Mac OS X) AppleWebKit/605.1.15 (KHTML, like Gecko) Mobile/23E261 Instagram 426.0.0.36.74 (iPhone14,7; iOS 26_4_2; es_LA; es; scale=3.00; 1170x2532; IABMV/1; 946530071) Safari/604.1"
190.33.37.212 - - [29/Apr/2026:09:00:01 -0400] "GET /wp-content/themes/betheme/js/menu.js?ver=20.8.8.1 HTTP/1.1" 200 786 "https://www.vive.com.pa/" "Mozilla/5.0 (iPhone; CPU iPhone OS 26_4_2 like Mac OS X) AppleWebKit/605.1.15 (KHTML, like Gecko) Mobile/23E261 Instagram 426.0.0.36.74 (iPhone14,7; iOS 26_4_2; es_LA; es; scale=3.00; 1170x2532; IABMV/1; 946530071) Safari/604.1"
190.33.37.212 - - [29/Apr/2026:09:00:01 -0400] "GET /wp-content/plugins/send-app/assets/js/send-app-cf7-form-tracker.js?ver=1.6.2 HTTP/1.1" 200 1086 "https://www.vive.com.pa/" "Mozilla/5.0 (iPhone; CPU iPhone OS 26_4_2 like Mac OS X) AppleWebKit/605.1.15 (KHTML, like Gecko) Mobile/23E261 Instagram 426.0.0.36.74 (iPhone14,7; iOS 26_4_2; es_LA; es; scale=3.00; 1170x2532; IABMV/1; 946530071) Safari/604.1"
190.33.37.212 - - [29/Apr/2026:09:00:01 -0400] "GET /wp-content/themes/betheme/assets/jplayer/jplayer.min.js?ver=20.8.8.1 HTTP/1.1" 200 12401 "https://www.vive.com.pa/" "Mozilla/5.0 (iPhone; CPU iPhone OS 26_4_2 like Mac OS X) AppleWebKit/605.1.15 (KHTML, like Gecko) Mobile/23E261 Instagram 426.0.0.36.74 (iPhone14,7; iOS 26_4_2; es_LA; es; scale=3.00; 1170x2532; IABMV/1; 946530071) Safari/604.1"
190.33.37.212 - - [29/Apr/2026:09:00:01 -0400] "GET /wp-includes/js/jquery/ui/tabs.min.js?ver=1.13.3 HTTP/1.1" 200 3794 "https://www.vive.com.pa/" "Mozilla/5.0 (iPhone; CPU iPhone OS 26_4_2 like Mac OS X) AppleWebKit/605.1.15 (KHTML, like Gecko) Mobile/23E261 Instagram 426.0.0.36.74 (iPhone14,7; iOS 26_4_2; es_LA; es; scale=3.00; 1170x2532; IABMV/1; 946530071) Safari/604.1"
190.33.37.212 - - [29/Apr/2026:09:00:01 -0400] "GET /wp-includes/js/comment-reply.min.js?ver=6.8.5 HTTP/1.1" 200 1247 "https://www.vive.com.pa/" "Mozilla/5.0 (iPhone; CPU iPhone OS 26_4_2 like Mac OS X) AppleWebKit/605.1.15 (KHTML, like Gecko) Mobile/23E261 Instagram 426.0.0.36.74 (iPhone14,7; iOS 26_4_2; es_LA; es; scale=3.00; 1170x2532; IABMV/1; 946530071) Safari/604.1"
190.33.37.212 - - [29/Apr/2026:09:00:01 -0400] "GET /wp-content/themes/betheme/assets/animations/animations.min.js?ver=20.8.8.1 HTTP/1.1" 200 547 "https://www.vive.com.pa/" "Mozilla/5.0 (iPhone; CPU iPhone OS 26_4_2 like Mac OS X) AppleWebKit/605.1.15 (KHTML, like Gecko) Mobile/23E261 Instagram 426.0.0.36.74 (iPhone14,7; iOS 26_4_2; es_LA; es; scale=3.00; 1170x2532; IABMV/1; 946530071) Safari/604.1"
190.33.37.212 - - [29/Apr/2026:09:00:01 -0400] "GET /wp-content/themes/betheme/js/plugins.js?ver=20.8.8.1 HTTP/1.1" 200 52308 "https://www.vive.com.pa/" "Mozilla/5.0 (iPhone; CPU iPhone OS 26_4_2 like Mac OS X) AppleWebKit/605.1.15 (KHTML, like Gecko) Mobile/23E261 Instagram 426.0.0.36.74 (iPhone14,7; iOS 26_4_2; es_LA; es; scale=3.00; 1170x2532; IABMV/1; 946530071) Safari/604.1"
190.33.37.212 - - [29/Apr/2026:09:00:01 -0400] "GET /wp-content/plugins/send-app/assets/js/send-app-elementor-form-tracker.js?ver=1.6.2 HTTP/1.1" 200 1171 "https://www.vive.com.pa/" "Mozilla/5.0 (iPhone; CPU iPhone OS 26_4_2 like Mac OS X) AppleWebKit/605.1.15 (KHTML, like Gecko) Mobile/23E261 Instagram 426.0.0.36.74 (iPhone14,7; iOS 26_4_2; es_LA; es; scale=3.00; 1170x2532; IABMV/1; 946530071) Safari/604.1"
190.33.37.212 - - [29/Apr/2026:09:00:05 -0400] "GET /wp-content/uploads/2018/04/foto-11.jpg HTTP/1.1" 200 230467 "https://www.vive.com.pa/?utm_source=ig&utm_medium=social&utm_content=link_in_bio&fbclid=PAZXh0bgNhZW0CMTEAc3J0YwZhcHBfaWQPMTI0MDI0NTc0Mjg3NDE0AAGnU2uIc3pGSY0e9st5MKu6DNQHOB1qhjOKJLYgFvoxawVgZE2k6eoE9kl78ag_aem_6lC81xAnflRuJkEFm0_yzg" "Mozilla/5.0 (iPhone; CPU iPhone OS 26_4_2 like Mac OS X) AppleWebKit/605.1.15 (KHTML, like Gecko) Mobile/23E261 Instagram 426.0.0.36.74 (iPhone14,7; iOS 26_4_2; es_LA; es; scale=3.00; 1170x2532; IABMV/1; 946530071) Safari/604.1"
66.249.69.162 - - [29/Apr/2026:09:00:05 -0400] "GET /shop/pg/191aware/13713 HTTP/1.1" 200 19617 "-" "Mozilla/5.0 (Linux; Android 6.0.1; Nexus 5X Build/MMB29P) AppleWebKit/537.36 (KHTML, like Gecko) Chrome/147.0.7727.116 Mobile Safari/537.36 (compatible; Googlebot/2.1; +http://www.google.com/bot.html)"
190.33.37.212 - - [29/Apr/2026:09:00:06 -0400] "GET /wp-content/uploads/2018/04/teamicon.png HTTP/1.1" 200 3695 "https://www.vive.com.pa/?utm_source=ig&utm_medium=social&utm_content=link_in_bio&fbclid=PAZXh0bgNhZW0CMTEAc3J0YwZhcHBfaWQPMTI0MDI0NTc0Mjg3NDE0AAGnU2uIc3pGSY0e9st5MKu6DNQHOB1qhjOKJLYgFvoxawVgZE2k6eoE9kl78ag_aem_6lC81xAnflRuJkEFm0_yzg" "Mozilla/5.0 (iPhone; CPU iPhone OS 26_4_2 like Mac OS X) AppleWebKit/605.1.15 (KHTML, like Gecko) Mobile/23E261 Instagram 426.0.0.36.74 (iPhone14,7; iOS 26_4_2; es_LA; es; scale=3.00; 1170x2532; IABMV/1; 946530071) Safari/604.1"
190.33.37.212 - - [29/Apr/2026:09:00:06 -0400] "GET /wp-content/uploads/2018/05/logonew.png HTTP/1.1" 200 18754 "https://www.vive.com.pa/" "Mozilla/5.0 (iPhone; CPU iPhone OS 26_4_2 like Mac OS X) AppleWebKit/605.1.15 (KHTML, like Gecko) Mobile/23E261 Instagram 426.0.0.36.74 (iPhone14,7; iOS 26_4_2; es_LA; es; scale=3.00; 1170x2532; IABMV/1; 946530071) Safari/604.1"
190.33.37.212 - - [29/Apr/2026:09:00:01 -0400] "GET /wp-content/plugins/chaty/js/cht-front-script.min.js?ver=3.4.91700572528 HTTP/1.1" 200 22314 "https://www.vive.com.pa/" "Mozilla/5.0 (iPhone; CPU iPhone OS 26_4_2 like Mac OS X) AppleWebKit/605.1.15 (KHTML, like Gecko) Mobile/23E261 Instagram 426.0.0.36.74 (iPhone14,7; iOS 26_4_2; es_LA; es; scale=3.00; 1170x2532; IABMV/1; 946530071) Safari/604.1"
190.33.37.212 - - [29/Apr/2026:09:00:01 -0400] "GET /wp-content/themes/betheme/js/scripts.js?ver=20.8.8.1 HTTP/1.1" 200 13903 "https://www.vive.com.pa/" "Mozilla/5.0 (iPhone; CPU iPhone OS 26_4_2 like Mac OS X) AppleWebKit/605.1.15 (KHTML, like Gecko) Mobile/23E261 Instagram 426.0.0.36.74 (iPhone14,7; iOS 26_4_2; es_LA; es; scale=3.00; 1170x2532; IABMV/1; 946530071) Safari/604.1"
190.33.37.212 - - [29/Apr/2026:09:00:01 -0400] "GET /wp-content/themes/betheme/js/parallax/smoothscroll.js?ver=20.8.8.1 HTTP/1.1" 200 2836 "https://www.vive.com.pa/" "Mozilla/5.0 (iPhone; CPU iPhone OS 26_4_2 like Mac OS X) AppleWebKit/605.1.15 (KHTML, like Gecko) Mobile/23E261 Instagram 426.0.0.36.74 (iPhone14,7; iOS 26_4_2; es_LA; es; scale=3.00; 1170x2532; IABMV/1; 946530071) Safari/604.1"
66.249.69.161 - - [29/Apr/2026:09:00:04 -0400] "GET /098034341.html HTTP/1.1" 200 18880 "-" "Mozilla/5.0 (Linux; Android 6.0.1; Nexus 5X Build/MMB29P) AppleWebKit/537.36 (KHTML, like Gecko) Chrome/147.0.7727.116 Mobile Safari/537.36 (compatible; Googlebot/2.1; +http://www.google.com/bot.html)"
190.33.37.212 - - [29/Apr/2026:09:00:04 -0400] "GET /wp-content/uploads/2018/01/home_carwash_offer7.png HTTP/1.1" 200 2871 "https://www.vive.com.pa/?utm_source=ig&utm_medium=social&utm_content=link_in_bio&fbclid=PAZXh0bgNhZW0CMTEAc3J0YwZhcHBfaWQPMTI0MDI0NTc0Mjg3NDE0AAGnU2uIc3pGSY0e9st5MKu6DNQHOB1qhjOKJLYgFvoxawVgZE2k6eoE9kl78ag_aem_6lC81xAnflRuJkEFm0_yzg" "Mozilla/5.0 (iPhone; CPU iPhone OS 26_4_2 like Mac OS X) AppleWebKit/605.1.15 (KHTML, like Gecko) Mobile/23E261 Instagram 426.0.0.36.74 (iPhone14,7; iOS 26_4_2; es_LA; es; scale=3.00; 1170x2532; IABMV/1; 946530071) Safari/604.1"
190.33.37.212 - - [29/Apr/2026:09:00:07 -0400] "GET /wp-content/themes/betheme/fonts/mfn-icons.woff?93978679 HTTP/1.1" 200 80932 "https://www.vive.com.pa/" "Mozilla/5.0 (iPhone; CPU iPhone OS 26_4_2 like Mac OS X) AppleWebKit/605.1.15 (KHTML, like Gecko) Mobile/23E261 Instagram 426.0.0.36.74 (iPhone14,7; iOS 26_4_2; es_LA; es; scale=3.00; 1170x2532; IABMV/1; 946530071) Safari/604.1"
190.33.37.212 - - [29/Apr/2026:09:00:07 -0400] "GET /wp-content/uploads/2018/04/em2.jpg HTTP/1.1" 200 10897 "https://www.vive.com.pa/?utm_source=ig&utm_medium=social&utm_content=link_in_bio&fbclid=PAZXh0bgNhZW0CMTEAc3J0YwZhcHBfaWQPMTI0MDI0NTc0Mjg3NDE0AAGnU2uIc3pGSY0e9st5MKu6DNQHOB1qhjOKJLYgFvoxawVgZE2k6eoE9kl78ag_aem_6lC81xAnflRuJkEFm0_yzg" "Mozilla/5.0 (iPhone; CPU iPhone OS 26_4_2 like Mac OS X) AppleWebKit/605.1.15 (KHTML, like Gecko) Mobile/23E261 Instagram 426.0.0.36.74 (iPhone14,7; iOS 26_4_2; es_LA; es; scale=3.00; 1170x2532; IABMV/1; 946530071) Safari/604.1"
190.33.37.212 - - [29/Apr/2026:09:00:07 -0400] "GET /wp-content/uploads/2018/04/S2.jpg HTTP/1.1" 200 130993 "https://www.vive.com.pa/" "Mozilla/5.0 (iPhone; CPU iPhone OS 26_4_2 like Mac OS X) AppleWebKit/605.1.15 (KHTML, like Gecko) Mobile/23E261 Instagram 426.0.0.36.74 (iPhone14,7; iOS 26_4_2; es_LA; es; scale=3.00; 1170x2532; IABMV/1; 946530071) Safari/604.1"
190.33.37.212 - - [29/Apr/2026:09:00:09 -0400] "GET /wp-content/uploads/2018/04/FONDO2.jpg HTTP/1.1" 200 18575 "https://www.vive.com.pa/?utm_source=ig&utm_medium=social&utm_content=link_in_bio&fbclid=PAZXh0bgNhZW0CMTEAc3J0YwZhcHBfaWQPMTI0MDI0NTc0Mjg3NDE0AAGnU2uIc3pGSY0e9st5MKu6DNQHOB1qhjOKJLYgFvoxawVgZE2k6eoE9kl78ag_aem_6lC81xAnflRuJkEFm0_yzg" "Mozilla/5.0 (iPhone; CPU iPhone OS 26_4_2 like Mac OS X) AppleWebKit/605.1.15 (KHTML, like Gecko) Mobile/23E261 Instagram 426.0.0.36.74 (iPhone14,7; iOS 26_4_2; es_LA; es; scale=3.00; 1170x2532; IABMV/1; 946530071) Safari/604.1"
190.33.37.212 - - [29/Apr/2026:09:00:06 -0400] "GET /wp-content/uploads/2018/04/em1.jpg HTTP/1.1" 200 11387 "https://www.vive.com.pa/?utm_source=ig&utm_medium=social&utm_content=link_in_bio&fbclid=PAZXh0bgNhZW0CMTEAc3J0YwZhcHBfaWQPMTI0MDI0NTc0Mjg3NDE0AAGnU2uIc3pGSY0e9st5MKu6DNQHOB1qhjOKJLYgFvoxawVgZE2k6eoE9kl78ag_aem_6lC81xAnflRuJkEFm0_yzg" "Mozilla/5.0 (iPhone; CPU iPhone OS 26_4_2 like Mac OS X) AppleWebKit/605.1.15 (KHTML, like Gecko) Mobile/23E261 Instagram 426.0.0.36.74 (iPhone14,7; iOS 26_4_2; es_LA; es; scale=3.00; 1170x2532; IABMV/1; 946530071) Safari/604.1"
190.33.37.212 - - [29/Apr/2026:09:00:06 -0400] "GET /wp-content/uploads/2018/04/eamb.jpg HTTP/1.1" 200 20084 "https://www.vive.com.pa/?utm_source=ig&utm_medium=social&utm_content=link_in_bio&fbclid=PAZXh0bgNhZW0CMTEAc3J0YwZhcHBfaWQPMTI0MDI0NTc0Mjg3NDE0AAGnU2uIc3pGSY0e9st5MKu6DNQHOB1qhjOKJLYgFvoxawVgZE2k6eoE9kl78ag_aem_6lC81xAnflRuJkEFm0_yzg" "Mozilla/5.0 (iPhone; CPU iPhone OS 26_4_2 like Mac OS X) AppleWebKit/605.1.15 (KHTML, like Gecko) Mobile/23E261 Instagram 426.0.0.36.74 (iPhone14,7; iOS 26_4_2; es_LA; es; scale=3.00; 1170x2532; IABMV/1; 946530071) Safari/604.1"
190.33.37.212 - - [29/Apr/2026:09:00:06 -0400] "GET /wp-content/uploads/2018/04/home_accountant2_columnbg3.png HTTP/1.1" 200 1822 "https://www.vive.com.pa/?utm_source=ig&utm_medium=social&utm_content=link_in_bio&fbclid=PAZXh0bgNhZW0CMTEAc3J0YwZhcHBfaWQPMTI0MDI0NTc0Mjg3NDE0AAGnU2uIc3pGSY0e9st5MKu6DNQHOB1qhjOKJLYgFvoxawVgZE2k6eoE9kl78ag_aem_6lC81xAnflRuJkEFm0_yzg" "Mozilla/5.0 (iPhone; CPU iPhone OS 26_4_2 like Mac OS X) AppleWebKit/605.1.15 (KHTML, like Gecko) Mobile/23E261 Instagram 426.0.0.36.74 (iPhone14,7; iOS 26_4_2; es_LA; es; scale=3.00; 1170x2532; IABMV/1; 946530071) Safari/604.1"
190.33.37.212 - - [29/Apr/2026:09:00:07 -0400] "GET /wp-content/uploads/2018/04/S3.jpg HTTP/1.1" 200 131587 "https://www.vive.com.pa/" "Mozilla/5.0 (iPhone; CPU iPhone OS 26_4_2 like Mac OS X) AppleWebKit/605.1.15 (KHTML, like Gecko) Mobile/23E261 Instagram 426.0.0.36.74 (iPhone14,7; iOS 26_4_2; es_LA; es; scale=3.00; 1170x2532; IABMV/1; 946530071) Safari/604.1"
190.33.37.212 - - [29/Apr/2026:09:00:07 -0400] "GET /wp-content/plugins/revslider/sr6/assets/fonts/revicons/revicons.woff?5510888 HTTP/1.1" 200 7536 "https://www.vive.com.pa/" "Mozilla/5.0 (iPhone; CPU iPhone OS 26_4_2 like Mac OS X) AppleWebKit/605.1.15 (KHTML, like Gecko) Mobile/23E261 Instagram 426.0.0.36.74 (iPhone14,7; iOS 26_4_2; es_LA; es; scale=3.00; 1170x2532; IABMV/1; 946530071) Safari/604.1"
190.33.37.212 - - [29/Apr/2026:09:00:09 -0400] "GET /wp-content/plugins/revslider/sr6/assets/assets/dummy.png HTTP/1.1" 200 68 "https://www.vive.com.pa/" "Mozilla/5.0 (iPhone; CPU iPhone OS 26_4_2 like Mac OS X) AppleWebKit/605.1.15 (KHTML, like Gecko) Mobile/23E261 Instagram 426.0.0.36.74 (iPhone14,7; iOS 26_4_2; es_LA; es; scale=3.00; 1170x2532; IABMV/1; 946530071) Safari/604.1"
190.33.37.212 - - [29/Apr/2026:09:00:14 -0400] "GET /wp-content/uploads/2018/04/h5.jpg HTTP/1.1" 200 232595 "https://www.vive.com.pa/" "Mozilla/5.0 (iPhone; CPU iPhone OS 26_4_2 like Mac OS X) AppleWebKit/605.1.15 (KHTML, like Gecko) Mobile/23E261 Instagram 426.0.0.36.74 (iPhone14,7; iOS 26_4_2; es_LA; es; scale=3.00; 1170x2532; IABMV/1; 946530071) Safari/604.1"
190.33.37.212 - - [29/Apr/2026:09:00:14 -0400] "GET /wp-content/uploads/2018/04/h8.jpg HTTP/1.1" 200 220631 "https://www.vive.com.pa/" "Mozilla/5.0 (iPhone; CPU iPhone OS 26_4_2 like Mac OS X) AppleWebKit/605.1.15 (KHTML, like Gecko) Mobile/23E261 Instagram 426.0.0.36.74 (iPhone14,7; iOS 26_4_2; es_LA; es; scale=3.00; 1170x2532; IABMV/1; 946530071) Safari/604.1"
66.249.69.161 - - [29/Apr/2026:09:00:13 -0400] "GET /018020159.html HTTP/1.1" 200 19442 "-" "Mozilla/5.0 (Linux; Android 6.0.1; Nexus 5X Build/MMB29P) AppleWebKit/537.36 (KHTML, like Gecko) Chrome/147.0.7727.116 Mobile Safari/537.36 (compatible; Googlebot/2.1; +http://www.google.com/bot.html)"
190.33.37.212 - - [29/Apr/2026:09:00:09 -0400] "GET /wp-content/uploads/2018/04/h7.jpg HTTP/1.1" 200 344783 "https://www.vive.com.pa/" "Mozilla/5.0 (iPhone; CPU iPhone OS 26_4_2 like Mac OS X) AppleWebKit/605.1.15 (KHTML, like Gecko) Mobile/23E261 Instagram 426.0.0.36.74 (iPhone14,7; iOS 26_4_2; es_LA; es; scale=3.00; 1170x2532; IABMV/1; 946530071) Safari/604.1"
66.249.69.160 - - [29/Apr/2026:09:00:11 -0400] "GET /001038942.html HTTP/1.1" 200 18730 "-" "Mozilla/5.0 (Linux; Android 6.0.1; Nexus 5X Build/MMB29P) AppleWebKit/537.36 (KHTML, like Gecko) Chrome/147.0.7727.116 Mobile Safari/537.36 (compatible; Googlebot/2.1; +http://www.google.com/bot.html)"
66.249.69.160 - - [29/Apr/2026:09:00:14 -0400] "GET /shop/pg/12pocket/31444 HTTP/1.1" 200 18846 "-" "Mozilla/5.0 (Linux; Android 6.0.1; Nexus 5X Build/MMB29P) AppleWebKit/537.36 (KHTML, like Gecko) Chrome/147.0.7727.116 Mobile Safari/537.36 (compatible; Googlebot/2.1; +http://www.google.com/bot.html)"
66.249.69.160 - - [29/Apr/2026:09:00:24 -0400] "GET /162006493.html HTTP/1.1" 200 18778 "-" "Mozilla/5.0 (Linux; Android 6.0.1; Nexus 5X Build/MMB29P) AppleWebKit/537.36 (KHTML, like Gecko) Chrome/147.0.7727.116 Mobile Safari/537.36 (compatible; Googlebot/2.1; +http://www.google.com/bot.html)"
66.249.69.160 - - [29/Apr/2026:09:00:30 -0400] "GET /078015255.html HTTP/1.1" 200 18097 "-" "Mozilla/5.0 (Linux; Android 6.0.1; Nexus 5X Build/MMB29P) AppleWebKit/537.36 (KHTML, like Gecko) Chrome/147.0.7727.116 Mobile Safari/537.36 (compatible; Googlebot/2.1; +http://www.google.com/bot.html)"
66.249.69.160 - - [29/Apr/2026:09:00:51 -0400] "GET /300032151.html HTTP/1.1" 200 19102 "-" "Mozilla/5.0 (Linux; Android 6.0.1; Nexus 5X Build/MMB29P) AppleWebKit/537.36 (KHTML, like Gecko) Chrome/147.0.7727.116 Mobile Safari/537.36 (compatible; Googlebot/2.1; +http://www.google.com/bot.html)"
66.249.69.160 - - [29/Apr/2026:09:01:04 -0400] "GET /130005189.html HTTP/1.1" 200 18780 "-" "Mozilla/5.0 (Linux; Android 6.0.1; Nexus 5X Build/MMB29P) AppleWebKit/537.36 (KHTML, like Gecko) Chrome/147.0.7727.116 Mobile Safari/537.36 (compatible; Googlebot/2.1; +http://www.google.com/bot.html)"
66.249.69.160 - - [29/Apr/2026:09:01:11 -0400] "GET /174029651.html HTTP/1.1" 200 17924 "-" "Mozilla/5.0 (Linux; Android 6.0.1; Nexus 5X Build/MMB29P) AppleWebKit/537.36 (KHTML, like Gecko) Chrome/147.0.7727.116 Mobile Safari/537.36 (compatible; Googlebot/2.1; +http://www.google.com/bot.html)"
66.249.69.160 - - [29/Apr/2026:09:01:32 -0400] "GET /?jp/200001803.html HTTP/1.1" 200 18459 "-" "Mozilla/5.0 (Linux; Android 6.0.1; Nexus 5X Build/MMB29P) AppleWebKit/537.36 (KHTML, like Gecko) Chrome/147.0.7727.116 Mobile Safari/537.36 (compatible; Googlebot/2.1; +http://www.google.com/bot.html)"
66.249.69.160 - - [29/Apr/2026:09:01:50 -0400] "GET /132040099.html HTTP/1.1" 200 19775 "-" "Mozilla/5.0 (Linux; Android 6.0.1; Nexus 5X Build/MMB29P) AppleWebKit/537.36 (KHTML, like Gecko) Chrome/147.0.7727.116 Mobile Safari/537.36 (compatible; Googlebot/2.1; +http://www.google.com/bot.html)"
198.54.125.254 - - [29/Apr/2026:09:02:06 -0400] "POST /wp-cron.php?doing_wp_cron=1777467726.4186398983001708984375 HTTP/1.1" 403 1242 "-" "WordPress/6.8.5; https://www.vive.com.pa"
45.156.129.97 - - [29/Apr/2026:09:02:07 -0400] "GET / HTTP/1.1" 200 32157 "https://198.54.125.254/" "Mozilla/5.0 AppleWebKit/537.36 (KHTML, like Gecko) Chrome/123.0.6312.86 Safari/537.36"
66.249.69.161 - - [29/Apr/2026:09:02:08 -0400] "GET /281037468.html HTTP/1.1" 200 19550 "-" "Mozilla/5.0 (Linux; Android 6.0.1; Nexus 5X Build/MMB29P) AppleWebKit/537.36 (KHTML, like Gecko) Chrome/147.0.7727.116 Mobile Safari/537.36 (compatible; Googlebot/2.1; +http://www.google.com/bot.html)"
66.249.69.160 - - [29/Apr/2026:09:02:08 -0400] "GET /shop/pg/245counselor/38669 HTTP/1.1" 200 18748 "-" "Mozilla/5.0 (Linux; Android 6.0.1; Nexus 5X Build/MMB29P) AppleWebKit/537.36 (KHTML, like Gecko) Chrome/147.0.7727.116 Mobile Safari/537.36 (compatible; Googlebot/2.1; +http://www.google.com/bot.html)"
66.249.69.160 - - [29/Apr/2026:09:00:17 -0400] "GET /104000691.html HTTP/1.1" 200 18532 "-" "Mozilla/5.0 (Linux; Android 6.0.1; Nexus 5X Build/MMB29P) AppleWebKit/537.36 (KHTML, like Gecko) Chrome/147.0.7727.116 Mobile Safari/537.36 (compatible; Googlebot/2.1; +http://www.google.com/bot.html)"
190.33.37.212 - - [29/Apr/2026:09:00:17 -0400] "GET /wp-content/uploads/2018/04/S1.jpg HTTP/1.1" 200 150827 "https://www.vive.com.pa/" "Mozilla/5.0 (iPhone; CPU iPhone OS 26_4_2 like Mac OS X) AppleWebKit/605.1.15 (KHTML, like Gecko) Mobile/23E261 Instagram 426.0.0.36.74 (iPhone14,7; iOS 26_4_2; es_LA; es; scale=3.00; 1170x2532; IABMV/1; 946530071) Safari/604.1"
66.249.69.160 - - [29/Apr/2026:09:00:37 -0400] "GET /215002840.html HTTP/1.1" 200 18877 "-" "Mozilla/5.0 (Linux; Android 6.0.1; Nexus 5X Build/MMB29P) AppleWebKit/537.36 (KHTML, like Gecko) Chrome/147.0.7727.116 Mobile Safari/537.36 (compatible; Googlebot/2.1; +http://www.google.com/bot.html)"
