190.119.60.43 - - [29/Apr/2026:08:50:00 -0400] "GET /wp-includes/wp-includes/date.php HTTP/1.1" 404 25193 "https://vive.com.pa/wp-includes/wp-includes/date.php" "Mozilla/5.0 (Windows NT 10.0; Win64; x64) AppleWebKit/537.36 (KHTML, like Gecko) Chrome/92.0.4515.107 Safari/537.36"
190.119.60.43 - - [29/Apr/2026:08:49:50 -0400] "GET /wp-includes/wp-includes/class.wp-dependencies.php HTTP/1.1" 404 25192 "https://vive.com.pa/wp-includes/wp-includes/class.wp-dependencies.php" "Mozilla/5.0 (Linux; Android 10; SM-A505FN) AppleWebKit/537.36 (KHTML, like Gecko) Chrome/91.0.4472.120 Mobile Safari/537.36"
190.119.60.43 - - [29/Apr/2026:08:49:51 -0400] "GET /wp-includes/wp-includes/class.wp-scripts.php HTTP/1.1" 301 0 "http://vive.com.pa/wp-includes//wp-includes/class.wp-scripts.php" "Mozilla/5.0 (iPhone; CPU iPhone OS 14_6 like Mac OS X) AppleWebKit/605.1.15 (KHTML, like Gecko) Version/14.1.1 Mobile/15E148 Safari/604.1"
190.119.60.43 - - [29/Apr/2026:08:49:53 -0400] "GET /wp-includes/wp-includes/class.wp-styles.php HTTP/1.1" 404 25192 "https://vive.com.pa/wp-includes/wp-includes/class.wp-styles.php" "Mozilla/5.0 (Windows NT 10.0; Win64; x64) AppleWebKit/537.36 (KHTML, like Gecko) Edge/91.0.864.59"
190.119.60.43 - - [29/Apr/2026:08:49:54 -0400] "GET /wp-includes/wp-includes/comment-template.php HTTP/1.1" 301 0 "http://vive.com.pa/wp-includes//wp-includes/comment-template.php" "Mozilla/5.0 (iPhone; CPU iPhone OS 14_6 like Mac OS X) AppleWebKit/605.1.15 (KHTML, like Gecko) Version/14.1.1 Mobile/15E148 Safari/604.1"
66.249.69.160 - - [29/Apr/2026:08:49:54 -0400] "GET /276003711.html HTTP/1.1" 200 19601 "-" "Mozilla/5.0 (Linux; Android 6.0.1; Nexus 5X Build/MMB29P) AppleWebKit/537.36 (KHTML, like Gecko) Chrome/147.0.7727.116 Mobile Safari/537.36 (compatible; Googlebot/2.1; +http://www.google.com/bot.html)"
190.119.60.43 - - [29/Apr/2026:08:49:55 -0400] "GET /wp-includes/wp-includes/comment.php HTTP/1.1" 301 0 "http://vive.com.pa/wp-includes//wp-includes/comment.php" "Mozilla/5.0 (Linux; Android 11; SM-G991B) AppleWebKit/537.36 (KHTML, like Gecko) Chrome/91.0.4472.120 Mobile Safari/537.36"
190.119.60.43 - - [29/Apr/2026:08:49:56 -0400] "GET /wp-includes/wp-includes/comment.php HTTP/1.1" 404 25193 "https://vive.com.pa/wp-includes/wp-includes/comment.php" "Mozilla/5.0 (Linux; Android 11; SM-G991B) AppleWebKit/537.36 (KHTML, like Gecko) Chrome/91.0.4472.120 Mobile Safari/537.36"
190.119.60.43 - - [29/Apr/2026:08:49:56 -0400] "GET /wp-includes/wp-includes/compat.php HTTP/1.1" 301 0 "http://vive.com.pa/wp-includes//wp-includes/compat.php" "Mozilla/5.0 (Macintosh; Intel Mac OS X 10_15_7) AppleWebKit/605.1.15 (KHTML, like Gecko) Version/14.1.1 Safari/605.1.15"
190.119.60.43 - - [29/Apr/2026:08:49:57 -0400] "GET /wp-includes/wp-includes/compat.php HTTP/1.1" 404 25192 "https://vive.com.pa/wp-includes/wp-includes/compat.php" "Mozilla/5.0 (Macintosh; Intel Mac OS X 10_15_7) AppleWebKit/605.1.15 (KHTML, like Gecko) Version/14.1.1 Safari/605.1.15"
190.119.60.43 - - [29/Apr/2026:08:49:58 -0400] "GET /wp-includes/wp-includes/cron.php HTTP/1.1" 404 25193 "https://vive.com.pa/wp-includes/wp-includes/cron.php" "Mozilla/5.0 (Linux; Android 11; SM-G991B) AppleWebKit/537.36 (KHTML, like Gecko) Chrome/91.0.4472.120 Mobile Safari/537.36"
190.119.60.43 - - [29/Apr/2026:08:50:00 -0400] "GET /wp-includes/wp-includes/default-constants.php HTTP/1.1" 301 0 "http://vive.com.pa/wp-includes//wp-includes/default-constants.php" "Mozilla/5.0 (Macintosh; Intel Mac OS X 10_15_7) AppleWebKit/537.36 (KHTML, like Gecko) Chrome/91.0.4472.124 Safari/537.36"
190.119.60.43 - - [29/Apr/2026:08:50:01 -0400] "GET /wp-includes/wp-includes/default-constants.php HTTP/1.1" 404 25192 "https://vive.com.pa/wp-includes/wp-includes/default-constants.php" "Mozilla/5.0 (Macintosh; Intel Mac OS X 10_15_7) AppleWebKit/537.36 (KHTML, like Gecko) Chrome/91.0.4472.124 Safari/537.36"
190.119.60.43 - - [29/Apr/2026:08:50:03 -0400] "GET /wp-includes/wp-includes/default-filters.php HTTP/1.1" 301 0 "http://vive.com.pa/wp-includes//wp-includes/default-filters.php" "Mozilla/5.0 (Macintosh; Intel Mac OS X 10_15_7) AppleWebKit/537.36 (KHTML, like Gecko) Chrome/91.0.4472.124 Safari/537.36"
66.249.69.161 - - [29/Apr/2026:08:50:01 -0400] "GET /229022002.html HTTP/1.1" 200 19002 "-" "Mozilla/5.0 (Linux; Android 6.0.1; Nexus 5X Build/MMB29P) AppleWebKit/537.36 (KHTML, like Gecko) Chrome/147.0.7727.116 Mobile Safari/537.36 (compatible; Googlebot/2.1; +http://www.google.com/bot.html)"
190.119.60.43 - - [29/Apr/2026:08:50:03 -0400] "GET /wp-includes/wp-includes/default-filters.php HTTP/1.1" 404 25193 "https://vive.com.pa/wp-includes/wp-includes/default-filters.php" "Mozilla/5.0 (Macintosh; Intel Mac OS X 10_15_7) AppleWebKit/537.36 (KHTML, like Gecko) Chrome/91.0.4472.124 Safari/537.36"
190.119.60.43 - - [29/Apr/2026:08:50:04 -0400] "GET /wp-includes/wp-includes/default-widgets.php HTTP/1.1" 301 0 "http://vive.com.pa/wp-includes//wp-includes/default-widgets.php" "Mozilla/5.0 (X11; Linux x86_64) AppleWebKit/537.36 (KHTML, like Gecko) Chrome/91.0.4472.124 Safari/537.36"
190.119.60.43 - - [29/Apr/2026:08:50:05 -0400] "GET /wp-includes/wp-includes/default-widgets.php HTTP/1.1" 404 25192 "https://vive.com.pa/wp-includes/wp-includes/default-widgets.php" "Mozilla/5.0 (X11; Linux x86_64) AppleWebKit/537.36 (KHTML, like Gecko) Chrome/91.0.4472.124 Safari/537.36"
190.119.60.43 - - [29/Apr/2026:08:50:06 -0400] "GET /wp-includes/wp-includes/deprecated.php HTTP/1.1" 301 0 "http://vive.com.pa/wp-includes//wp-includes/deprecated.php" "Mozilla/5.0 (Macintosh; Intel Mac OS X 10_15_7) AppleWebKit/605.1.15 (KHTML, like Gecko) Version/14.1.1 Safari/605.1.15"
190.119.60.43 - - [29/Apr/2026:08:50:12 -0400] "GET /wp-includes/wp-includes/error-protection.php HTTP/1.1" 404 25192 "https://vive.com.pa/wp-includes/wp-includes/error-protection.php" "Mozilla/5.0 (Windows NT 10.0; WOW64; Trident/7.0; rv:11.0) like Gecko"
190.119.60.43 - - [29/Apr/2026:08:50:13 -0400] "GET /wp-includes/wp-includes/error_log/ HTTP/1.1" 301 0 "http://vive.com.pa/wp-includes//wp-includes/error_log/" "Mozilla/5.0 (X11; Ubuntu; Linux x86_64; rv:89.0) Gecko/20100101 Firefox/89.0"
190.119.60.43 - - [29/Apr/2026:08:50:14 -0400] "GET /wp-includes/wp-includes/error_log/ HTTP/1.1" 404 25192 "https://vive.com.pa/wp-includes/wp-includes/error_log/" "Mozilla/5.0 (X11; Ubuntu; Linux x86_64; rv:89.0) Gecko/20100101 Firefox/89.0"
190.119.60.43 - - [29/Apr/2026:08:50:15 -0400] "GET /wp-includes/wp-includes/feed-atom-comments.php HTTP/1.1" 404 25196 "https://vive.com.pa/wp-includes/wp-includes/feed-atom-comments.php" "Mozilla/5.0 (iPhone; CPU iPhone OS 14_6 like Mac OS X) AppleWebKit/605.1.15 (KHTML, like Gecko) Version/14.1.1 Mobile/15E148 Safari/604.1"
190.119.60.43 - - [29/Apr/2026:08:50:16 -0400] "GET /wp-includes/wp-includes/feed-atom.php HTTP/1.1" 404 25192 "https://vive.com.pa/wp-includes/wp-includes/feed-atom.php" "Mozilla/5.0 (Windows NT 10.0; Win64; x64; rv:89.0) Gecko/20100101 Firefox/89.0"
190.119.60.43 - - [29/Apr/2026:08:50:18 -0400] "GET /wp-includes/wp-includes/feed-rss.php HTTP/1.1" 301 0 "http://vive.com.pa/wp-includes//wp-includes/feed-rss.php" "Mozilla/5.0 (Macintosh; Intel Mac OS X 10_14_6) AppleWebKit/537.36 (KHTML, like Gecko) Chrome/91.0.4472.124 Safari/537.36"
190.119.60.43 - - [29/Apr/2026:08:50:19 -0400] "GET /wp-includes/wp-includes/feed-rss.php HTTP/1.1" 404 25199 "https://vive.com.pa/wp-includes/wp-includes/feed-rss.php" "Mozilla/5.0 (Macintosh; Intel Mac OS X 10_14_6) AppleWebKit/537.36 (KHTML, like Gecko) Chrome/91.0.4472.124 Safari/537.36"
190.119.60.43 - - [29/Apr/2026:08:50:20 -0400] "GET /wp-includes/wp-includes/feed-rss2-comments.php HTTP/1.1" 301 0 "http://vive.com.pa/wp-includes//wp-includes/feed-rss2-comments.php" "Mozilla/5.0 (Windows NT 6.1; Win64; x64) AppleWebKit/537.36 (KHTML, like Gecko) Chrome/91.0.4472.124 Safari/537.36"
190.119.60.43 - - [29/Apr/2026:08:50:21 -0400] "GET /wp-includes/wp-includes/feed-rss2.php HTTP/1.1" 301 0 "http://vive.com.pa/wp-includes//wp-includes/feed-rss2.php" "Mozilla/5.0 (Linux; Android 10; SM-A505FN) AppleWebKit/537.36 (KHTML, like Gecko) Chrome/91.0.4472.120 Mobile Safari/537.36"
190.119.60.43 - - [29/Apr/2026:08:50:06 -0400] "GET /wp-includes/wp-includes/deprecated.php HTTP/1.1" 404 25199 "https://vive.com.pa/wp-includes/wp-includes/deprecated.php" "Mozilla/5.0 (Macintosh; Intel Mac OS X 10_15_7) AppleWebKit/605.1.15 (KHTML, like Gecko) Version/14.1.1 Safari/605.1.15"
190.119.60.43 - - [29/Apr/2026:08:50:07 -0400] "GET /wp-includes/wp-includes/embed-template.php HTTP/1.1" 301 0 "http://vive.com.pa/wp-includes//wp-includes/embed-template.php" "Mozilla/5.0 (Linux; Android 10; SM-A505FN) AppleWebKit/537.36 (KHTML, like Gecko) Chrome/91.0.4472.120 Mobile Safari/537.36"
66.249.69.160 - - [29/Apr/2026:08:50:08 -0400] "GET /101004110.html HTTP/1.1" 200 19923 "-" "Mozilla/5.0 (Linux; Android 6.0.1; Nexus 5X Build/MMB29P) AppleWebKit/537.36 (KHTML, like Gecko) Chrome/147.0.7727.116 Mobile Safari/537.36 (compatible; Googlebot/2.1; +http://www.google.com/bot.html)"
198.54.125.254 - - [29/Apr/2026:08:50:08 -0400] "POST /wp-cron.php?doing_wp_cron=1777467008.7750620841979980468750 HTTP/1.1" 403 1242 "-" "WordPress/6.8.5; https://www.vive.com.pa"
190.119.60.43 - - [29/Apr/2026:08:50:08 -0400] "GET /wp-includes/wp-includes/embed-template.php HTTP/1.1" 404 25193 "https://vive.com.pa/wp-includes/wp-includes/embed-template.php" "Mozilla/5.0 (Linux; Android 10; SM-A505FN) AppleWebKit/537.36 (KHTML, like Gecko) Chrome/91.0.4472.120 Mobile Safari/537.36"
190.119.60.43 - - [29/Apr/2026:08:50:09 -0400] "GET /wp-includes/wp-includes/embed.php HTTP/1.1" 301 0 "http://vive.com.pa/wp-includes//wp-includes/embed.php" "Mozilla/5.0 (Windows NT 10.0; Win64; x64) AppleWebKit/537.36 (KHTML, like Gecko) Chrome/90.0.4430.212 Safari/537.36"
190.119.60.43 - - [29/Apr/2026:08:50:10 -0400] "GET /wp-includes/wp-includes/embed.php HTTP/1.1" 404 25192 "https://vive.com.pa/wp-includes/wp-includes/embed.php" "Mozilla/5.0 (Windows NT 10.0; Win64; x64) AppleWebKit/537.36 (KHTML, like Gecko) Chrome/90.0.4430.212 Safari/537.36"
190.119.60.43 - - [29/Apr/2026:08:50:11 -0400] "GET /wp-includes/wp-includes/error-protection.php HTTP/1.1" 301 0 "http://vive.com.pa/wp-includes//wp-includes/error-protection.php" "Mozilla/5.0 (Windows NT 10.0; WOW64; Trident/7.0; rv:11.0) like Gecko"
190.119.60.43 - - [29/Apr/2026:08:50:14 -0400] "GET /wp-includes/wp-includes/feed-atom-comments.php HTTP/1.1" 301 0 "http://vive.com.pa/wp-includes//wp-includes/feed-atom-comments.php" "Mozilla/5.0 (iPhone; CPU iPhone OS 14_6 like Mac OS X) AppleWebKit/605.1.15 (KHTML, like Gecko) Version/14.1.1 Mobile/15E148 Safari/604.1"
66.249.69.160 - - [29/Apr/2026:08:50:14 -0400] "GET /138028011.html HTTP/1.1" 200 19918 "-" "Mozilla/5.0 (Linux; Android 6.0.1; Nexus 5X Build/MMB29P) AppleWebKit/537.36 (KHTML, like Gecko) Chrome/147.0.7727.116 Mobile Safari/537.36 (compatible; Googlebot/2.1; +http://www.google.com/bot.html)"
190.119.60.43 - - [29/Apr/2026:08:50:16 -0400] "GET /wp-includes/wp-includes/feed-atom.php HTTP/1.1" 301 0 "http://vive.com.pa/wp-includes//wp-includes/feed-atom.php" "Mozilla/5.0 (Windows NT 10.0; Win64; x64; rv:89.0) Gecko/20100101 Firefox/89.0"
190.119.60.43 - - [29/Apr/2026:08:50:17 -0400] "GET /wp-includes/wp-includes/feed-rdf.php HTTP/1.1" 301 0 "http://vive.com.pa/wp-includes//wp-includes/feed-rdf.php" "Mozilla/5.0 (Windows NT 10.0; Win64; x64) AppleWebKit/537.36 (KHTML, like Gecko) Edge/91.0.864.59"
190.119.60.43 - - [29/Apr/2026:08:50:18 -0400] "GET /wp-includes/wp-includes/feed-rdf.php HTTP/1.1" 404 25192 "https://vive.com.pa/wp-includes/wp-includes/feed-rdf.php" "Mozilla/5.0 (Windows NT 10.0; Win64; x64) AppleWebKit/537.36 (KHTML, like Gecko) Edge/91.0.864.59"
190.119.60.43 - - [29/Apr/2026:08:50:20 -0400] "GET /wp-includes/wp-includes/feed-rss2-comments.php HTTP/1.1" 404 25192 "https://vive.com.pa/wp-includes/wp-includes/feed-rss2-comments.php" "Mozilla/5.0 (Windows NT 6.1; Win64; x64) AppleWebKit/537.36 (KHTML, like Gecko) Chrome/91.0.4472.124 Safari/537.36"
66.249.69.160 - - [29/Apr/2026:08:50:21 -0400] "GET /087019528.html HTTP/1.1" 200 20760 "-" "Mozilla/5.0 (Linux; Android 6.0.1; Nexus 5X Build/MMB29P) AppleWebKit/537.36 (KHTML, like Gecko) Chrome/147.0.7727.116 Mobile Safari/537.36 (compatible; Googlebot/2.1; +http://www.google.com/bot.html)"
190.119.60.43 - - [29/Apr/2026:08:50:23 -0400] "GET /wp-includes/wp-includes/feed.php HTTP/1.1" 301 0 "http://vive.com.pa/wp-includes//wp-includes/feed.php" "Mozilla/5.0 (X11; Linux x86_64) AppleWebKit/537.36 (KHTML, like Gecko) Chrome/91.0.4472.124 Safari/537.36"
190.119.60.43 - - [29/Apr/2026:08:50:24 -0400] "GET /wp-includes/wp-includes/fonts.php HTTP/1.1" 301 0 "http://vive.com.pa/wp-includes//wp-includes/fonts.php" "Mozilla/5.0 (Windows NT 10.0; Win64; x64) AppleWebKit/537.36 (KHTML, like Gecko) Chrome/91.0.4472.124 Safari/537.36"
190.119.60.43 - - [29/Apr/2026:08:50:26 -0400] "GET /wp-includes/wp-includes/formatting.php HTTP/1.1" 404 25192 "https://vive.com.pa/wp-includes/wp-includes/formatting.php" "Mozilla/5.0 (Windows NT 10.0; Win64; x64) AppleWebKit/537.36 (KHTML, like Gecko) Edge/91.0.864.59"
190.119.60.43 - - [29/Apr/2026:08:50:27 -0400] "GET /wp-includes/wp-includes/functions.php HTTP/1.1" 301 0 "http://vive.com.pa/wp-includes//wp-includes/functions.php" "Mozilla/5.0 (Windows NT 10.0; Win64; x64) AppleWebKit/537.36 (KHTML, like Gecko) Edge/91.0.864.59"
190.119.60.43 - - [29/Apr/2026:08:50:27 -0400] "GET /wp-includes/wp-includes/functions.php HTTP/1.1" 404 25192 "https://vive.com.pa/wp-includes/wp-includes/functions.php" "Mozilla/5.0 (Windows NT 10.0; Win64; x64) AppleWebKit/537.36 (KHTML, like Gecko) Edge/91.0.864.59"
190.119.60.43 - - [29/Apr/2026:08:50:28 -0400] "GET /wp-includes/wp-includes/functions.wp-scripts.php HTTP/1.1" 301 0 "http://vive.com.pa/wp-includes//wp-includes/functions.wp-scripts.php" "Mozilla/5.0 (iPhone; CPU iPhone OS 14_6 like Mac OS X) AppleWebKit/605.1.15 (KHTML, like Gecko) Version/14.1.1 Mobile/15E148 Safari/604.1"
190.119.60.43 - - [29/Apr/2026:08:50:29 -0400] "GET /wp-includes/wp-includes/functions.wp-scripts.php HTTP/1.1" 404 25203 "https://vive.com.pa/wp-includes/wp-includes/functions.wp-scripts.php" "Mozilla/5.0 (iPhone; CPU iPhone OS 14_6 like Mac OS X) AppleWebKit/605.1.15 (KHTML, like Gecko) Version/14.1.1 Mobile/15E148 Safari/604.1"
190.119.60.43 - - [29/Apr/2026:08:50:30 -0400] "GET /wp-includes/wp-includes/functions.wp-styles.php HTTP/1.1" 301 0 "http://vive.com.pa/wp-includes//wp-includes/functions.wp-styles.php" "Mozilla/5.0 (Windows NT 6.1; Win64; x64) AppleWebKit/537.36 (KHTML, like Gecko) Chrome/91.0.4472.124 Safari/537.36"
190.119.60.43 - - [29/Apr/2026:08:50:30 -0400] "GET /wp-includes/wp-includes/functions.wp-styles.php HTTP/1.1" 404 25192 "https://vive.com.pa/wp-includes/wp-includes/functions.wp-styles.php" "Mozilla/5.0 (Windows NT 6.1; Win64; x64) AppleWebKit/537.36 (KHTML, like Gecko) Chrome/91.0.4472.124 Safari/537.36"
190.119.60.43 - - [29/Apr/2026:08:50:32 -0400] "GET /wp-includes/wp-includes/general-template.php HTTP/1.1" 404 25192 "https://vive.com.pa/wp-includes/wp-includes/general-template.php" "Mozilla/5.0 (Windows NT 10.0; Win64; x64) AppleWebKit/537.36 (KHTML, like Gecko) Chrome/90.0.4430.212 Safari/537.36"
190.119.60.43 - - [29/Apr/2026:08:50:32 -0400] "GET /wp-includes/wp-includes/global-styles-and-settings.php HTTP/1.1" 301 0 "http://vive.com.pa/wp-includes//wp-includes/global-styles-and-settings.php" "Mozilla/5.0 (Macintosh; Intel Mac OS X 10_15_7) AppleWebKit/537.36 (KHTML, like Gecko) Chrome/91.0.4472.124 Safari/537.36"
190.119.60.43 - - [29/Apr/2026:08:50:34 -0400] "GET /wp-includes/wp-includes/http.php HTTP/1.1" 301 0 "http://vive.com.pa/wp-includes//wp-includes/http.php" "Mozilla/5.0 (iPad; CPU OS 14_6 like Mac OS X) AppleWebKit/605.1.15 (KHTML, like Gecko) Version/14.1.1 Mobile/15E148 Safari/604.1"
190.119.60.43 - - [29/Apr/2026:08:50:22 -0400] "GET /wp-includes/wp-includes/feed-rss2.php HTTP/1.1" 404 25192 "https://vive.com.pa/wp-includes/wp-includes/feed-rss2.php" "Mozilla/5.0 (Linux; Android 10; SM-A505FN) AppleWebKit/537.36 (KHTML, like Gecko) Chrome/91.0.4472.120 Mobile Safari/537.36"
190.119.60.43 - - [29/Apr/2026:08:50:23 -0400] "GET /wp-includes/wp-includes/feed.php HTTP/1.1" 404 25199 "https://vive.com.pa/wp-includes/wp-includes/feed.php" "Mozilla/5.0 (X11; Linux x86_64) AppleWebKit/537.36 (KHTML, like Gecko) Chrome/91.0.4472.124 Safari/537.36"
190.119.60.43 - - [29/Apr/2026:08:50:25 -0400] "GET /wp-includes/wp-includes/fonts.php HTTP/1.1" 404 25192 "https://vive.com.pa/wp-includes/wp-includes/fonts.php" "Mozilla/5.0 (Windows NT 10.0; Win64; x64) AppleWebKit/537.36 (KHTML, like Gecko) Chrome/91.0.4472.124 Safari/537.36"
190.119.60.43 - - [29/Apr/2026:08:50:25 -0400] "GET /wp-includes/wp-includes/formatting.php HTTP/1.1" 301 0 "http://vive.com.pa/wp-includes//wp-includes/formatting.php" "Mozilla/5.0 (Windows NT 10.0; Win64; x64) AppleWebKit/537.36 (KHTML, like Gecko) Edge/91.0.864.59"
66.249.69.160 - - [29/Apr/2026:08:50:28 -0400] "GET /007024166.html HTTP/1.1" 200 20359 "-" "Mozilla/5.0 (Linux; Android 6.0.1; Nexus 5X Build/MMB29P) AppleWebKit/537.36 (KHTML, like Gecko) Chrome/147.0.7727.116 Mobile Safari/537.36 (compatible; Googlebot/2.1; +http://www.google.com/bot.html)"
190.119.60.43 - - [29/Apr/2026:08:50:31 -0400] "GET /wp-includes/wp-includes/general-template.php HTTP/1.1" 301 0 "http://vive.com.pa/wp-includes//wp-includes/general-template.php" "Mozilla/5.0 (Windows NT 10.0; Win64; x64) AppleWebKit/537.36 (KHTML, like Gecko) Chrome/90.0.4430.212 Safari/537.36"
190.119.60.43 - - [29/Apr/2026:08:50:33 -0400] "GET /wp-includes/wp-includes/global-styles-and-settings.php HTTP/1.1" 404 25194 "https://vive.com.pa/wp-includes/wp-includes/global-styles-and-settings.php" "Mozilla/5.0 (Macintosh; Intel Mac OS X 10_15_7) AppleWebKit/537.36 (KHTML, like Gecko) Chrome/91.0.4472.124 Safari/537.36"
66.249.69.160 - - [29/Apr/2026:08:50:35 -0400] "GET /104019953.html HTTP/1.1" 200 19188 "-" "Mozilla/5.0 (Linux; Android 6.0.1; Nexus 5X Build/MMB29P) AppleWebKit/537.36 (KHTML, like Gecko) Chrome/147.0.7727.116 Mobile Safari/537.36 (compatible; Googlebot/2.1; +http://www.google.com/bot.html)"
190.119.60.43 - - [29/Apr/2026:08:50:35 -0400] "GET /wp-includes/wp-includes/https-detection.php HTTP/1.1" 301 0 "http://vive.com.pa/wp-includes//wp-includes/https-detection.php" "Mozilla/5.0 (Windows NT 10.0; Win64; x64) AppleWebKit/537.36 (KHTML, like Gecko) Chrome/92.0.4515.107 Safari/537.36"
190.119.60.43 - - [29/Apr/2026:08:50:36 -0400] "GET /wp-includes/wp-includes/https-detection.php HTTP/1.1" 404 25192 "https://vive.com.pa/wp-includes/wp-includes/https-detection.php" "Mozilla/5.0 (Windows NT 10.0; Win64; x64) AppleWebKit/537.36 (KHTML, like Gecko) Chrome/92.0.4515.107 Safari/537.36"
190.119.60.43 - - [29/Apr/2026:08:50:38 -0400] "GET /wp-includes/wp-includes/kses.php HTTP/1.1" 301 0 "http://vive.com.pa/wp-includes//wp-includes/kses.php" "Mozilla/5.0 (Windows NT 10.0; Win64; x64) AppleWebKit/537.36 (KHTML, like Gecko) Chrome/90.0.4430.212 Safari/537.36"
190.119.60.43 - - [29/Apr/2026:08:50:39 -0400] "GET /wp-includes/wp-includes/l10n.php HTTP/1.1" 301 0 "http://vive.com.pa/wp-includes//wp-includes/l10n.php" "Mozilla/5.0 (iPhone; CPU iPhone OS 14_6 like Mac OS X) AppleWebKit/605.1.15 (KHTML, like Gecko) Version/14.1.1 Mobile/15E148 Safari/604.1"
190.119.60.43 - - [29/Apr/2026:08:50:43 -0400] "GET /wp-includes/wp-includes/load.php HTTP/1.1" 404 25192 "https://vive.com.pa/wp-includes/wp-includes/load.php" "Mozilla/5.0 (Macintosh; Intel Mac OS X 10_15_7) AppleWebKit/605.1.15 (KHTML, like Gecko) Version/14.1.1 Safari/605.1.15"
190.119.60.43 - - [29/Apr/2026:08:50:35 -0400] "GET /wp-includes/wp-includes/http.php HTTP/1.1" 404 25196 "https://vive.com.pa/wp-includes/wp-includes/http.php" "Mozilla/5.0 (iPad; CPU OS 14_6 like Mac OS X) AppleWebKit/605.1.15 (KHTML, like Gecko) Version/14.1.1 Mobile/15E148 Safari/604.1"
190.119.60.43 - - [29/Apr/2026:08:50:37 -0400] "GET /wp-includes/wp-includes/https-migration.php HTTP/1.1" 301 0 "http://vive.com.pa/wp-includes//wp-includes/https-migration.php" "Mozilla/5.0 (Windows NT 10.0; Win64; x64) AppleWebKit/537.36 (KHTML, like Gecko) Edge/91.0.864.59"
190.119.60.43 - - [29/Apr/2026:08:50:37 -0400] "GET /wp-includes/wp-includes/https-migration.php HTTP/1.1" 404 25192 "https://vive.com.pa/wp-includes/wp-includes/https-migration.php" "Mozilla/5.0 (Windows NT 10.0; Win64; x64) AppleWebKit/537.36 (KHTML, like Gecko) Edge/91.0.864.59"
190.119.60.43 - - [29/Apr/2026:08:50:39 -0400] "GET /wp-includes/wp-includes/kses.php HTTP/1.1" 404 25192 "https://vive.com.pa/wp-includes/wp-includes/kses.php" "Mozilla/5.0 (Windows NT 10.0; Win64; x64) AppleWebKit/537.36 (KHTML, like Gecko) Chrome/90.0.4430.212 Safari/537.36"
190.119.60.43 - - [29/Apr/2026:08:50:40 -0400] "GET /wp-includes/wp-includes/l10n.php HTTP/1.1" 404 25197 "https://vive.com.pa/wp-includes/wp-includes/l10n.php" "Mozilla/5.0 (iPhone; CPU iPhone OS 14_6 like Mac OS X) AppleWebKit/605.1.15 (KHTML, like Gecko) Version/14.1.1 Mobile/15E148 Safari/604.1"
190.119.60.43 - - [29/Apr/2026:08:50:41 -0400] "GET /wp-includes/wp-includes/link-template.php HTTP/1.1" 301 0 "http://vive.com.pa/wp-includes//wp-includes/link-template.php" "Mozilla/5.0 (iPhone; CPU iPhone OS 14_6 like Mac OS X) AppleWebKit/605.1.15 (KHTML, like Gecko) Version/14.1.1 Mobile/15E148 Safari/604.1"
190.119.60.43 - - [29/Apr/2026:08:50:41 -0400] "GET /wp-includes/wp-includes/link-template.php HTTP/1.1" 404 25197 "https://vive.com.pa/wp-includes/wp-includes/link-template.php" "Mozilla/5.0 (iPhone; CPU iPhone OS 14_6 like Mac OS X) AppleWebKit/605.1.15 (KHTML, like Gecko) Version/14.1.1 Mobile/15E148 Safari/604.1"
66.249.69.160 - - [29/Apr/2026:08:50:41 -0400] "GET /284021095.html HTTP/1.1" 200 19053 "-" "Mozilla/5.0 (Linux; Android 6.0.1; Nexus 5X Build/MMB29P) AppleWebKit/537.36 (KHTML, like Gecko) Chrome/147.0.7727.116 Mobile Safari/537.36 (compatible; Googlebot/2.1; +http://www.google.com/bot.html)"
190.119.60.43 - - [29/Apr/2026:08:50:42 -0400] "GET /wp-includes/wp-includes/load.php HTTP/1.1" 301 0 "http://vive.com.pa/wp-includes//wp-includes/load.php" "Mozilla/5.0 (Macintosh; Intel Mac OS X 10_15_7) AppleWebKit/605.1.15 (KHTML, like Gecko) Version/14.1.1 Safari/605.1.15"
190.119.60.43 - - [29/Apr/2026:08:50:43 -0400] "GET /wp-includes/wp-includes/locale.php HTTP/1.1" 301 0 "http://vive.com.pa/wp-includes//wp-includes/locale.php" "Mozilla/5.0 (Linux; Android 11; SM-G991B) AppleWebKit/537.36 (KHTML, like Gecko) Chrome/91.0.4472.120 Mobile Safari/537.36"
190.119.60.43 - - [29/Apr/2026:08:50:44 -0400] "GET /wp-includes/wp-includes/locale.php HTTP/1.1" 404 25192 "https://vive.com.pa/wp-includes/wp-includes/locale.php" "Mozilla/5.0 (Linux; Android 11; SM-G991B) AppleWebKit/537.36 (KHTML, like Gecko) Chrome/91.0.4472.120 Mobile Safari/537.36"
190.119.60.43 - - [29/Apr/2026:08:50:46 -0400] "GET /wp-includes/wp-includes/media-template.php HTTP/1.1" 404 25197 "https://vive.com.pa/wp-includes/wp-includes/media-template.php" "Mozilla/5.0 (iPhone; CPU iPhone OS 14_6 like Mac OS X) AppleWebKit/605.1.15 (KHTML, like Gecko) Version/14.1.1 Mobile/15E148 Safari/604.1"
190.119.60.43 - - [29/Apr/2026:08:50:47 -0400] "GET /wp-includes/wp-includes/media.php HTTP/1.1" 301 0 "http://vive.com.pa/wp-includes//wp-includes/media.php" "Mozilla/5.0 (Windows NT 10.0; Win64; x64; rv:89.0) Gecko/20100101 Firefox/89.0"
66.249.69.160 - - [29/Apr/2026:08:50:48 -0400] "GET /008041609.html HTTP/1.1" 200 18938 "-" "Mozilla/5.0 (Linux; Android 6.0.1; Nexus 5X Build/MMB29P) AppleWebKit/537.36 (KHTML, like Gecko) Chrome/147.0.7727.116 Mobile Safari/537.36 (compatible; Googlebot/2.1; +http://www.google.com/bot.html)"
190.119.60.43 - - [29/Apr/2026:08:50:45 -0400] "GET /wp-includes/wp-includes/media-template.php HTTP/1.1" 301 0 "http://vive.com.pa/wp-includes//wp-includes/media-template.php" "Mozilla/5.0 (iPhone; CPU iPhone OS 14_6 like Mac OS X) AppleWebKit/605.1.15 (KHTML, like Gecko) Version/14.1.1 Mobile/15E148 Safari/604.1"
190.119.60.43 - - [29/Apr/2026:08:50:48 -0400] "GET /wp-includes/wp-includes/media.php HTTP/1.1" 404 25193 "https://vive.com.pa/wp-includes/wp-includes/media.php" "Mozilla/5.0 (Windows NT 10.0; Win64; x64; rv:89.0) Gecko/20100101 Firefox/89.0"
190.119.60.43 - - [29/Apr/2026:08:50:48 -0400] "GET /wp-includes/wp-includes/meta.php HTTP/1.1" 301 0 "http://vive.com.pa/wp-includes//wp-includes/meta.php" "Mozilla/5.0 (Windows NT 10.0; Win64; x64; rv:89.0) Gecko/20100101 Firefox/89.0"
190.119.60.43 - - [29/Apr/2026:08:50:50 -0400] "GET /wp-includes/wp-includes/ms-blogs.php HTTP/1.1" 301 0 "http://vive.com.pa/wp-includes//wp-includes/ms-blogs.php" "Mozilla/5.0 (Windows NT 10.0; WOW64; Trident/7.0; rv:11.0) like Gecko"
190.119.60.43 - - [29/Apr/2026:08:50:51 -0400] "GET /wp-includes/wp-includes/ms-default-constants.php HTTP/1.1" 301 0 "http://vive.com.pa/wp-includes//wp-includes/ms-default-constants.php" "Mozilla/5.0 (Windows NT 10.0; Win64; x64) AppleWebKit/537.36 (KHTML, like Gecko) Chrome/91.0.4472.124 Safari/537.36"
190.119.60.43 - - [29/Apr/2026:08:50:52 -0400] "GET /wp-includes/wp-includes/ms-default-constants.php HTTP/1.1" 404 25192 "https://vive.com.pa/wp-includes/wp-includes/ms-default-constants.php" "Mozilla/5.0 (Windows NT 10.0; Win64; x64) AppleWebKit/537.36 (KHTML, like Gecko) Chrome/91.0.4472.124 Safari/537.36"
190.119.60.43 - - [29/Apr/2026:08:50:52 -0400] "GET /wp-includes/wp-includes/ms-default-filters.php HTTP/1.1" 301 0 "http://vive.com.pa/wp-includes//wp-includes/ms-default-filters.php" "Mozilla/5.0 (X11; Linux x86_64) AppleWebKit/537.36 (KHTML, like Gecko) Chrome/91.0.4472.124 Safari/537.36"
190.119.60.43 - - [29/Apr/2026:08:50:54 -0400] "GET /wp-includes/wp-includes/ms-deprecated.php HTTP/1.1" 301 0 "http://vive.com.pa/wp-includes//wp-includes/ms-deprecated.php" "Mozilla/5.0 (Macintosh; Intel Mac OS X 10_15_7) AppleWebKit/537.36 (KHTML, like Gecko) Chrome/91.0.4472.124 Safari/537.36"
190.119.60.43 - - [29/Apr/2026:08:50:54 -0400] "GET /wp-includes/wp-includes/ms-deprecated.php HTTP/1.1" 404 25192 "https://vive.com.pa/wp-includes/wp-includes/ms-deprecated.php" "Mozilla/5.0 (Macintosh; Intel Mac OS X 10_15_7) AppleWebKit/537.36 (KHTML, like Gecko) Chrome/91.0.4472.124 Safari/537.36"
190.119.60.43 - - [29/Apr/2026:08:50:56 -0400] "GET /wp-includes/wp-includes/ms-functions.php HTTP/1.1" 301 0 "http://vive.com.pa/wp-includes//wp-includes/ms-functions.php" "Mozilla/5.0 (Windows NT 10.0; WOW64; Trident/7.0; rv:11.0) like Gecko"
190.119.60.43 - - [29/Apr/2026:08:51:01 -0400] "GET /wp-includes/wp-includes/ms-settings.php HTTP/1.1" 404 25192 "https://vive.com.pa/wp-includes/wp-includes/ms-settings.php" "Mozilla/5.0 (Windows NT 6.1; Win64; x64) AppleWebKit/537.36 (KHTML, like Gecko) Chrome/91.0.4472.124 Safari/537.36"
66.249.69.161 - - [29/Apr/2026:08:51:02 -0400] "GET /037036954.html HTTP/1.1" 200 19130 "-" "Mozilla/5.0 (Linux; Android 6.0.1; Nexus 5X Build/MMB29P) AppleWebKit/537.36 (KHTML, like Gecko) Chrome/147.0.7727.116 Mobile Safari/537.36 (compatible; Googlebot/2.1; +http://www.google.com/bot.html)"
190.119.60.43 - - [29/Apr/2026:08:51:02 -0400] "GET /wp-includes/wp-includes/ms-site.php HTTP/1.1" 301 0 "http://vive.com.pa/wp-includes//wp-includes/ms-site.php" "Mozilla/5.0 (Windows NT 10.0; Win64; x64; rv:89.0) Gecko/20100101 Firefox/89.0"
190.119.60.43 - - [29/Apr/2026:08:51:03 -0400] "GET /wp-includes/wp-includes/nav-menu-template.php HTTP/1.1" 301 0 "http://vive.com.pa/wp-includes//wp-includes/nav-menu-template.php" "Mozilla/5.0 (Linux; Android 11; SM-G991B) AppleWebKit/537.36 (KHTML, like Gecko) Chrome/91.0.4472.120 Mobile Safari/537.36"
190.119.60.43 - - [29/Apr/2026:08:50:49 -0400] "GET /wp-includes/wp-includes/meta.php HTTP/1.1" 404 25193 "https://vive.com.pa/wp-includes/wp-includes/meta.php" "Mozilla/5.0 (Windows NT 10.0; Win64; x64; rv:89.0) Gecko/20100101 Firefox/89.0"
190.119.60.43 - - [29/Apr/2026:08:50:50 -0400] "GET /wp-includes/wp-includes/ms-blogs.php HTTP/1.1" 404 25192 "https://vive.com.pa/wp-includes/wp-includes/ms-blogs.php" "Mozilla/5.0 (Windows NT 10.0; WOW64; Trident/7.0; rv:11.0) like Gecko"
190.119.60.43 - - [29/Apr/2026:08:50:53 -0400] "GET /wp-includes/wp-includes/ms-default-filters.php HTTP/1.1" 404 25192 "https://vive.com.pa/wp-includes/wp-includes/ms-default-filters.php" "Mozilla/5.0 (X11; Linux x86_64) AppleWebKit/537.36 (KHTML, like Gecko) Chrome/91.0.4472.124 Safari/537.36"
66.249.69.160 - - [29/Apr/2026:08:50:55 -0400] "GET /245047770.html HTTP/1.1" 200 18576 "-" "Mozilla/5.0 (Linux; Android 6.0.1; Nexus 5X Build/MMB29P) AppleWebKit/537.36 (KHTML, like Gecko) Chrome/147.0.7727.116 Mobile Safari/537.36 (compatible; Googlebot/2.1; +http://www.google.com/bot.html)"
190.119.60.43 - - [29/Apr/2026:08:50:55 -0400] "GET /wp-includes/wp-includes/ms-files.php HTTP/1.1" 301 0 "http://vive.com.pa/wp-includes//wp-includes/ms-files.php" "Mozilla/5.0 (Windows NT 10.0; Win64; x64) AppleWebKit/537.36 (KHTML, like Gecko) Chrome/90.0.4430.212 Safari/537.36"
190.119.60.43 - - [29/Apr/2026:08:50:56 -0400] "GET /wp-includes/wp-includes/ms-files.php HTTP/1.1" 404 25199 "https://vive.com.pa/wp-includes/wp-includes/ms-files.php" "Mozilla/5.0 (Windows NT 10.0; Win64; x64) AppleWebKit/537.36 (KHTML, like Gecko) Chrome/90.0.4430.212 Safari/537.36"
190.119.60.43 - - [29/Apr/2026:08:50:57 -0400] "GET /wp-includes/wp-includes/ms-functions.php HTTP/1.1" 404 25192 "https://vive.com.pa/wp-includes/wp-includes/ms-functions.php" "Mozilla/5.0 (Windows NT 10.0; WOW64; Trident/7.0; rv:11.0) like Gecko"
190.119.60.43 - - [29/Apr/2026:08:50:58 -0400] "GET /wp-includes/wp-includes/ms-load.php HTTP/1.1" 301 0 "http://vive.com.pa/wp-includes//wp-includes/ms-load.php" "Mozilla/5.0 (Windows NT 10.0; Win64; x64) AppleWebKit/537.36 (KHTML, like Gecko) Chrome/90.0.4430.212 Safari/537.36"
190.119.60.43 - - [29/Apr/2026:08:50:58 -0400] "GET /wp-includes/wp-includes/ms-load.php HTTP/1.1" 404 25192 "https://vive.com.pa/wp-includes/wp-includes/ms-load.php" "Mozilla/5.0 (Windows NT 10.0; Win64; x64) AppleWebKit/537.36 (KHTML, like Gecko) Chrome/90.0.4430.212 Safari/537.36"
190.119.60.43 - - [29/Apr/2026:08:50:59 -0400] "GET /wp-includes/wp-includes/ms-network.php HTTP/1.1" 301 0 "http://vive.com.pa/wp-includes//wp-includes/ms-network.php" "Mozilla/5.0 (Windows NT 10.0; WOW64; Trident/7.0; rv:11.0) like Gecko"
190.119.60.43 - - [29/Apr/2026:08:51:00 -0400] "GET /wp-includes/wp-includes/ms-network.php HTTP/1.1" 404 25199 "https://vive.com.pa/wp-includes/wp-includes/ms-network.php" "Mozilla/5.0 (Windows NT 10.0; WOW64; Trident/7.0; rv:11.0) like Gecko"
190.119.60.43 - - [29/Apr/2026:08:51:00 -0400] "GET /wp-includes/wp-includes/ms-settings.php HTTP/1.1" 301 0 "http://vive.com.pa/wp-includes//wp-includes/ms-settings.php" "Mozilla/5.0 (Windows NT 6.1; Win64; x64) AppleWebKit/537.36 (KHTML, like Gecko) Chrome/91.0.4472.124 Safari/537.36"
190.119.60.43 - - [29/Apr/2026:08:51:03 -0400] "GET /wp-includes/wp-includes/ms-site.php HTTP/1.1" 404 25192 "https://vive.com.pa/wp-includes/wp-includes/ms-site.php" "Mozilla/5.0 (Windows NT 10.0; Win64; x64; rv:89.0) Gecko/20100101 Firefox/89.0"
190.119.60.43 - - [29/Apr/2026:08:51:04 -0400] "GET /wp-includes/wp-includes/nav-menu-template.php HTTP/1.1" 404 25192 "https://vive.com.pa/wp-includes/wp-includes/nav-menu-template.php" "Mozilla/5.0 (Linux; Android 11; SM-G991B) AppleWebKit/537.36 (KHTML, like Gecko) Chrome/91.0.4472.120 Mobile Safari/537.36"
190.119.60.43 - - [29/Apr/2026:08:51:06 -0400] "GET /wp-includes/wp-includes/option.php HTTP/1.1" 301 0 "http://vive.com.pa/wp-includes//wp-includes/option.php" "Mozilla/5.0 (Linux; Android 10; SM-A505FN) AppleWebKit/537.36 (KHTML, like Gecko) Chrome/91.0.4472.120 Mobile Safari/537.36"
190.119.60.43 - - [29/Apr/2026:08:51:07 -0400] "GET /wp-includes/wp-includes/option.php HTTP/1.1" 404 25192 "https://vive.com.pa/wp-includes/wp-includes/option.php" "Mozilla/5.0 (Linux; Android 10; SM-A505FN) AppleWebKit/537.36 (KHTML, like Gecko) Chrome/91.0.4472.120 Mobile Safari/537.36"
190.119.60.43 - - [29/Apr/2026:08:51:08 -0400] "GET /wp-includes/wp-includes/pluggable-deprecated.php HTTP/1.1" 301 0 "http://vive.com.pa/wp-includes//wp-includes/pluggable-deprecated.php" "Mozilla/5.0 (Windows NT 6.1; Win64; x64) AppleWebKit/537.36 (KHTML, like Gecko) Chrome/91.0.4472.124 Safari/537.36"
66.249.75.73 - - [29/Apr/2026:08:51:09 -0400] "GET /servicios/ HTTP/1.1" 200 21336 "-" "Mozilla/5.0 (Linux; Android 6.0.1; Nexus 5X Build/MMB29P) AppleWebKit/537.36 (KHTML, like Gecko) Chrome/147.0.7727.116 Mobile Safari/537.36 (compatible; Googlebot/2.1; +http://www.google.com/bot.html)"
190.119.60.43 - - [29/Apr/2026:08:51:09 -0400] "GET /wp-includes/wp-includes/pluggable.php HTTP/1.1" 301 0 "http://vive.com.pa/wp-includes//wp-includes/pluggable.php" "Mozilla/5.0 (Windows NT 6.1; Win64; x64) AppleWebKit/537.36 (KHTML, like Gecko) Chrome/91.0.4472.124 Safari/537.36"
190.119.60.43 - - [29/Apr/2026:08:51:11 -0400] "GET /wp-includes/wp-includes/plugin.php HTTP/1.1" 301 0 "http://vive.com.pa/wp-includes//wp-includes/plugin.php" "Mozilla/5.0 (Windows NT 10.0; WOW64; Trident/7.0; rv:11.0) like Gecko"
190.119.60.43 - - [29/Apr/2026:08:51:13 -0400] "GET /wp-includes/wp-includes/post-template.php HTTP/1.1" 301 0 "http://vive.com.pa/wp-includes//wp-includes/post-template.php" "Mozilla/5.0 (Windows NT 10.0; WOW64; Trident/7.0; rv:11.0) like Gecko"
190.119.60.43 - - [29/Apr/2026:08:51:14 -0400] "GET /wp-includes/wp-includes/post-template.php HTTP/1.1" 404 25192 "https://vive.com.pa/wp-includes/wp-includes/post-template.php" "Mozilla/5.0 (Windows NT 10.0; WOW64; Trident/7.0; rv:11.0) like Gecko"
190.119.60.43 - - [29/Apr/2026:08:51:18 -0400] "GET /wp-includes/wp-includes/query.php HTTP/1.1" 301 0 "http://vive.com.pa/wp-includes//wp-includes/query.php" "Mozilla/5.0 (Windows NT 10.0; WOW64; Trident/7.0; rv:11.0) like Gecko"
190.119.60.43 - - [29/Apr/2026:08:51:19 -0400] "GET /wp-includes/wp-includes/query.php HTTP/1.1" 404 25192 "https://vive.com.pa/wp-includes/wp-includes/query.php" "Mozilla/5.0 (Windows NT 10.0; WOW64; Trident/7.0; rv:11.0) like Gecko"
190.119.60.43 - - [29/Apr/2026:08:51:19 -0400] "GET /wp-includes/wp-includes/registration-functions.php HTTP/1.1" 301 0 "http://vive.com.pa/wp-includes//wp-includes/registration-functions.php" "Mozilla/5.0 (iPad; CPU OS 14_6 like Mac OS X) AppleWebKit/605.1.15 (KHTML, like Gecko) Version/14.1.1 Mobile/15E148 Safari/604.1"
190.119.60.43 - - [29/Apr/2026:08:51:20 -0400] "GET /wp-includes/wp-includes/registration-functions.php HTTP/1.1" 404 25196 "https://vive.com.pa/wp-includes/wp-includes/registration-functions.php" "Mozilla/5.0 (iPad; CPU OS 14_6 like Mac OS X) AppleWebKit/605.1.15 (KHTML, like Gecko) Version/14.1.1 Mobile/15E148 Safari/604.1"
190.119.60.43 - - [29/Apr/2026:08:51:21 -0400] "GET /wp-includes/wp-includes/registration.php HTTP/1.1" 301 0 "http://vive.com.pa/wp-includes//wp-includes/registration.php" "Mozilla/5.0 (X11; Ubuntu; Linux x86_64; rv:89.0) Gecko/20100101 Firefox/89.0"
190.119.60.43 - - [29/Apr/2026:08:51:21 -0400] "GET /wp-includes/wp-includes/registration.php HTTP/1.1" 404 25192 "https://vive.com.pa/wp-includes/wp-includes/registration.php" "Mozilla/5.0 (X11; Ubuntu; Linux x86_64; rv:89.0) Gecko/20100101 Firefox/89.0"
66.249.69.160 - - [29/Apr/2026:08:51:22 -0400] "GET /125033574.html HTTP/1.1" 200 17968 "-" "Mozilla/5.0 (Linux; Android 6.0.1; Nexus 5X Build/MMB29P) AppleWebKit/537.36 (KHTML, like Gecko) Chrome/147.0.7727.116 Mobile Safari/537.36 (compatible; Googlebot/2.1; +http://www.google.com/bot.html)"
190.119.60.43 - - [29/Apr/2026:08:51:05 -0400] "GET /wp-includes/wp-includes/nav-menu.php HTTP/1.1" 301 0 "http://vive.com.pa/wp-includes//wp-includes/nav-menu.php" "Mozilla/5.0 (Macintosh; Intel Mac OS X 10_15_7) AppleWebKit/537.36 (KHTML, like Gecko) Chrome/91.0.4472.124 Safari/537.36"
190.119.60.43 - - [29/Apr/2026:08:51:05 -0400] "GET /wp-includes/wp-includes/nav-menu.php HTTP/1.1" 404 25192 "https://vive.com.pa/wp-includes/wp-includes/nav-menu.php" "Mozilla/5.0 (Macintosh; Intel Mac OS X 10_15_7) AppleWebKit/537.36 (KHTML, like Gecko) Chrome/91.0.4472.124 Safari/537.36"
198.54.125.254 - - [29/Apr/2026:08:51:09 -0400] "POST /wp-cron.php?doing_wp_cron=1777467069.2735550403594970703125 HTTP/1.1" 403 1242 "-" "WordPress/6.8.5; https://www.vive.com.pa"
190.119.60.43 - - [29/Apr/2026:08:51:09 -0400] "GET /wp-includes/wp-includes/pluggable-deprecated.php HTTP/1.1" 404 25192 "https://vive.com.pa/wp-includes/wp-includes/pluggable-deprecated.php" "Mozilla/5.0 (Windows NT 6.1; Win64; x64) AppleWebKit/537.36 (KHTML, like Gecko) Chrome/91.0.4472.124 Safari/537.36"
190.119.60.43 - - [29/Apr/2026:08:51:10 -0400] "GET /wp-includes/wp-includes/pluggable.php HTTP/1.1" 404 25192 "https://vive.com.pa/wp-includes/wp-includes/pluggable.php" "Mozilla/5.0 (Windows NT 6.1; Win64; x64) AppleWebKit/537.36 (KHTML, like Gecko) Chrome/91.0.4472.124 Safari/537.36"
190.119.60.43 - - [29/Apr/2026:08:51:11 -0400] "GET /wp-includes/wp-includes/plugin.php HTTP/1.1" 404 25192 "https://vive.com.pa/wp-includes/wp-includes/plugin.php" "Mozilla/5.0 (Windows NT 10.0; WOW64; Trident/7.0; rv:11.0) like Gecko"
190.119.60.43 - - [29/Apr/2026:08:51:12 -0400] "GET /wp-includes/wp-includes/post-formats.php HTTP/1.1" 301 0 "http://vive.com.pa/wp-includes//wp-includes/post-formats.php" "Mozilla/5.0 (Windows NT 10.0; Win64; x64; rv:89.0) Gecko/20100101 Firefox/89.0"
190.119.60.43 - - [29/Apr/2026:08:51:13 -0400] "GET /wp-includes/wp-includes/post-formats.php HTTP/1.1" 404 25192 "https://vive.com.pa/wp-includes/wp-includes/post-formats.php" "Mozilla/5.0 (Windows NT 10.0; Win64; x64; rv:89.0) Gecko/20100101 Firefox/89.0"
190.119.60.43 - - [29/Apr/2026:08:51:15 -0400] "GET /wp-includes/wp-includes/post-thumbnail-template.php HTTP/1.1" 301 0 "http://vive.com.pa/wp-includes//wp-includes/post-thumbnail-template.php" "Mozilla/5.0 (iPad; CPU OS 14_6 like Mac OS X) AppleWebKit/605.1.15 (KHTML, like Gecko) Version/14.1.1 Mobile/15E148 Safari/604.1"
66.249.69.160 - - [29/Apr/2026:08:51:15 -0400] "GET /?jp/116036107.html HTTP/1.1" 200 18382 "-" "Mozilla/5.0 (Linux; Android 6.0.1; Nexus 5X Build/MMB29P) AppleWebKit/537.36 (KHTML, like Gecko) Chrome/147.0.7727.116 Mobile Safari/537.36 (compatible; Googlebot/2.1; +http://www.google.com/bot.html)"
190.119.60.43 - - [29/Apr/2026:08:51:16 -0400] "GET /wp-includes/wp-includes/post-thumbnail-template.php HTTP/1.1" 404 25196 "https://vive.com.pa/wp-includes/wp-includes/post-thumbnail-template.php" "Mozilla/5.0 (iPad; CPU OS 14_6 like Mac OS X) AppleWebKit/605.1.15 (KHTML, like Gecko) Version/14.1.1 Mobile/15E148 Safari/604.1"
190.119.60.43 - - [29/Apr/2026:08:51:17 -0400] "GET /wp-includes/wp-includes/post.php HTTP/1.1" 301 0 "http://vive.com.pa/wp-includes//wp-includes/post.php" "Mozilla/5.0 (Windows NT 10.0; Win64; x64) AppleWebKit/537.36 (KHTML, like Gecko) Chrome/92.0.4515.107 Safari/537.36"
190.119.60.43 - - [29/Apr/2026:08:51:17 -0400] "GET /wp-includes/wp-includes/post.php HTTP/1.1" 404 25192 "https://vive.com.pa/wp-includes/wp-includes/post.php" "Mozilla/5.0 (Windows NT 10.0; Win64; x64) AppleWebKit/537.36 (KHTML, like Gecko) Chrome/92.0.4515.107 Safari/537.36"
190.119.60.43 - - [29/Apr/2026:08:51:22 -0400] "GET /wp-includes/wp-includes/rest-api.php HTTP/1.1" 301 0 "http://vive.com.pa/wp-includes//wp-includes/rest-api.php" "Mozilla/5.0 (Windows NT 10.0; Win64; x64) AppleWebKit/537.36 (KHTML, like Gecko) Chrome/91.0.4472.124 Safari/537.36"
190.119.60.43 - - [29/Apr/2026:08:51:23 -0400] "GET /wp-includes/wp-includes/rest-api.php HTTP/1.1" 404 25192 "https://vive.com.pa/wp-includes/wp-includes/rest-api.php" "Mozilla/5.0 (Windows NT 10.0; Win64; x64) AppleWebKit/537.36 (KHTML, like Gecko) Chrome/91.0.4472.124 Safari/537.36"
190.119.60.43 - - [29/Apr/2026:08:51:26 -0400] "GET /wp-includes/wp-includes/rewrite.php HTTP/1.1" 404 25192 "https://vive.com.pa/wp-includes/wp-includes/rewrite.php" "Mozilla/5.0 (X11; Ubuntu; Linux x86_64; rv:89.0) Gecko/20100101 Firefox/89.0"
190.119.60.43 - - [29/Apr/2026:08:51:27 -0400] "GET /wp-includes/wp-includes/robots-template.php HTTP/1.1" 404 25192 "https://vive.com.pa/wp-includes/wp-includes/robots-template.php" "Mozilla/5.0 (Windows NT 10.0; Win64; x64) AppleWebKit/537.36 (KHTML, like Gecko) Edge/91.0.864.59"
66.249.69.160 - - [29/Apr/2026:08:51:29 -0400] "GET /268039191.html HTTP/1.1" 200 19077 "-" "Mozilla/5.0 (Linux; Android 6.0.1; Nexus 5X Build/MMB29P) AppleWebKit/537.36 (KHTML, like Gecko) Chrome/147.0.7727.116 Mobile Safari/537.36 (compatible; Googlebot/2.1; +http://www.google.com/bot.html)"
190.119.60.43 - - [29/Apr/2026:08:51:29 -0400] "GET /wp-includes/wp-includes/rss-functions.php HTTP/1.1" 404 25199 "https://vive.com.pa/wp-includes/wp-includes/rss-functions.php" "Mozilla/5.0 (X11; Ubuntu; Linux x86_64; rv:89.0) Gecko/20100101 Firefox/89.0"
190.119.60.43 - - [29/Apr/2026:08:51:30 -0400] "GET /wp-includes/wp-includes/rss.php HTTP/1.1" 404 25199 "https://vive.com.pa/wp-includes/wp-includes/rss.php" "Mozilla/5.0 (Windows NT 10.0; Win64; x64) AppleWebKit/537.36 (KHTML, like Gecko) Edge/91.0.864.59"
190.119.60.43 - - [29/Apr/2026:08:51:31 -0400] "GET /wp-includes/wp-includes/script-loader.php HTTP/1.1" 301 0 "http://vive.com.pa/wp-includes//wp-includes/script-loader.php" "Mozilla/5.0 (X11; Ubuntu; Linux x86_64; rv:89.0) Gecko/20100101 Firefox/89.0"
66.249.69.160 - - [29/Apr/2026:08:51:32 -0400] "GET /?jp/213048241.html HTTP/1.1" 200 19217 "-" "Mozilla/5.0 (Linux; Android 6.0.1; Nexus 5X Build/MMB29P) AppleWebKit/537.36 (KHTML, like Gecko) Chrome/147.0.7727.116 Mobile Safari/537.36 (compatible; Googlebot/2.1; +http://www.google.com/bot.html)"
190.119.60.43 - - [29/Apr/2026:08:51:32 -0400] "GET /wp-includes/wp-includes/script-loader.php HTTP/1.1" 404 25192 "https://vive.com.pa/wp-includes/wp-includes/script-loader.php" "Mozilla/5.0 (X11; Ubuntu; Linux x86_64; rv:89.0) Gecko/20100101 Firefox/89.0"
190.119.60.43 - - [29/Apr/2026:08:51:32 -0400] "GET /wp-includes/wp-includes/script-modules.php HTTP/1.1" 301 0 "http://vive.com.pa/wp-includes//wp-includes/script-modules.php" "Mozilla/5.0 (iPad; CPU OS 14_6 like Mac OS X) AppleWebKit/605.1.15 (KHTML, like Gecko) Version/14.1.1 Mobile/15E148 Safari/604.1"
190.119.60.43 - - [29/Apr/2026:08:51:33 -0400] "GET /wp-includes/wp-includes/script-modules.php HTTP/1.1" 404 25197 "https://vive.com.pa/wp-includes/wp-includes/script-modules.php" "Mozilla/5.0 (iPad; CPU OS 14_6 like Mac OS X) AppleWebKit/605.1.15 (KHTML, like Gecko) Version/14.1.1 Mobile/15E148 Safari/604.1"
190.119.60.43 - - [29/Apr/2026:08:51:34 -0400] "GET /wp-includes/wp-includes/session.php HTTP/1.1" 301 0 "http://vive.com.pa/wp-includes//wp-includes/session.php" "Mozilla/5.0 (Windows NT 10.0; Win64; x64) AppleWebKit/537.36 (KHTML, like Gecko) Chrome/91.0.4472.124 Safari/537.36"
190.119.60.43 - - [29/Apr/2026:08:51:35 -0400] "GET /wp-includes/wp-includes/session.php HTTP/1.1" 404 25192 "https://vive.com.pa/wp-includes/wp-includes/session.php" "Mozilla/5.0 (Windows NT 10.0; Win64; x64) AppleWebKit/537.36 (KHTML, like Gecko) Chrome/91.0.4472.124 Safari/537.36"
190.119.60.43 - - [29/Apr/2026:08:51:38 -0400] "GET /wp-includes/wp-includes/speculative-loading.php HTTP/1.1" 301 0 "http://vive.com.pa/wp-includes//wp-includes/speculative-loading.php" "Mozilla/5.0 (Windows NT 10.0; Win64; x64) AppleWebKit/537.36 (KHTML, like Gecko) Chrome/91.0.4472.124 Safari/537.36"
190.119.60.43 - - [29/Apr/2026:08:51:24 -0400] "GET /wp-includes/wp-includes/revision.php HTTP/1.1" 301 0 "http://vive.com.pa/wp-includes//wp-includes/revision.php" "Mozilla/5.0 (Windows NT 10.0; Win64; x64) AppleWebKit/537.36 (KHTML, like Gecko) Chrome/92.0.4515.107 Safari/537.36"
190.119.60.43 - - [29/Apr/2026:08:51:24 -0400] "GET /wp-includes/wp-includes/revision.php HTTP/1.1" 404 25192 "https://vive.com.pa/wp-includes/wp-includes/revision.php" "Mozilla/5.0 (Windows NT 10.0; Win64; x64) AppleWebKit/537.36 (KHTML, like Gecko) Chrome/92.0.4515.107 Safari/537.36"
190.119.60.43 - - [29/Apr/2026:08:51:25 -0400] "GET /wp-includes/wp-includes/rewrite.php HTTP/1.1" 301 0 "http://vive.com.pa/wp-includes//wp-includes/rewrite.php" "Mozilla/5.0 (X11; Ubuntu; Linux x86_64; rv:89.0) Gecko/20100101 Firefox/89.0"
190.119.60.43 - - [29/Apr/2026:08:51:27 -0400] "GET /wp-includes/wp-includes/robots-template.php HTTP/1.1" 301 0 "http://vive.com.pa/wp-includes//wp-includes/robots-template.php" "Mozilla/5.0 (Windows NT 10.0; Win64; x64) AppleWebKit/537.36 (KHTML, like Gecko) Edge/91.0.864.59"
190.119.60.43 - - [29/Apr/2026:08:51:28 -0400] "GET /wp-includes/wp-includes/rss-functions.php HTTP/1.1" 301 0 "http://vive.com.pa/wp-includes//wp-includes/rss-functions.php" "Mozilla/5.0 (X11; Ubuntu; Linux x86_64; rv:89.0) Gecko/20100101 Firefox/89.0"
190.119.60.43 - - [29/Apr/2026:08:51:30 -0400] "GET /wp-includes/wp-includes/rss.php HTTP/1.1" 301 0 "http://vive.com.pa/wp-includes//wp-includes/rss.php" "Mozilla/5.0 (Windows NT 10.0; Win64; x64) AppleWebKit/537.36 (KHTML, like Gecko) Edge/91.0.864.59"
190.119.60.43 - - [29/Apr/2026:08:51:35 -0400] "GET /wp-includes/wp-includes/shortcodes.php HTTP/1.1" 301 0 "http://vive.com.pa/wp-includes//wp-includes/shortcodes.php" "Mozilla/5.0 (iPad; CPU OS 14_6 like Mac OS X) AppleWebKit/605.1.15 (KHTML, like Gecko) Version/14.1.1 Mobile/15E148 Safari/604.1"
66.249.69.160 - - [29/Apr/2026:08:51:35 -0400] "GET /082026687.html HTTP/1.1" 200 19286 "-" "Mozilla/5.0 (Linux; Android 6.0.1; Nexus 5X Build/MMB29P) AppleWebKit/537.36 (KHTML, like Gecko) Chrome/147.0.7727.116 Mobile Safari/537.36 (compatible; Googlebot/2.1; +http://www.google.com/bot.html)"
190.119.60.43 - - [29/Apr/2026:08:51:36 -0400] "GET /wp-includes/wp-includes/shortcodes.php HTTP/1.1" 404 25203 "https://vive.com.pa/wp-includes/wp-includes/shortcodes.php" "Mozilla/5.0 (iPad; CPU OS 14_6 like Mac OS X) AppleWebKit/605.1.15 (KHTML, like Gecko) Version/14.1.1 Mobile/15E148 Safari/604.1"
190.119.60.43 - - [29/Apr/2026:08:51:37 -0400] "GET /wp-includes/wp-includes/sitemaps.php HTTP/1.1" 301 0 "http://vive.com.pa/wp-includes//wp-includes/sitemaps.php" "Mozilla/5.0 (Macintosh; Intel Mac OS X 10_14_6) AppleWebKit/537.36 (KHTML, like Gecko) Chrome/91.0.4472.124 Safari/537.36"
190.119.60.43 - - [29/Apr/2026:08:51:37 -0400] "GET /wp-includes/wp-includes/sitemaps.php HTTP/1.1" 404 25192 "https://vive.com.pa/wp-includes/wp-includes/sitemaps.php" "Mozilla/5.0 (Macintosh; Intel Mac OS X 10_14_6) AppleWebKit/537.36 (KHTML, like Gecko) Chrome/91.0.4472.124 Safari/537.36"
190.119.60.43 - - [29/Apr/2026:08:51:40 -0400] "GET /wp-includes/wp-includes/spl-autoload-compat.php HTTP/1.1" 404 25192 "https://vive.com.pa/wp-includes/wp-includes/spl-autoload-compat.php" "Mozilla/5.0 (Windows NT 10.0; Win64; x64) AppleWebKit/537.36 (KHTML, like Gecko) Chrome/92.0.4515.107 Safari/537.36"
190.119.60.43 - - [29/Apr/2026:08:51:41 -0400] "GET /wp-includes/wp-includes/style-engine.php HTTP/1.1" 301 0 "http://vive.com.pa/wp-includes//wp-includes/style-engine.php" "Mozilla/5.0 (Windows NT 10.0; Win64; x64) AppleWebKit/537.36 (KHTML, like Gecko) Chrome/90.0.4430.212 Safari/537.36"
66.249.69.160 - - [29/Apr/2026:08:51:42 -0400] "GET /115045654.html HTTP/1.1" 200 19423 "-" "Mozilla/5.0 (Linux; Android 6.0.1; Nexus 5X Build/MMB29P) AppleWebKit/537.36 (KHTML, like Gecko) Chrome/147.0.7727.116 Mobile Safari/537.36 (compatible; Googlebot/2.1; +http://www.google.com/bot.html)"
190.119.60.43 - - [29/Apr/2026:08:51:39 -0400] "GET /wp-includes/wp-includes/speculative-loading.php HTTP/1.1" 404 25192 "https://vive.com.pa/wp-includes/wp-includes/speculative-loading.php" "Mozilla/5.0 (Windows NT 10.0; Win64; x64) AppleWebKit/537.36 (KHTML, like Gecko) Chrome/91.0.4472.124 Safari/537.36"
190.119.60.43 - - [29/Apr/2026:08:51:39 -0400] "GET /wp-includes/wp-includes/spl-autoload-compat.php HTTP/1.1" 301 0 "http://vive.com.pa/wp-includes//wp-includes/spl-autoload-compat.php" "Mozilla/5.0 (Windows NT 10.0; Win64; x64) AppleWebKit/537.36 (KHTML, like Gecko) Chrome/92.0.4515.107 Safari/537.36"
190.119.60.43 - - [29/Apr/2026:08:51:42 -0400] "GET /wp-includes/wp-includes/style-engine.php HTTP/1.1" 404 25192 "https://vive.com.pa/wp-includes/wp-includes/style-engine.php" "Mozilla/5.0 (Windows NT 10.0; Win64; x64) AppleWebKit/537.36 (KHTML, like Gecko) Chrome/90.0.4430.212 Safari/537.36"
190.119.60.43 - - [29/Apr/2026:08:51:44 -0400] "GET /wp-includes/wp-includes/template-canvas.php HTTP/1.1" 301 0 "http://vive.com.pa/wp-includes//wp-includes/template-canvas.php" "Mozilla/5.0 (iPhone; CPU iPhone OS 14_6 like Mac OS X) AppleWebKit/605.1.15 (KHTML, like Gecko) Version/14.1.1 Mobile/15E148 Safari/604.1"
190.119.60.43 - - [29/Apr/2026:08:51:44 -0400] "GET /wp-includes/wp-includes/template-canvas.php HTTP/1.1" 404 25196 "https://vive.com.pa/wp-includes/wp-includes/template-canvas.php" "Mozilla/5.0 (iPhone; CPU iPhone OS 14_6 like Mac OS X) AppleWebKit/605.1.15 (KHTML, like Gecko) Version/14.1.1 Mobile/15E148 Safari/604.1"
190.119.60.43 - - [29/Apr/2026:08:51:45 -0400] "GET /wp-includes/wp-includes/template-loader.php HTTP/1.1" 301 0 "http://vive.com.pa/wp-includes//wp-includes/template-loader.php" "Mozilla/5.0 (Windows NT 10.0; Win64; x64; rv:89.0) Gecko/20100101 Firefox/89.0"
190.119.60.43 - - [29/Apr/2026:08:51:46 -0400] "GET /wp-includes/wp-includes/template.php HTTP/1.1" 301 0 "http://vive.com.pa/wp-includes//wp-includes/template.php" "Mozilla/5.0 (iPad; CPU OS 14_6 like Mac OS X) AppleWebKit/605.1.15 (KHTML, like Gecko) Version/14.1.1 Mobile/15E148 Safari/604.1"
190.119.60.43 - - [29/Apr/2026:08:51:47 -0400] "GET /wp-includes/wp-includes/template.php HTTP/1.1" 404 25196 "https://vive.com.pa/wp-includes/wp-includes/template.php" "Mozilla/5.0 (iPad; CPU OS 14_6 like Mac OS X) AppleWebKit/605.1.15 (KHTML, like Gecko) Version/14.1.1 Mobile/15E148 Safari/604.1"
