66.249.69.161 - - [29/Apr/2026:09:13:04 -0400] "GET /shop/pg/174ass/30578 HTTP/1.1" 200 19420 "-" "Mozilla/5.0 (Linux; Android 6.0.1; Nexus 5X Build/MMB29P) AppleWebKit/537.36 (KHTML, like Gecko) Chrome/147.0.7727.116 Mobile Safari/537.36 (compatible; Googlebot/2.1; +http://www.google.com/bot.html)"
66.249.69.161 - - [29/Apr/2026:09:13:10 -0400] "GET /shop/pg/105tourism/1771 HTTP/1.1" 200 18683 "-" "Mozilla/5.0 (Linux; Android 6.0.1; Nexus 5X Build/MMB29P) AppleWebKit/537.36 (KHTML, like Gecko) Chrome/147.0.7727.116 Mobile Safari/537.36 (compatible; Googlebot/2.1; +http://www.google.com/bot.html)"
66.249.69.160 - - [29/Apr/2026:09:13:16 -0400] "GET /shop/pg/126rub/42738 HTTP/1.1" 200 19070 "-" "Mozilla/5.0 (Linux; Android 6.0.1; Nexus 5X Build/MMB29P) AppleWebKit/537.36 (KHTML, like Gecko) Chrome/147.0.7727.116 Mobile Safari/537.36 (compatible; Googlebot/2.1; +http://www.google.com/bot.html)"
66.249.69.160 - - [29/Apr/2026:09:13:35 -0400] "GET /shop/pg/83fairly/29819 HTTP/1.1" 200 18591 "-" "Mozilla/5.0 (Linux; Android 6.0.1; Nexus 5X Build/MMB29P) AppleWebKit/537.36 (KHTML, like Gecko) Chrome/147.0.7727.116 Mobile Safari/537.36 (compatible; Googlebot/2.1; +http://www.google.com/bot.html)"
66.249.69.160 - - [29/Apr/2026:09:13:39 -0400] "GET /shop/pg/86approve/5458 HTTP/1.1" 200 18945 "-" "Mozilla/5.0 (Linux; Android 6.0.1; Nexus 5X Build/MMB29P) AppleWebKit/537.36 (KHTML, like Gecko) Chrome/147.0.7727.116 Mobile Safari/537.36 (compatible; Googlebot/2.1; +http://www.google.com/bot.html)"
66.249.69.160 - - [29/Apr/2026:09:13:43 -0400] "GET /shop/pg/159tiny/37971 HTTP/1.1" 200 18623 "-" "Mozilla/5.0 (Linux; Android 6.0.1; Nexus 5X Build/MMB29P) AppleWebKit/537.36 (KHTML, like Gecko) Chrome/147.0.7727.116 Mobile Safari/537.36 (compatible; Googlebot/2.1; +http://www.google.com/bot.html)"
66.249.69.160 - - [29/Apr/2026:09:14:07 -0400] "GET /shop/pg/212reduce/22800 HTTP/1.1" 200 19317 "-" "Mozilla/5.0 (Linux; Android 6.0.1; Nexus 5X Build/MMB29P) AppleWebKit/537.36 (KHTML, like Gecko) Chrome/147.0.7727.116 Mobile Safari/537.36 (compatible; Googlebot/2.1; +http://www.google.com/bot.html)"
66.249.69.161 - - [29/Apr/2026:09:14:17 -0400] "GET /shop/pg/40unless/49322 HTTP/1.1" 200 19229 "-" "Mozilla/5.0 (Linux; Android 6.0.1; Nexus 5X Build/MMB29P) AppleWebKit/537.36 (KHTML, like Gecko) Chrome/147.0.7727.116 Mobile Safari/537.36 (compatible; Googlebot/2.1; +http://www.google.com/bot.html)"
66.249.69.160 - - [29/Apr/2026:09:14:23 -0400] "GET /shop/pg/206throw/47370 HTTP/1.1" 200 19396 "-" "Mozilla/5.0 (Linux; Android 6.0.1; Nexus 5X Build/MMB29P) AppleWebKit/537.36 (KHTML, like Gecko) Chrome/147.0.7727.116 Mobile Safari/537.36 (compatible; Googlebot/2.1; +http://www.google.com/bot.html)"
66.249.69.160 - - [29/Apr/2026:09:14:44 -0400] "GET /shop/pg/293new/32563 HTTP/1.1" 200 18700 "-" "Mozilla/5.0 (Linux; Android 6.0.1; Nexus 5X Build/MMB29P) AppleWebKit/537.36 (KHTML, like Gecko) Chrome/147.0.7727.116 Mobile Safari/537.36 (compatible; Googlebot/2.1; +http://www.google.com/bot.html)"
66.249.69.160 - - [29/Apr/2026:09:14:50 -0400] "GET /shop/pg/263occur/24517 HTTP/1.1" 200 18963 "-" "Mozilla/5.0 (Linux; Android 6.0.1; Nexus 5X Build/MMB29P) AppleWebKit/537.36 (KHTML, like Gecko) Chrome/147.0.7727.116 Mobile Safari/537.36 (compatible; Googlebot/2.1; +http://www.google.com/bot.html)"
66.249.69.160 - - [29/Apr/2026:09:14:57 -0400] "GET /shop/pg/262protection/25350 HTTP/1.1" 200 18627 "-" "Mozilla/5.0 (Linux; Android 6.0.1; Nexus 5X Build/MMB29P) AppleWebKit/537.36 (KHTML, like Gecko) Chrome/147.0.7727.116 Mobile Safari/537.36 (compatible; Googlebot/2.1; +http://www.google.com/bot.html)"
66.249.69.161 - - [29/Apr/2026:09:15:11 -0400] "GET /shop/pg/215definition/17393 HTTP/1.1" 200 19791 "-" "Mozilla/5.0 (Linux; Android 6.0.1; Nexus 5X Build/MMB29P) AppleWebKit/537.36 (KHTML, like Gecko) Chrome/147.0.7727.116 Mobile Safari/537.36 (compatible; Googlebot/2.1; +http://www.google.com/bot.html)"
66.249.69.160 - - [29/Apr/2026:09:15:24 -0400] "GET /shop/pg/112off/31530 HTTP/1.1" 200 19415 "-" "Mozilla/5.0 (Linux; Android 6.0.1; Nexus 5X Build/MMB29P) AppleWebKit/537.36 (KHTML, like Gecko) Chrome/147.0.7727.116 Mobile Safari/537.36 (compatible; Googlebot/2.1; +http://www.google.com/bot.html)"
66.249.69.160 - - [29/Apr/2026:09:15:38 -0400] "GET /shop/pg/119responsibility/6325 HTTP/1.1" 200 19221 "-" "Mozilla/5.0 (Linux; Android 6.0.1; Nexus 5X Build/MMB29P) AppleWebKit/537.36 (KHTML, like Gecko) Chrome/147.0.7727.116 Mobile Safari/537.36 (compatible; Googlebot/2.1; +http://www.google.com/bot.html)"
66.249.69.160 - - [29/Apr/2026:09:15:51 -0400] "GET /shop/pg/166tip/47554 HTTP/1.1" 200 19482 "-" "Mozilla/5.0 (Linux; Android 6.0.1; Nexus 5X Build/MMB29P) AppleWebKit/537.36 (KHTML, like Gecko) Chrome/147.0.7727.116 Mobile Safari/537.36 (compatible; Googlebot/2.1; +http://www.google.com/bot.html)"
66.249.69.160 - - [29/Apr/2026:09:15:58 -0400] "GET /shop/pg/124unable/1440 HTTP/1.1" 200 18860 "-" "Mozilla/5.0 (Linux; Android 6.0.1; Nexus 5X Build/MMB29P) AppleWebKit/537.36 (KHTML, like Gecko) Chrome/147.0.7727.116 Mobile Safari/537.36 (compatible; Googlebot/2.1; +http://www.google.com/bot.html)"
66.249.69.161 - - [29/Apr/2026:09:16:05 -0400] "GET /shop/pg/198demographic/9504 HTTP/1.1" 200 17731 "-" "Mozilla/5.0 (Linux; Android 6.0.1; Nexus 5X Build/MMB29P) AppleWebKit/537.36 (KHTML, like Gecko) Chrome/147.0.7727.116 Mobile Safari/537.36 (compatible; Googlebot/2.1; +http://www.google.com/bot.html)"
45.84.107.182 - - [29/Apr/2026:09:16:13 -0400] "GET /contacto HTTP/1.1" 301 795 "https://www.vive.com.pa/contacto" "Mozilla/5.0 (Linux; arm; Android 5.1; HUAWEI TIT-U02) AppleWebKit/537.36 (KHTML, like Gecko) Chrome/80.0.3987.132 YaBrowser/20.3.2.107.00 Mobile Safari/537.36"
45.84.107.182 - - [29/Apr/2026:09:16:13 -0400] "GET /contacto/ HTTP/1.1" 200 188077 "https://www.vive.com.pa/contacto" "Mozilla/5.0 (Linux; arm; Android 5.1; HUAWEI TIT-U02) AppleWebKit/537.36 (KHTML, like Gecko) Chrome/80.0.3987.132 YaBrowser/20.3.2.107.00 Mobile Safari/537.36"
185.247.137.101 - - [29/Apr/2026:09:16:14 -0400] "GET /wp-content/uploads/2018/04/cropped-icono-logo-180x180.png HTTP/1.1" 200 26729 "-" "Mozilla/5.0 (compatible; InternetMeasurement/1.0; +https://internet-measurement.com/)"
87.236.176.23 - - [29/Apr/2026:09:16:14 -0400] "GET /wp-content/uploads/2018/04/cropped-icono-logo-32x32.png HTTP/1.1" 200 1613 "-" "Mozilla/5.0 (compatible; InternetMeasurement/1.0; +https://internet-measurement.com/)"
185.247.137.67 - - [29/Apr/2026:09:16:14 -0400] "GET /wp-content/uploads/2018/04/cropped-icono-logo-270x270.png HTTP/1.1" 200 51931 "-" "Mozilla/5.0 (compatible; InternetMeasurement/1.0; +https://internet-measurement.com/)"
66.249.69.160 - - [29/Apr/2026:09:16:18 -0400] "GET /shop/pg/243senior/15191 HTTP/1.1" 200 18820 "-" "Mozilla/5.0 (Linux; Android 6.0.1; Nexus 5X Build/MMB29P) AppleWebKit/537.36 (KHTML, like Gecko) Chrome/147.0.7727.116 Mobile Safari/537.36 (compatible; Googlebot/2.1; +http://www.google.com/bot.html)"
66.249.69.160 - - [29/Apr/2026:09:16:25 -0400] "GET /shop/pg/21toxic/17695 HTTP/1.1" 200 19502 "-" "Mozilla/5.0 (Linux; Android 6.0.1; Nexus 5X Build/MMB29P) AppleWebKit/537.36 (KHTML, like Gecko) Chrome/147.0.7727.116 Mobile Safari/537.36 (compatible; Googlebot/2.1; +http://www.google.com/bot.html)"
66.249.69.160 - - [29/Apr/2026:09:16:37 -0400] "GET /shop/pg/145cabin/6491 HTTP/1.1" 200 19730 "-" "Mozilla/5.0 (Linux; Android 6.0.1; Nexus 5X Build/MMB29P) AppleWebKit/537.36 (KHTML, like Gecko) Chrome/147.0.7727.116 Mobile Safari/537.36 (compatible; Googlebot/2.1; +http://www.google.com/bot.html)"
66.249.69.160 - - [29/Apr/2026:09:16:40 -0400] "GET /shop/pg/175chew/4875 HTTP/1.1" 200 20012 "-" "Mozilla/5.0 (Linux; Android 6.0.1; Nexus 5X Build/MMB29P) AppleWebKit/537.36 (KHTML, like Gecko) Chrome/147.0.7727.116 Mobile Safari/537.36 (compatible; Googlebot/2.1; +http://www.google.com/bot.html)"
66.249.69.160 - - [29/Apr/2026:09:15:31 -0400] "GET /shop/pg/125vessel/18665 HTTP/1.1" 200 19378 "-" "Mozilla/5.0 (Linux; Android 6.0.1; Nexus 5X Build/MMB29P) AppleWebKit/537.36 (KHTML, like Gecko) Chrome/147.0.7727.116 Mobile Safari/537.36 (compatible; Googlebot/2.1; +http://www.google.com/bot.html)"
66.249.69.160 - - [29/Apr/2026:09:15:45 -0400] "GET /shop/pg/161attorney/21545 HTTP/1.1" 200 19189 "-" "Mozilla/5.0 (Linux; Android 6.0.1; Nexus 5X Build/MMB29P) AppleWebKit/537.36 (KHTML, like Gecko) Chrome/147.0.7727.116 Mobile Safari/537.36 (compatible; Googlebot/2.1; +http://www.google.com/bot.html)"
66.249.69.160 - - [29/Apr/2026:09:16:12 -0400] "GET /shop/pg/50excellent/6366 HTTP/1.1" 200 19293 "-" "Mozilla/5.0 (Linux; Android 6.0.1; Nexus 5X Build/MMB29P) AppleWebKit/537.36 (KHTML, like Gecko) Chrome/147.0.7727.116 Mobile Safari/537.36 (compatible; Googlebot/2.1; +http://www.google.com/bot.html)"
198.54.125.254 - - [29/Apr/2026:09:16:12 -0400] "POST /wp-cron.php?doing_wp_cron=1777468572.7510399818420410156250 HTTP/1.1" 403 1242 "-" "WordPress/6.8.5; https://www.vive.com.pa"
185.247.137.99 - - [29/Apr/2026:09:16:12 -0400] "GET / HTTP/1.1" 200 32157 "-" "Mozilla/5.0 (compatible; InternetMeasurement/1.0; +https://internet-measurement.com/)"
87.236.176.77 - - [29/Apr/2026:09:16:14 -0400] "GET /wp-content/uploads/2018/04/cropped-icono-logo-192x192.png HTTP/1.1" 200 21642 "-" "Mozilla/5.0 (compatible; InternetMeasurement/1.0; +https://internet-measurement.com/)"
185.247.137.201 - - [29/Apr/2026:09:16:14 -0400] "GET /wp-content/uploads/2018/04/LP2.png HTTP/1.1" 200 7949 "-" "Mozilla/5.0 (compatible; InternetMeasurement/1.0; +https://internet-measurement.com/)"
87.236.176.45 - - [29/Apr/2026:09:16:14 -0400] "GET /wp-content/uploads/2018/04/LP.png HTTP/1.1" 200 1385 "-" "Mozilla/5.0 (compatible; InternetMeasurement/1.0; +https://internet-measurement.com/)"
66.249.69.160 - - [29/Apr/2026:09:16:37 -0400] "GET /?detail/1900298993542 HTTP/1.1" 200 20320 "-" "Mozilla/5.0 (Linux; Android 6.0.1; Nexus 5X Build/MMB29P) AppleWebKit/537.36 (KHTML, like Gecko) Chrome/147.0.7727.116 Mobile Safari/537.36 (compatible; Googlebot/2.1; +http://www.google.com/bot.html)"
66.249.69.160 - - [29/Apr/2026:09:16:52 -0400] "GET /shop/pg/221temple/31589 HTTP/1.1" 200 19382 "-" "Mozilla/5.0 (Linux; Android 6.0.1; Nexus 5X Build/MMB29P) AppleWebKit/537.36 (KHTML, like Gecko) Chrome/147.0.7727.116 Mobile Safari/537.36 (compatible; Googlebot/2.1; +http://www.google.com/bot.html)"
66.249.69.160 - - [29/Apr/2026:09:16:59 -0400] "GET /shop/pg/67undergraduate/43503 HTTP/1.1" 200 19904 "-" "Mozilla/5.0 (Linux; Android 6.0.1; Nexus 5X Build/MMB29P) AppleWebKit/537.36 (KHTML, like Gecko) Chrome/147.0.7727.116 Mobile Safari/537.36 (compatible; Googlebot/2.1; +http://www.google.com/bot.html)"
66.249.69.161 - - [29/Apr/2026:09:18:09 -0400] "GET /160039945.html HTTP/1.1" 200 18833 "-" "Mozilla/5.0 (Linux; Android 6.0.1; Nexus 5X Build/MMB29P) AppleWebKit/537.36 (KHTML, like Gecko) Chrome/147.0.7727.116 Mobile Safari/537.36 (compatible; Googlebot/2.1; +http://www.google.com/bot.html)"
66.249.69.161 - - [29/Apr/2026:09:18:29 -0400] "GET /shop/pg/220above/33300 HTTP/1.1" 200 18480 "-" "Mozilla/5.0 (Linux; Android 6.0.1; Nexus 5X Build/MMB29P) AppleWebKit/537.36 (KHTML, like Gecko) Chrome/147.0.7727.116 Mobile Safari/537.36 (compatible; Googlebot/2.1; +http://www.google.com/bot.html)"
66.249.69.160 - - [29/Apr/2026:09:18:30 -0400] "GET /shop/pg/243prohibit/48737 HTTP/1.1" 200 20136 "-" "Mozilla/5.0 (Linux; Android 6.0.1; Nexus 5X Build/MMB29P) AppleWebKit/537.36 (KHTML, like Gecko) Chrome/147.0.7727.116 Mobile Safari/537.36 (compatible; Googlebot/2.1; +http://www.google.com/bot.html)"
91.99.166.197 - - [29/Apr/2026:09:18:42 -0400] "GET / HTTP/1.1" 200 126909 "-" "Mozilla/5.0 (X11; Linux x86_64) AppleWebKit/537.36 (KHTML, like Gecko) Chrome/119.0.0.0 Safari/537.3"
216.73.217.4 - - [29/Apr/2026:09:18:43 -0400] "GET /robots.txt HTTP/1.1" 200 106 "-" "Mozilla/5.0 AppleWebKit/537.36 (KHTML, like Gecko; compatible; ClaudeBot/1.0; +claudebot@anthropic.com)"
66.249.69.160 - - [29/Apr/2026:09:16:45 -0400] "GET /shop/pg/298specific/3604 HTTP/1.1" 200 19502 "-" "Mozilla/5.0 (Linux; Android 6.0.1; Nexus 5X Build/MMB29P) AppleWebKit/537.36 (KHTML, like Gecko) Chrome/147.0.7727.116 Mobile Safari/537.36 (compatible; Googlebot/2.1; +http://www.google.com/bot.html)"
66.249.75.73 - - [29/Apr/2026:09:18:09 -0400] "GET /shop/pg/8picture/434 HTTP/1.1" 200 20813 "-" "Mozilla/5.0 (Linux; Android 6.0.1; Nexus 5X Build/MMB29P) AppleWebKit/537.36 (KHTML, like Gecko) Chrome/147.0.7727.116 Mobile Safari/537.36 (compatible; Googlebot/2.1; +http://www.google.com/bot.html)"
66.249.75.73 - - [29/Apr/2026:09:18:28 -0400] "GET /?detail/1240468138446 HTTP/1.1" 200 19923 "-" "Mozilla/5.0 (Linux; Android 6.0.1; Nexus 5X Build/MMB29P) AppleWebKit/537.36 (KHTML, like Gecko) Chrome/147.0.7727.116 Mobile Safari/537.36 (compatible; Googlebot/2.1; +http://www.google.com/bot.html)"
66.249.69.161 - - [29/Apr/2026:09:18:29 -0400] "GET /shop/pg/104jurisdiction/12608 HTTP/1.1" 200 19498 "-" "Mozilla/5.0 (Linux; Android 6.0.1; Nexus 5X Build/MMB29P) AppleWebKit/537.36 (KHTML, like Gecko) Chrome/147.0.7727.116 Mobile Safari/537.36 (compatible; Googlebot/2.1; +http://www.google.com/bot.html)"
198.54.125.254 - - [29/Apr/2026:09:18:42 -0400] "POST /wp-cron.php?doing_wp_cron=1777468722.6686470508575439453125 HTTP/1.1" 403 1242 "-" "WordPress/6.8.5; https://www.vive.com.pa"
216.73.217.4 - - [29/Apr/2026:09:18:43 -0400] "GET / HTTP/1.1" 301 0 "-" "Mozilla/5.0 AppleWebKit/537.36 (KHTML, like Gecko; compatible; ClaudeBot/1.0; +claudebot@anthropic.com)"
91.99.166.197 - - [29/Apr/2026:09:18:43 -0400] "GET /wp-admin/js/customize-controls.min.js HTTP/1.1" 200 111759 "-" "Mozilla/5.0 (Linux; Android 14; SAMSUNG SM-G990B) AppleWebKit/537.36 (KHTML, like Gecko) SamsungBrowser/23.0 Chrome/115.0.0.0 Mobile Safari/537.3"
91.99.166.197 - - [29/Apr/2026:09:18:45 -0400] "GET /wp-includes/js/dist/block-library.js HTTP/1.1" 200 2232874 "-" "Mozilla/5.0 (Linux; Android 14; SAMSUNG SM-G990B) AppleWebKit/537.36 (KHTML, like Gecko) SamsungBrowser/23.0 Chrome/115.0.0.0 Mobile Safari/537.3"
216.73.217.4 - - [29/Apr/2026:09:18:45 -0400] "GET / HTTP/1.1" 200 27869 "https://vive.com.pa/" "Mozilla/5.0 AppleWebKit/537.36 (KHTML, like Gecko; compatible; ClaudeBot/1.0; +claudebot@anthropic.com)"
91.99.166.197 - - [29/Apr/2026:09:18:46 -0400] "GET /wp-includes/js/wp-util.min.js HTTP/1.1" 200 1431 "-" "Mozilla/5.0 (Linux; Android 14; SAMSUNG SM-G990B) AppleWebKit/537.36 (KHTML, like Gecko) SamsungBrowser/23.0 Chrome/115.0.0.0 Mobile Safari/537.3"
116.203.213.1 - - [29/Apr/2026:09:18:49 -0400] "GET / HTTP/1.1" 200 126909 "-" "Mozilla/5.0 (Windows NT 10.0; Win64; x64; rv:109.0) Gecko/20100101 Firefox/117."
116.203.213.1 - - [29/Apr/2026:09:18:50 -0400] "GET / HTTP/1.1" 301 0 "-" "Mozilla/5.0 (iPhone; CPU iPhone OS 17_1 like Mac OS X) AppleWebKit/605.1.15 (KHTML, like Gecko) GSA/273.0.547966426 Mobile/15E148 Safari/604."
66.249.69.160 - - [29/Apr/2026:09:19:10 -0400] "GET /shop/pg/274personally/37040 HTTP/1.1" 200 20206 "-" "Mozilla/5.0 (Linux; Android 6.0.1; Nexus 5X Build/MMB29P) AppleWebKit/537.36 (KHTML, like Gecko) Chrome/147.0.7727.116 Mobile Safari/537.36 (compatible; Googlebot/2.1; +http://www.google.com/bot.html)"
66.249.69.162 - - [29/Apr/2026:09:20:17 -0400] "GET /shop/pg/84arrange/34294 HTTP/1.1" 200 18679 "-" "Mozilla/5.0 (Linux; Android 6.0.1; Nexus 5X Build/MMB29P) AppleWebKit/537.36 (KHTML, like Gecko) Chrome/147.0.7727.116 Mobile Safari/537.36 (compatible; Googlebot/2.1; +http://www.google.com/bot.html)"
66.249.69.162 - - [29/Apr/2026:09:21:18 -0400] "GET /130035639.html HTTP/1.1" 200 18430 "-" "Mozilla/5.0 (Linux; Android 6.0.1; Nexus 5X Build/MMB29P) AppleWebKit/537.36 (KHTML, like Gecko) Chrome/147.0.7727.116 Mobile Safari/537.36 (compatible; Googlebot/2.1; +http://www.google.com/bot.html)"
185.247.137.160 - - [29/Apr/2026:09:21:44 -0400] "GET /wp-content/uploads/2018/04/cropped-icono-logo-32x32.png HTTP/1.1" 200 1613 "-" "Mozilla/5.0 (compatible; InternetMeasurement/1.0; +https://internet-measurement.com/)"
91.99.166.197 - - [29/Apr/2026:09:18:46 -0400] "GET /wp-admin/js/nav-menu.min.js HTTP/1.1" 200 30563 "-" "Mozilla/5.0 (Linux; Android 14; SAMSUNG SM-G990B) AppleWebKit/537.36 (KHTML, like Gecko) SamsungBrowser/23.0 Chrome/115.0.0.0 Mobile Safari/537.3"
116.203.213.1 - - [29/Apr/2026:09:18:52 -0400] "GET / HTTP/1.1" 200 126913 "https://vive.com.pa/" "Mozilla/5.0 (iPhone; CPU iPhone OS 17_1 like Mac OS X) AppleWebKit/605.1.15 (KHTML, like Gecko) GSA/273.0.547966426 Mobile/15E148 Safari/604."
66.249.75.73 - - [29/Apr/2026:09:18:57 -0400] "GET /shop/pg/15strictly/391 HTTP/1.1" 200 19542 "-" "Mozilla/5.0 (Linux; Android 6.0.1; Nexus 5X Build/MMB29P) AppleWebKit/537.36 (KHTML, like Gecko) Chrome/147.0.7727.116 Mobile Safari/537.36 (compatible; Googlebot/2.1; +http://www.google.com/bot.html)"
66.249.69.160 - - [29/Apr/2026:09:20:27 -0400] "GET /shop/pg/81confident/28617 HTTP/1.1" 200 18634 "-" "Mozilla/5.0 (Linux; Android 6.0.1; Nexus 5X Build/MMB29P) AppleWebKit/537.36 (KHTML, like Gecko) Chrome/147.0.7727.116 Mobile Safari/537.36 (compatible; Googlebot/2.1; +http://www.google.com/bot.html)"
8.209.91.142 - - [29/Apr/2026:09:20:41 -0400] "GET /.env HTTP/1.1" 403 1242 "-" "Mozilla/5.0 (X11; Linux x86_64) AppleWebKit/537.36 (KHTML, like Gecko) Chrome/81.0.4044.129 Safari/537.36"
8.209.91.142 - - [29/Apr/2026:09:20:41 -0400] "POST / HTTP/1.1" 200 32111 "-" "Mozilla/5.0 (X11; Linux x86_64) AppleWebKit/537.36 (KHTML, like Gecko) Chrome/81.0.4044.129 Safari/537.36"
66.249.69.160 - - [29/Apr/2026:09:21:28 -0400] "GET /shop/pg/202quote/29412 HTTP/1.1" 200 17873 "-" "Mozilla/5.0 (Linux; Android 6.0.1; Nexus 5X Build/MMB29P) AppleWebKit/537.36 (KHTML, like Gecko) Chrome/147.0.7727.116 Mobile Safari/537.36 (compatible; Googlebot/2.1; +http://www.google.com/bot.html)"
198.54.125.254 - - [29/Apr/2026:09:21:41 -0400] "POST /wp-cron.php?doing_wp_cron=1777468901.8124349117279052734375 HTTP/1.1" 403 1242 "-" "WordPress/6.8.5; https://www.vive.com.pa"
87.236.176.249 - - [29/Apr/2026:09:21:41 -0400] "GET / HTTP/1.1" 200 32157 "http://www.vive.com.pa" "Mozilla/5.0 (compatible; InternetMeasurement/1.0; +https://internet-measurement.com/)"
185.247.137.97 - - [29/Apr/2026:09:21:44 -0400] "GET /wp-content/uploads/2018/04/LP.png HTTP/1.1" 200 1385 "-" "Mozilla/5.0 (compatible; InternetMeasurement/1.0; +https://internet-measurement.com/)"
185.247.137.175 - - [29/Apr/2026:09:21:44 -0400] "GET /favicon.ico HTTP/1.1" 404 1251 "-" "Mozilla/5.0 (compatible; InternetMeasurement/1.0; +https://internet-measurement.com/)"
157.245.243.118 - - [29/Apr/2026:09:21:45 -0400] "GET /favicon.ico HTTP/1.1" 404 1251 "-" "Mozilla/5.0 (compatible; InternetMeasurement/1.0; +https://internet-measurement.com/)"
66.249.69.160 - - [29/Apr/2026:09:22:26 -0400] "GET /?detail/28001830640696 HTTP/1.1" 200 19140 "-" "Mozilla/5.0 (Linux; Android 6.0.1; Nexus 5X Build/MMB29P) AppleWebKit/537.36 (KHTML, like Gecko) Chrome/147.0.7727.116 Mobile Safari/537.36 (compatible; Googlebot/2.1; +http://www.google.com/bot.html)"
66.249.69.160 - - [29/Apr/2026:09:23:16 -0400] "GET /shop/pg/268Dutch/43082 HTTP/1.1" 200 18294 "-" "Mozilla/5.0 (Linux; Android 6.0.1; Nexus 5X Build/MMB29P) AppleWebKit/537.36 (KHTML, like Gecko) Chrome/147.0.7727.116 Mobile Safari/537.36 (compatible; Googlebot/2.1; +http://www.google.com/bot.html)"
23.178.112.108 - - [29/Apr/2026:09:23:40 -0400] "GET /.well-known/acme-challenge/XOnPS-M7zVgUI4XTSBXoVMauIRj2U9ge2bYmLMUyokY HTTP/1.1" 404 1251 "http://vive.com.pa/.well-known/acme-challenge/XOnPS-M7zVgUI4XTSBXoVMauIRj2U9ge2bYmLMUyokY" "Mozilla/5.0 (compatible; Let's Encrypt validation server; +https://www.letsencrypt.org)"
66.249.69.160 - - [29/Apr/2026:09:24:54 -0400] "GET /135007228.html HTTP/1.1" 200 18942 "-" "Mozilla/5.0 (Linux; Android 6.0.1; Nexus 5X Build/MMB29P) AppleWebKit/537.36 (KHTML, like Gecko) Chrome/147.0.7727.116 Mobile Safari/537.36 (compatible; Googlebot/2.1; +http://www.google.com/bot.html)"
66.249.69.161 - - [29/Apr/2026:09:25:23 -0400] "GET /shop/pg/139travel/20041 HTTP/1.1" 200 18470 "-" "Mozilla/5.0 (Linux; Android 6.0.1; Nexus 5X Build/MMB29P) AppleWebKit/537.36 (KHTML, like Gecko) Chrome/147.0.7727.116 Mobile Safari/537.36 (compatible; Googlebot/2.1; +http://www.google.com/bot.html)"
66.249.69.161 - - [29/Apr/2026:09:25:51 -0400] "GET /107017772.html HTTP/1.1" 200 19471 "-" "Mozilla/5.0 (Linux; Android 6.0.1; Nexus 5X Build/MMB29P) AppleWebKit/537.36 (KHTML, like Gecko) Chrome/147.0.7727.116 Mobile Safari/537.36 (compatible; Googlebot/2.1; +http://www.google.com/bot.html)"
66.249.69.161 - - [29/Apr/2026:09:25:52 -0400] "GET /shop/pg/239sugar/18917 HTTP/1.1" 200 18670 "-" "Mozilla/5.0 (Linux; Android 6.0.1; Nexus 5X Build/MMB29P) AppleWebKit/537.36 (KHTML, like Gecko) Chrome/147.0.7727.116 Mobile Safari/537.36 (compatible; Googlebot/2.1; +http://www.google.com/bot.html)"
66.249.69.160 - - [29/Apr/2026:09:25:52 -0400] "GET /shop/pg/102factory/19726 HTTP/1.1" 200 20041 "-" "Mozilla/5.0 (Linux; Android 6.0.1; Nexus 5X Build/MMB29P) AppleWebKit/537.36 (KHTML, like Gecko) Chrome/147.0.7727.116 Mobile Safari/537.36 (compatible; Googlebot/2.1; +http://www.google.com/bot.html)"
66.249.75.73 - - [29/Apr/2026:09:25:53 -0400] "GET /shop/pg/8ideology/434 HTTP/1.1" 200 20334 "-" "Mozilla/5.0 (Linux; Android 6.0.1; Nexus 5X Build/MMB29P) AppleWebKit/537.36 (KHTML, like Gecko) Chrome/147.0.7727.116 Mobile Safari/537.36 (compatible; Googlebot/2.1; +http://www.google.com/bot.html)"
66.249.69.161 - - [29/Apr/2026:09:25:54 -0400] "GET /shop/pg/194universal/23906 HTTP/1.1" 200 18805 "-" "Mozilla/5.0 (Linux; Android 6.0.1; Nexus 5X Build/MMB29P) AppleWebKit/537.36 (KHTML, like Gecko) Chrome/147.0.7727.116 Mobile Safari/537.36 (compatible; Googlebot/2.1; +http://www.google.com/bot.html)"
198.54.125.254 - - [29/Apr/2026:09:26:11 -0400] "POST /wp-cron.php?doing_wp_cron=1777469171.5142500400543212890625 HTTP/1.1" 403 1242 "-" "WordPress/6.8.5; https://www.vive.com.pa"
79.41.79.219 - - [29/Apr/2026:09:26:10 -0400] "GET /productos/ HTTP/1.1" 200 25033 "-" "Mozilla/5.0 (iPod; U; CPU iPhone OS 3_0 like Mac OS X; fo-FO) AppleWebKit/531.25.2 (KHTML, like Gecko) Version/3.0.5 Mobile/8B113 Safari/6531.25.2"
66.249.75.73 - - [29/Apr/2026:09:26:13 -0400] "GET /shop/pg/8ok/434 HTTP/1.1" 200 20740 "-" "Mozilla/5.0 (Linux; Android 6.0.1; Nexus 5X Build/MMB29P) AppleWebKit/537.36 (KHTML, like Gecko) Chrome/147.0.7727.116 Mobile Safari/537.36 (compatible; Googlebot/2.1; +http://www.google.com/bot.html)"
66.249.75.74 - - [29/Apr/2026:09:26:14 -0400] "GET /shop/pg/81military/941 HTTP/1.1" 200 19487 "-" "Mozilla/5.0 (Linux; Android 6.0.1; Nexus 5X Build/MMB29P) AppleWebKit/537.36 (KHTML, like Gecko) Chrome/147.0.7727.116 Mobile Safari/537.36 (compatible; Googlebot/2.1; +http://www.google.com/bot.html)"
66.249.69.162 - - [29/Apr/2026:09:26:14 -0400] "GET /shop/pg/47afterward/20285 HTTP/1.1" 200 20378 "-" "Mozilla/5.0 (Linux; Android 6.0.1; Nexus 5X Build/MMB29P) AppleWebKit/537.36 (KHTML, like Gecko) Chrome/147.0.7727.116 Mobile Safari/537.36 (compatible; Googlebot/2.1; +http://www.google.com/bot.html)"
66.249.69.160 - - [29/Apr/2026:09:26:36 -0400] "GET /shop/pg/4meter/33718 HTTP/1.1" 404 1251 "-" "Mozilla/5.0 (Linux; Android 6.0.1; Nexus 5X Build/MMB29P) AppleWebKit/537.36 (KHTML, like Gecko) Chrome/147.0.7727.116 Mobile Safari/537.36 (compatible; Googlebot/2.1; +http://www.google.com/bot.html)"
66.249.69.160 - - [29/Apr/2026:09:26:45 -0400] "GET /shop/pg/213conversion/10805 HTTP/1.1" 404 1251 "-" "Mozilla/5.0 (Linux; Android 6.0.1; Nexus 5X Build/MMB29P) AppleWebKit/537.36 (KHTML, like Gecko) Chrome/147.0.7727.116 Mobile Safari/537.36 (compatible; Googlebot/2.1; +http://www.google.com/bot.html)"
66.249.69.160 - - [29/Apr/2026:09:26:55 -0400] "GET /shop/pg/134yours/20792 HTTP/1.1" 404 1251 "-" "Mozilla/5.0 (Linux; Android 6.0.1; Nexus 5X Build/MMB29P) AppleWebKit/537.36 (KHTML, like Gecko) Chrome/147.0.7727.116 Mobile Safari/537.36 (compatible; Googlebot/2.1; +http://www.google.com/bot.html)"
185.247.137.238 - - [29/Apr/2026:09:21:44 -0400] "GET /wp-content/uploads/2018/04/cropped-icono-logo-180x180.png HTTP/1.1" 200 26729 "-" "Mozilla/5.0 (compatible; InternetMeasurement/1.0; +https://internet-measurement.com/)"
87.236.176.96 - - [29/Apr/2026:09:21:44 -0400] "GET /wp-content/uploads/2018/04/cropped-icono-logo-270x270.png HTTP/1.1" 200 51931 "-" "Mozilla/5.0 (compatible; InternetMeasurement/1.0; +https://internet-measurement.com/)"
87.236.176.178 - - [29/Apr/2026:09:21:44 -0400] "GET /wp-content/uploads/2018/04/cropped-icono-logo-192x192.png HTTP/1.1" 200 21642 "-" "Mozilla/5.0 (compatible; InternetMeasurement/1.0; +https://internet-measurement.com/)"
185.247.137.116 - - [29/Apr/2026:09:21:44 -0400] "GET /wp-content/uploads/2018/04/LP2.png HTTP/1.1" 200 7949 "-" "Mozilla/5.0 (compatible; InternetMeasurement/1.0; +https://internet-measurement.com/)"
141.98.153.86 - - [29/Apr/2026:09:22:07 -0400] "GET /wp-json/wp/v2/posts HTTP/1.1" 200 2 "-" "Mozilla/5.0 (Windows NT 10.0; Win64; x64) AppleWebKit/537.36 (KHTML, like Gecko) Chrome/120.0.0.0 Safari/537.36"
66.249.69.160 - - [29/Apr/2026:09:24:08 -0400] "GET /shop/pg/1accident/25443 HTTP/1.1" 200 18767 "-" "Mozilla/5.0 (Linux; Android 6.0.1; Nexus 5X Build/MMB29P) AppleWebKit/537.36 (KHTML, like Gecko) Chrome/147.0.7727.116 Mobile Safari/537.36 (compatible; Googlebot/2.1; +http://www.google.com/bot.html)"
66.249.69.160 - - [29/Apr/2026:09:24:17 -0400] "GET /shop/pg/199universal/15445 HTTP/1.1" 200 19690 "-" "Mozilla/5.0 (Linux; Android 6.0.1; Nexus 5X Build/MMB29P) AppleWebKit/537.36 (KHTML, like Gecko) Chrome/147.0.7727.116 Mobile Safari/537.36 (compatible; Googlebot/2.1; +http://www.google.com/bot.html)"
66.249.75.75 - - [29/Apr/2026:09:26:03 -0400] "GET /055000510.html HTTP/1.1" 200 19499 "-" "Mozilla/5.0 (Linux; Android 6.0.1; Nexus 5X Build/MMB29P) AppleWebKit/537.36 (KHTML, like Gecko) Chrome/147.0.7727.116 Mobile Safari/537.36 (compatible; Googlebot/2.1; +http://www.google.com/bot.html)"
66.249.69.160 - - [29/Apr/2026:09:26:24 -0400] "GET /shop/pg/298successfully/11388 HTTP/1.1" 200 19532 "-" "Mozilla/5.0 (Linux; Android 6.0.1; Nexus 5X Build/MMB29P) AppleWebKit/537.36 (KHTML, like Gecko) Chrome/147.0.7727.116 Mobile Safari/537.36 (compatible; Googlebot/2.1; +http://www.google.com/bot.html)"
66.249.75.73 - - [29/Apr/2026:09:27:25 -0400] "GET /_autoindex/assets/js/tablesort.number.js HTTP/1.1" 200 322 "https://www.vive.com.pa/?detail/222003434571" "Mozilla/5.0 (Linux; Android 6.0.1; Nexus 5X Build/MMB29P) AppleWebKit/537.36 (KHTML, like Gecko) Chrome/147.0.7727.116 Mobile Safari/537.36 (compatible; Googlebot/2.1; +http://www.google.com/bot.html)"
66.249.75.73 - - [29/Apr/2026:09:27:26 -0400] "GET /_autoindex/assets/css/autoindex.css HTTP/1.1" 200 1170 "https://www.vive.com.pa/?detail/222003434571" "Mozilla/5.0 (Linux; Android 6.0.1; Nexus 5X Build/MMB29P) AppleWebKit/537.36 (KHTML, like Gecko) Chrome/147.0.7727.116 Mobile Safari/537.36 (compatible; Googlebot/2.1; +http://www.google.com/bot.html)"
66.249.75.73 - - [29/Apr/2026:09:27:27 -0400] "GET /_autoindex/assets/icons/file.svg HTTP/1.1" 200 354 "https://www.vive.com.pa/?detail/222003434571" "Mozilla/5.0 (Linux; Android 6.0.1; Nexus 5X Build/MMB29P) AppleWebKit/537.36 (KHTML, like Gecko) Chrome/147.0.7727.116 Mobile Safari/537.36 (compatible; Googlebot/2.1; +http://www.google.com/bot.html)"
66.249.75.74 - - [29/Apr/2026:09:27:28 -0400] "GET /_autoindex/assets/icons/file-text.svg HTTP/1.1" 200 394 "https://www.vive.com.pa/?detail/222003434571" "Mozilla/5.0 (Linux; Android 6.0.1; Nexus 5X Build/MMB29P) AppleWebKit/537.36 (KHTML, like Gecko) Chrome/147.0.7727.116 Mobile Safari/537.36 (compatible; Googlebot/2.1; +http://www.google.com/bot.html)"
66.249.69.160 - - [29/Apr/2026:09:27:45 -0400] "GET /shop/pg/94base/19936 HTTP/1.1" 404 1251 "-" "Mozilla/5.0 (Linux; Android 6.0.1; Nexus 5X Build/MMB29P) AppleWebKit/537.36 (KHTML, like Gecko) Chrome/147.0.7727.116 Mobile Safari/537.36 (compatible; Googlebot/2.1; +http://www.google.com/bot.html)"
66.249.69.162 - - [29/Apr/2026:09:27:05 -0400] "GET /shop/pg/30curtain/45458 HTTP/1.1" 404 1251 "-" "Mozilla/5.0 (Linux; Android 6.0.1; Nexus 5X Build/MMB29P) AppleWebKit/537.36 (KHTML, like Gecko) Chrome/147.0.7727.116 Mobile Safari/537.36 (compatible; Googlebot/2.1; +http://www.google.com/bot.html)"
66.249.75.73 - - [29/Apr/2026:09:27:14 -0400] "GET /?detail/222003434571 HTTP/1.1" 200 2050 "-" "Mozilla/5.0 (Linux; Android 6.0.1; Nexus 5X Build/MMB29P) AppleWebKit/537.36 (KHTML, like Gecko) Chrome/147.0.7727.116 Mobile Safari/537.36 (compatible; Googlebot/2.1; +http://www.google.com/bot.html)"
66.249.69.160 - - [29/Apr/2026:09:27:15 -0400] "GET /shop/pg/33ignore/45215 HTTP/1.1" 404 1251 "-" "Mozilla/5.0 (Linux; Android 6.0.1; Nexus 5X Build/MMB29P) AppleWebKit/537.36 (KHTML, like Gecko) Chrome/147.0.7727.116 Mobile Safari/537.36 (compatible; Googlebot/2.1; +http://www.google.com/bot.html)"
66.249.69.160 - - [29/Apr/2026:09:27:15 -0400] "GET /shop/pg/20match/31110 HTTP/1.1" 404 1251 "-" "Mozilla/5.0 (Linux; Android 6.0.1; Nexus 5X Build/MMB29P) AppleWebKit/537.36 (KHTML, like Gecko) Chrome/147.0.7727.116 Mobile Safari/537.36 (compatible; Googlebot/2.1; +http://www.google.com/bot.html)"
66.249.69.160 - - [29/Apr/2026:09:27:25 -0400] "GET /shop/pg/158opposite/23402 HTTP/1.1" 404 1251 "-" "Mozilla/5.0 (Linux; Android 6.0.1; Nexus 5X Build/MMB29P) AppleWebKit/537.36 (KHTML, like Gecko) Chrome/147.0.7727.116 Mobile Safari/537.36 (compatible; Googlebot/2.1; +http://www.google.com/bot.html)"
66.249.75.73 - - [29/Apr/2026:09:27:25 -0400] "GET /_autoindex/assets/js/tablesort.js HTTP/1.1" 200 2137 "https://www.vive.com.pa/?detail/222003434571" "Mozilla/5.0 (Linux; Android 6.0.1; Nexus 5X Build/MMB29P) AppleWebKit/537.36 (KHTML, like Gecko) Chrome/147.0.7727.116 Mobile Safari/537.36 (compatible; Googlebot/2.1; +http://www.google.com/bot.html)"
66.249.75.73 - - [29/Apr/2026:09:27:26 -0400] "GET /_autoindex/assets/icons/folder-fill.svg HTTP/1.1" 200 333 "https://www.vive.com.pa/?detail/222003434571" "Mozilla/5.0 (Linux; Android 6.0.1; Nexus 5X Build/MMB29P) AppleWebKit/537.36 (KHTML, like Gecko) Chrome/147.0.7727.116 Mobile Safari/537.36 (compatible; Googlebot/2.1; +http://www.google.com/bot.html)"
66.249.69.160 - - [29/Apr/2026:09:27:35 -0400] "GET /shop/pg/280ego/21422 HTTP/1.1" 404 1251 "-" "Mozilla/5.0 (Linux; Android 6.0.1; Nexus 5X Build/MMB29P) AppleWebKit/537.36 (KHTML, like Gecko) Chrome/147.0.7727.116 Mobile Safari/537.36 (compatible; Googlebot/2.1; +http://www.google.com/bot.html)"
66.249.69.160 - - [29/Apr/2026:09:27:52 -0400] "GET /shop/pg/85straighten/28949 HTTP/1.1" 404 1251 "-" "Mozilla/5.0 (Linux; Android 6.0.1; Nexus 5X Build/MMB29P) AppleWebKit/537.36 (KHTML, like Gecko) Chrome/147.0.7727.116 Mobile Safari/537.36 (compatible; Googlebot/2.1; +http://www.google.com/bot.html)"
66.249.69.160 - - [29/Apr/2026:09:28:19 -0400] "GET /134027375.html HTTP/1.1" 404 1251 "-" "Mozilla/5.0 (Linux; Android 6.0.1; Nexus 5X Build/MMB29P) AppleWebKit/537.36 (KHTML, like Gecko) Chrome/147.0.7727.116 Mobile Safari/537.36 (compatible; Googlebot/2.1; +http://www.google.com/bot.html)"
66.249.69.160 - - [29/Apr/2026:09:28:20 -0400] "GET /shop/pg/51bear/43357 HTTP/1.1" 404 1251 "-" "Mozilla/5.0 (Linux; Android 6.0.1; Nexus 5X Build/MMB29P) AppleWebKit/537.36 (KHTML, like Gecko) Chrome/147.0.7727.116 Mobile Safari/537.36 (compatible; Googlebot/2.1; +http://www.google.com/bot.html)"
66.249.69.160 - - [29/Apr/2026:09:28:30 -0400] "GET /shop/pg/31vision/47099 HTTP/1.1" 404 1251 "-" "Mozilla/5.0 (Linux; Android 6.0.1; Nexus 5X Build/MMB29P) AppleWebKit/537.36 (KHTML, like Gecko) Chrome/147.0.7727.116 Mobile Safari/537.36 (compatible; Googlebot/2.1; +http://www.google.com/bot.html)"
79.124.40.174 - - [29/Apr/2026:09:28:45 -0400] "GET /?XDEBUG_SESSION_START=phpstorm HTTP/1.1" 200 2380 "-" "Mozilla/5.0 (Windows NT 10.0; Win64; x64) AppleWebKit/537.36 (KHTML, like Gecko) Chrome/78.0.3904.108 Safari/537.36"
66.249.69.160 - - [29/Apr/2026:09:27:47 -0400] "GET /shop/pg/17newspaper/42153 HTTP/1.1" 404 1251 "-" "Mozilla/5.0 (Linux; Android 6.0.1; Nexus 5X Build/MMB29P) AppleWebKit/537.36 (KHTML, like Gecko) Chrome/147.0.7727.116 Mobile Safari/537.36 (compatible; Googlebot/2.1; +http://www.google.com/bot.html)"
66.249.69.162 - - [29/Apr/2026:09:28:01 -0400] "GET /shop/pg/20scary/24584 HTTP/1.1" 404 1251 "-" "Mozilla/5.0 (Linux; Android 6.0.1; Nexus 5X Build/MMB29P) AppleWebKit/537.36 (KHTML, like Gecko) Chrome/147.0.7727.116 Mobile Safari/537.36 (compatible; Googlebot/2.1; +http://www.google.com/bot.html)"
66.249.69.160 - - [29/Apr/2026:09:28:20 -0400] "GET /shop/pg/14valuable/33058 HTTP/1.1" 404 1251 "-" "Mozilla/5.0 (Linux; Android 6.0.1; Nexus 5X Build/MMB29P) AppleWebKit/537.36 (KHTML, like Gecko) Chrome/147.0.7727.116 Mobile Safari/537.36 (compatible; Googlebot/2.1; +http://www.google.com/bot.html)"
66.249.69.160 - - [29/Apr/2026:09:28:48 -0400] "GET /shop/pg/137vs/22445 HTTP/1.1" 404 1251 "-" "Mozilla/5.0 (Linux; Android 6.0.1; Nexus 5X Build/MMB29P) AppleWebKit/537.36 (KHTML, like Gecko) Chrome/147.0.7727.116 Mobile Safari/537.36 (compatible; Googlebot/2.1; +http://www.google.com/bot.html)"
66.249.69.160 - - [29/Apr/2026:09:28:58 -0400] "GET /shop/pg/151rough/13239 HTTP/1.1" 404 1251 "-" "Mozilla/5.0 (Linux; Android 6.0.1; Nexus 5X Build/MMB29P) AppleWebKit/537.36 (KHTML, like Gecko) Chrome/147.0.7727.116 Mobile Safari/537.36 (compatible; Googlebot/2.1; +http://www.google.com/bot.html)"
66.249.69.160 - - [29/Apr/2026:09:28:58 -0400] "GET /shop/pg/28construct/36866 HTTP/1.1" 404 1251 "-" "Mozilla/5.0 (Linux; Android 6.0.1; Nexus 5X Build/MMB29P) AppleWebKit/537.36 (KHTML, like Gecko) Chrome/147.0.7727.116 Mobile Safari/537.36 (compatible; Googlebot/2.1; +http://www.google.com/bot.html)"
66.249.69.160 - - [29/Apr/2026:09:29:19 -0400] "GET /shop/pg/58opposition/6284 HTTP/1.1" 404 1251 "-" "Mozilla/5.0 (Linux; Android 6.0.1; Nexus 5X Build/MMB29P) AppleWebKit/537.36 (KHTML, like Gecko) Chrome/147.0.7727.116 Mobile Safari/537.36 (compatible; Googlebot/2.1; +http://www.google.com/bot.html)"
66.249.69.161 - - [29/Apr/2026:09:29:44 -0400] "GET /shop/pg/60cancel/19792 HTTP/1.1" 404 1251 "-" "Mozilla/5.0 (Linux; Android 6.0.1; Nexus 5X Build/MMB29P) AppleWebKit/537.36 (KHTML, like Gecko) Chrome/147.0.7727.116 Mobile Safari/537.36 (compatible; Googlebot/2.1; +http://www.google.com/bot.html)"
66.249.69.162 - - [29/Apr/2026:09:30:19 -0400] "GET /shop/pg/41utilize/15399 HTTP/1.1" 404 1251 "-" "Mozilla/5.0 (Linux; Android 6.0.1; Nexus 5X Build/MMB29P) AppleWebKit/537.36 (KHTML, like Gecko) Chrome/147.0.7727.116 Mobile Safari/537.36 (compatible; Googlebot/2.1; +http://www.google.com/bot.html)"
66.249.69.160 - - [29/Apr/2026:09:30:25 -0400] "GET /shop/pg/38visual/39152 HTTP/1.1" 404 1251 "-" "Mozilla/5.0 (Linux; Android 6.0.1; Nexus 5X Build/MMB29P) AppleWebKit/537.36 (KHTML, like Gecko) Chrome/147.0.7727.116 Mobile Safari/537.36 (compatible; Googlebot/2.1; +http://www.google.com/bot.html)"
66.249.69.160 - - [29/Apr/2026:09:30:42 -0400] "GET /shop/pg/73penalty/3797 HTTP/1.1" 404 1251 "-" "Mozilla/5.0 (Linux; Android 6.0.1; Nexus 5X Build/MMB29P) AppleWebKit/537.36 (KHTML, like Gecko) Chrome/147.0.7727.116 Mobile Safari/537.36 (compatible; Googlebot/2.1; +http://www.google.com/bot.html)"
66.249.69.160 - - [29/Apr/2026:09:30:53 -0400] "GET /shop/pg/300record/46500 HTTP/1.1" 404 1251 "-" "Mozilla/5.0 (Linux; Android 6.0.1; Nexus 5X Build/MMB29P) AppleWebKit/537.36 (KHTML, like Gecko) Chrome/147.0.7727.116 Mobile Safari/537.36 (compatible; Googlebot/2.1; +http://www.google.com/bot.html)"
66.249.69.162 - - [29/Apr/2026:09:31:01 -0400] "GET /shop/pg/23sales/38673 HTTP/1.1" 404 1251 "-" "Mozilla/5.0 (Linux; Android 6.0.1; Nexus 5X Build/MMB29P) AppleWebKit/537.36 (KHTML, like Gecko) Chrome/147.0.7727.116 Mobile Safari/537.36 (compatible; Googlebot/2.1; +http://www.google.com/bot.html)"
66.249.69.160 - - [29/Apr/2026:09:28:48 -0400] "GET /shop/pg/168statute/26568 HTTP/1.1" 404 1251 "-" "Mozilla/5.0 (Linux; Android 6.0.1; Nexus 5X Build/MMB29P) AppleWebKit/537.36 (KHTML, like Gecko) Chrome/147.0.7727.116 Mobile Safari/537.36 (compatible; Googlebot/2.1; +http://www.google.com/bot.html)"
114.119.133.250 - - [29/Apr/2026:09:29:10 -0400] "GET /contact-10 HTTP/1.1" 404 1251 "-" "Mozilla/5.0 (Linux; Android 7.0;) AppleWebKit/537.36 (HTML, like Gecko) Mobile Safari/537.36 (compatible; PetalBot;+https://webmaster.petalsearch.com/site/petalbot)"
66.249.69.161 - - [29/Apr/2026:09:29:10 -0400] "GET /shop/pg/183round/46061 HTTP/1.1" 404 1251 "-" "Mozilla/5.0 (Linux; Android 6.0.1; Nexus 5X Build/MMB29P) AppleWebKit/537.36 (KHTML, like Gecko) Chrome/147.0.7727.116 Mobile Safari/537.36 (compatible; Googlebot/2.1; +http://www.google.com/bot.html)"
66.249.69.160 - - [29/Apr/2026:09:29:11 -0400] "GET /shop/pg/136investor/7364 HTTP/1.1" 404 1251 "-" "Mozilla/5.0 (Linux; Android 6.0.1; Nexus 5X Build/MMB29P) AppleWebKit/537.36 (KHTML, like Gecko) Chrome/147.0.7727.116 Mobile Safari/537.36 (compatible; Googlebot/2.1; +http://www.google.com/bot.html)"
140.248.44.104 - - [29/Apr/2026:09:29:23 -0400] "GET / HTTP/1.1" 200 2081 "-" "Mozilla/5.0 (Macintosh; Intel Mac OS X 10_11_1) AppleWebKit/601.2.4 (KHTML, like Gecko) Version/9.0.1 Safari/601.2.4 facebookexternalhit/1.1 Facebot Twitterbot/1.0"
66.249.69.160 - - [29/Apr/2026:09:29:31 -0400] "GET /shop/pg/224wise/36258 HTTP/1.1" 404 1251 "-" "Mozilla/5.0 (Linux; Android 6.0.1; Nexus 5X Build/MMB29P) AppleWebKit/537.36 (KHTML, like Gecko) Chrome/147.0.7727.116 Mobile Safari/537.36 (compatible; Googlebot/2.1; +http://www.google.com/bot.html)"
66.249.69.160 - - [29/Apr/2026:09:29:56 -0400] "GET /shop/pg/259anywhere/40101 HTTP/1.1" 404 1251 "-" "Mozilla/5.0 (Linux; Android 6.0.1; Nexus 5X Build/MMB29P) AppleWebKit/537.36 (KHTML, like Gecko) Chrome/147.0.7727.116 Mobile Safari/537.36 (compatible; Googlebot/2.1; +http://www.google.com/bot.html)"
66.249.69.160 - - [29/Apr/2026:09:30:18 -0400] "GET /shop/pg/277fork/15605 HTTP/1.1" 404 1251 "-" "Mozilla/5.0 (Linux; Android 6.0.1; Nexus 5X Build/MMB29P) AppleWebKit/537.36 (KHTML, like Gecko) Chrome/147.0.7727.116 Mobile Safari/537.36 (compatible; Googlebot/2.1; +http://www.google.com/bot.html)"
66.249.69.160 - - [29/Apr/2026:09:30:19 -0400] "GET /shop/pg/269analysis/36885 HTTP/1.1" 404 1251 "-" "Mozilla/5.0 (Linux; Android 6.0.1; Nexus 5X Build/MMB29P) AppleWebKit/537.36 (KHTML, like Gecko) Chrome/147.0.7727.116 Mobile Safari/537.36 (compatible; Googlebot/2.1; +http://www.google.com/bot.html)"
66.249.69.160 - - [29/Apr/2026:09:30:53 -0400] "GET /shop/pg/59cancel/29343 HTTP/1.1" 404 1251 "-" "Mozilla/5.0 (Linux; Android 6.0.1; Nexus 5X Build/MMB29P) AppleWebKit/537.36 (KHTML, like Gecko) Chrome/147.0.7727.116 Mobile Safari/537.36 (compatible; Googlebot/2.1; +http://www.google.com/bot.html)"
66.249.69.160 - - [29/Apr/2026:09:31:27 -0400] "GET /shop/pg/113viewer/16729 HTTP/1.1" 404 1251 "-" "Mozilla/5.0 (Linux; Android 6.0.1; Nexus 5X Build/MMB29P) AppleWebKit/537.36 (KHTML, like Gecko) Chrome/147.0.7727.116 Mobile Safari/537.36 (compatible; Googlebot/2.1; +http://www.google.com/bot.html)"
66.249.69.160 - - [29/Apr/2026:09:31:45 -0400] "GET /shop/pg/271many/17867 HTTP/1.1" 404 1251 "-" "Mozilla/5.0 (Linux; Android 6.0.1; Nexus 5X Build/MMB29P) AppleWebKit/537.36 (KHTML, like Gecko) Chrome/147.0.7727.116 Mobile Safari/537.36 (compatible; Googlebot/2.1; +http://www.google.com/bot.html)"
66.249.69.160 - - [29/Apr/2026:09:31:45 -0400] "GET /288049891.html HTTP/1.1" 404 1251 "-" "Mozilla/5.0 (Linux; Android 6.0.1; Nexus 5X Build/MMB29P) AppleWebKit/537.36 (KHTML, like Gecko) Chrome/147.0.7727.116 Mobile Safari/537.36 (compatible; Googlebot/2.1; +http://www.google.com/bot.html)"
66.249.69.161 - - [29/Apr/2026:09:31:14 -0400] "GET /shop/pg/29living/6003 HTTP/1.1" 404 1251 "-" "Mozilla/5.0 (Linux; Android 6.0.1; Nexus 5X Build/MMB29P) AppleWebKit/537.36 (KHTML, like Gecko) Chrome/147.0.7727.116 Mobile Safari/537.36 (compatible; Googlebot/2.1; +http://www.google.com/bot.html)"
66.249.75.75 - - [29/Apr/2026:09:31:49 -0400] "GET /_autoindex/assets/js/tablesort.js HTTP/1.1" 200 2137 "https://www.vive.com.pa/?jp/091014884.html" "Mozilla/5.0 (Linux; Android 6.0.1; Nexus 5X Build/MMB29P) AppleWebKit/537.36 (KHTML, like Gecko) Chrome/147.0.7727.116 Mobile Safari/537.36 (compatible; Googlebot/2.1; +http://www.google.com/bot.html)"
66.249.75.74 - - [29/Apr/2026:09:31:49 -0400] "GET /_autoindex/assets/js/tablesort.number.js HTTP/1.1" 200 322 "https://www.vive.com.pa/?jp/091014884.html" "Mozilla/5.0 (Linux; Android 6.0.1; Nexus 5X Build/MMB29P) AppleWebKit/537.36 (KHTML, like Gecko) Chrome/147.0.7727.116 Mobile Safari/537.36 (compatible; Googlebot/2.1; +http://www.google.com/bot.html)"
66.249.75.74 - - [29/Apr/2026:09:31:50 -0400] "GET /_autoindex/assets/css/autoindex.css HTTP/1.1" 200 1170 "https://www.vive.com.pa/?jp/091014884.html" "Mozilla/5.0 (Linux; Android 6.0.1; Nexus 5X Build/MMB29P) AppleWebKit/537.36 (KHTML, like Gecko) Chrome/147.0.7727.116 Mobile Safari/537.36 (compatible; Googlebot/2.1; +http://www.google.com/bot.html)"
66.249.75.74 - - [29/Apr/2026:09:31:51 -0400] "GET /_autoindex/assets/icons/file.svg HTTP/1.1" 200 354 "https://www.vive.com.pa/?jp/091014884.html" "Mozilla/5.0 (Linux; Android 6.0.1; Nexus 5X Build/MMB29P) AppleWebKit/537.36 (KHTML, like Gecko) Chrome/147.0.7727.116 Mobile Safari/537.36 (compatible; Googlebot/2.1; +http://www.google.com/bot.html)"
66.249.69.160 - - [29/Apr/2026:09:31:53 -0400] "GET /shop/pg/282symptom/30264 HTTP/1.1" 404 1251 "-" "Mozilla/5.0 (Linux; Android 6.0.1; Nexus 5X Build/MMB29P) AppleWebKit/537.36 (KHTML, like Gecko) Chrome/147.0.7727.116 Mobile Safari/537.36 (compatible; Googlebot/2.1; +http://www.google.com/bot.html)"
66.249.69.162 - - [29/Apr/2026:09:32:06 -0400] "GET /shop/pg/134eliminate/31006 HTTP/1.1" 404 1251 "-" "Mozilla/5.0 (Linux; Android 6.0.1; Nexus 5X Build/MMB29P) AppleWebKit/537.36 (KHTML, like Gecko) Chrome/147.0.7727.116 Mobile Safari/537.36 (compatible; Googlebot/2.1; +http://www.google.com/bot.html)"
66.249.69.161 - - [29/Apr/2026:09:32:18 -0400] "GET /shop/pg/197disabled/36137 HTTP/1.1" 404 1251 "-" "Mozilla/5.0 (Linux; Android 6.0.1; Nexus 5X Build/MMB29P) AppleWebKit/537.36 (KHTML, like Gecko) Chrome/147.0.7727.116 Mobile Safari/537.36 (compatible; Googlebot/2.1; +http://www.google.com/bot.html)"
66.249.69.162 - - [29/Apr/2026:09:33:05 -0400] "GET /shop/pg/146frozen/3328 HTTP/1.1" 404 1251 "-" "Mozilla/5.0 (Linux; Android 6.0.1; Nexus 5X Build/MMB29P) AppleWebKit/537.36 (KHTML, like Gecko) Chrome/147.0.7727.116 Mobile Safari/537.36 (compatible; Googlebot/2.1; +http://www.google.com/bot.html)"
66.249.69.160 - - [29/Apr/2026:09:33:14 -0400] "GET /shop/pg/249scholar/10629 HTTP/1.1" 404 1251 "-" "Mozilla/5.0 (Linux; Android 6.0.1; Nexus 5X Build/MMB29P) AppleWebKit/537.36 (KHTML, like Gecko) Chrome/147.0.7727.116 Mobile Safari/537.36 (compatible; Googlebot/2.1; +http://www.google.com/bot.html)"
194.26.192.141 - - [29/Apr/2026:09:33:20 -0400] "GET / HTTP/1.1" 200 10082 "-" "Mozlila/5.0 (Linux; Android 7.0; SM-G892A Bulid/NRD90M; wv) AppleWebKit/537.36 (KHTML, like Gecko) Version/4.0 Chrome/60.0.3112.107 Moblie Safari/537.36"
194.26.192.141 - - [29/Apr/2026:09:33:20 -0400] "POST /wp-plain.php HTTP/1.1" 404 1251 "www.google.com" "Mozilla/5.0 (Linux; Android 7.0; SM-G892A Bulid/NRD90M; wv) AppleWebKit/537.36 (KHTML, like Gecko) Version/4.0 Chrome/60.0.3112.107 Moblie Safari/537.36"
194.26.192.141 - - [29/Apr/2026:09:33:20 -0400] "POST /ALFA_DATA/alfacgiapi/perl.alfa HTTP/1.1" 404 1251 "www.google.com" "Mozlila/5.0 (Linux; Android 7.0; SM-G892A Bulid/NRD90M; wv) AppleWebKit/537.36 (KHTML, like Gecko) Version/4.0 Chrome/60.0.3112.107 Moblie Safari/537.36"
66.249.75.73 - - [29/Apr/2026:09:31:46 -0400] "GET /?jp/091014884.html HTTP/1.1" 200 2086 "-" "Mozilla/5.0 (Linux; Android 6.0.1; Nexus 5X Build/MMB29P) AppleWebKit/537.36 (KHTML, like Gecko) Chrome/147.0.7727.116 Mobile Safari/537.36 (compatible; Googlebot/2.1; +http://www.google.com/bot.html)"
66.249.75.73 - - [29/Apr/2026:09:31:50 -0400] "GET /_autoindex/assets/icons/folder-fill.svg HTTP/1.1" 200 333 "https://www.vive.com.pa/?jp/091014884.html" "Mozilla/5.0 (Linux; Android 6.0.1; Nexus 5X Build/MMB29P) AppleWebKit/537.36 (KHTML, like Gecko) Chrome/147.0.7727.116 Mobile Safari/537.36 (compatible; Googlebot/2.1; +http://www.google.com/bot.html)"
66.249.75.73 - - [29/Apr/2026:09:31:51 -0400] "GET /_autoindex/assets/icons/file-text.svg HTTP/1.1" 200 394 "https://www.vive.com.pa/?jp/091014884.html" "Mozilla/5.0 (Linux; Android 6.0.1; Nexus 5X Build/MMB29P) AppleWebKit/537.36 (KHTML, like Gecko) Chrome/147.0.7727.116 Mobile Safari/537.36 (compatible; Googlebot/2.1; +http://www.google.com/bot.html)"
66.249.69.160 - - [29/Apr/2026:09:32:37 -0400] "GET /shop/pg/126environment/11364 HTTP/1.1" 404 1251 "-" "Mozilla/5.0 (Linux; Android 6.0.1; Nexus 5X Build/MMB29P) AppleWebKit/537.36 (KHTML, like Gecko) Chrome/147.0.7727.116 Mobile Safari/537.36 (compatible; Googlebot/2.1; +http://www.google.com/bot.html)"
66.249.69.160 - - [29/Apr/2026:09:32:46 -0400] "GET /shop/pg/286historian/11372 HTTP/1.1" 404 1251 "-" "Mozilla/5.0 (Linux; Android 6.0.1; Nexus 5X Build/MMB29P) AppleWebKit/537.36 (KHTML, like Gecko) Chrome/147.0.7727.116 Mobile Safari/537.36 (compatible; Googlebot/2.1; +http://www.google.com/bot.html)"
66.249.69.162 - - [29/Apr/2026:09:33:05 -0400] "GET /shop/pg/5expensive/40801 HTTP/1.1" 404 1251 "-" "Mozilla/5.0 (Linux; Android 6.0.1; Nexus 5X Build/MMB29P) AppleWebKit/537.36 (KHTML, like Gecko) Chrome/147.0.7727.116 Mobile Safari/537.36 (compatible; Googlebot/2.1; +http://www.google.com/bot.html)"
194.26.192.141 - - [29/Apr/2026:09:33:20 -0400] "GET /wp-content/plugins/fix/up.php HTTP/1.1" 404 1251 "-" "Mozilla/5.0 (Windows NT 10.0; Win64; x64) AppleWebKit/537.36 (KHTML, like Gecko) Chrome/85.0.4183.102 Safari/537.36"
194.26.192.141 - - [29/Apr/2026:09:33:20 -0400] "GET /wp-content/plugins/apikey/apikey.php?test=hello HTTP/1.1" 404 1251 "-" "Mozlila/5.0 (Linux; Android 7.0; SM-G892A Bulid/NRD90M; wv) AppleWebKit/537.36 (KHTML, like Gecko) Version/4.0 Chrome/60.0.3112.107 Moblie Safari/537.36"
194.26.192.141 - - [29/Apr/2026:09:33:20 -0400] "GET /wp-content/themes/seotheme/db.php?u HTTP/1.1" 404 1251 "www.google.com" "Mozlila/5.0 (Linux; Android 7.0; SM-G892A Bulid/NRD90M; wv) AppleWebKit/537.36 (KHTML, like Gecko) Version/4.0 Chrome/60.0.3112.107 Moblie Safari/537.36"
194.26.192.141 - - [29/Apr/2026:09:33:21 -0400] "GET /wp-content/plugins/apikey/apikey.php.suspected?test=hello HTTP/1.1" 404 1251 "-" "Mozlila/5.0 (Linux; Android 7.0; SM-G892A Bulid/NRD90M; wv) AppleWebKit/537.36 (KHTML, like Gecko) Version/4.0 Chrome/60.0.3112.107 Moblie Safari/537.36"
194.26.192.141 - - [29/Apr/2026:09:33:21 -0400] "GET /plugins/content/apismtp/apismtp.php.suspected?test=hello HTTP/1.1" 404 1251 "-" "Mozlila/5.0 (Linux; Android 7.0; SM-G892A Bulid/NRD90M; wv) AppleWebKit/537.36 (KHTML, like Gecko) Version/4.0 Chrome/60.0.3112.107 Moblie Safari/537.36"
66.249.69.160 - - [29/Apr/2026:09:33:24 -0400] "GET /shop/pg/266complicated/1128 HTTP/1.1" 404 1251 "-" "Mozilla/5.0 (Linux; Android 6.0.1; Nexus 5X Build/MMB29P) AppleWebKit/537.36 (KHTML, like Gecko) Chrome/147.0.7727.116 Mobile Safari/537.36 (compatible; Googlebot/2.1; +http://www.google.com/bot.html)"
66.249.69.160 - - [29/Apr/2026:09:33:24 -0400] "GET /shop/pg/291shuttle/29681 HTTP/1.1" 404 1251 "-" "Mozilla/5.0 (Linux; Android 6.0.1; Nexus 5X Build/MMB29P) AppleWebKit/537.36 (KHTML, like Gecko) Chrome/147.0.7727.116 Mobile Safari/537.36 (compatible; Googlebot/2.1; +http://www.google.com/bot.html)"
194.26.192.141 - - [29/Apr/2026:09:33:20 -0400] "GET /wp-content/themes/seotheme/db.php?u HTTP/1.1" 404 1251 "www.google.com" "Mozlila/5.0 (Linux; Android 7.0; SM-G892A Bulid/NRD90M; wv) AppleWebKit/537.36 (KHTML, like Gecko) Version/4.0 Chrome/60.0.3112.107 Moblie Safari/537.36"
194.26.192.141 - - [29/Apr/2026:09:33:20 -0400] "GET /plugins/content/apismtp/apismtp.php?test=hello HTTP/1.1" 404 1251 "-" "Mozlila/5.0 (Linux; Android 7.0; SM-G892A Bulid/NRD90M; wv) AppleWebKit/537.36 (KHTML, like Gecko) Version/4.0 Chrome/60.0.3112.107 Moblie Safari/537.36"
194.26.192.141 - - [29/Apr/2026:09:33:20 -0400] "GET /dbhlbxgi.php?Fox=d3wL7 HTTP/1.1" 404 1251 "www.google.com" "Mozilla/5.0 (Linux; Android 7.0; SM-G892A Bulid/NRD90M; wv) AppleWebKit/537.36 (KHTML, like Gecko) Version/4.0 Chrome/60.0.3112.107 Moblie Safari/537.36"
194.26.192.141 - - [29/Apr/2026:09:33:21 -0400] "POST /alfacgiapi/perl.alfa HTTP/1.1" 404 1251 "www.google.com" "Mozlila/5.0 (Linux; Android 7.0; SM-G892A Bulid/NRD90M; wv) AppleWebKit/537.36 (KHTML, like Gecko) Version/4.0 Chrome/60.0.3112.107 Moblie Safari/537.36"
66.249.69.160 - - [29/Apr/2026:09:33:23 -0400] "GET /shop/pg/180gray/46204 HTTP/1.1" 404 1251 "-" "Mozilla/5.0 (Linux; Android 6.0.1; Nexus 5X Build/MMB29P) AppleWebKit/537.36 (KHTML, like Gecko) Chrome/147.0.7727.116 Mobile Safari/537.36 (compatible; Googlebot/2.1; +http://www.google.com/bot.html)"
66.249.69.160 - - [29/Apr/2026:09:33:36 -0400] "GET /shop/pg/93midnight/30227 HTTP/1.1" 404 1251 "-" "Mozilla/5.0 (Linux; Android 6.0.1; Nexus 5X Build/MMB29P) AppleWebKit/537.36 (KHTML, like Gecko) Chrome/147.0.7727.116 Mobile Safari/537.36 (compatible; Googlebot/2.1; +http://www.google.com/bot.html)"
66.249.69.160 - - [29/Apr/2026:09:33:50 -0400] "GET /shop/pg/249pillow/19945 HTTP/1.1" 404 1251 "-" "Mozilla/5.0 (Linux; Android 6.0.1; Nexus 5X Build/MMB29P) AppleWebKit/537.36 (KHTML, like Gecko) Chrome/147.0.7727.116 Mobile Safari/537.36 (compatible; Googlebot/2.1; +http://www.google.com/bot.html)"
66.249.69.160 - - [29/Apr/2026:09:34:10 -0400] "GET /shop/pg/279nail/11277 HTTP/1.1" 404 1251 "-" "Mozilla/5.0 (Linux; Android 6.0.1; Nexus 5X Build/MMB29P) AppleWebKit/537.36 (KHTML, like Gecko) Chrome/147.0.7727.116 Mobile Safari/537.36 (compatible; Googlebot/2.1; +http://www.google.com/bot.html)"
