66.249.69.161 - - [29/Apr/2026:08:40:06 -0400] "GET /shop/pg/159historian/20117 HTTP/1.1" 200 19352 "-" "Mozilla/5.0 (Linux; Android 6.0.1; Nexus 5X Build/MMB29P) AppleWebKit/537.36 (KHTML, like Gecko) Chrome/147.0.7727.116 Mobile Safari/537.36 (compatible; Googlebot/2.1; +http://www.google.com/bot.html)"
66.249.69.161 - - [29/Apr/2026:08:40:12 -0400] "GET /274014943.html HTTP/1.1" 200 19648 "-" "Mozilla/5.0 (Linux; Android 6.0.1; Nexus 5X Build/MMB29P) AppleWebKit/537.36 (KHTML, like Gecko) Chrome/147.0.7727.116 Mobile Safari/537.36 (compatible; Googlebot/2.1; +http://www.google.com/bot.html)"
66.249.69.160 - - [29/Apr/2026:08:40:32 -0400] "GET /134021253.html HTTP/1.1" 200 18953 "-" "Mozilla/5.0 (Linux; Android 6.0.1; Nexus 5X Build/MMB29P) AppleWebKit/537.36 (KHTML, like Gecko) Chrome/147.0.7727.116 Mobile Safari/537.36 (compatible; Googlebot/2.1; +http://www.google.com/bot.html)"
66.249.69.160 - - [29/Apr/2026:08:40:39 -0400] "GET /151012102.html HTTP/1.1" 200 18282 "-" "Mozilla/5.0 (Linux; Android 6.0.1; Nexus 5X Build/MMB29P) AppleWebKit/537.36 (KHTML, like Gecko) Chrome/147.0.7727.116 Mobile Safari/537.36 (compatible; Googlebot/2.1; +http://www.google.com/bot.html)"
66.249.69.160 - - [29/Apr/2026:08:40:45 -0400] "GET /043047566.html HTTP/1.1" 200 19032 "-" "Mozilla/5.0 (Linux; Android 6.0.1; Nexus 5X Build/MMB29P) AppleWebKit/537.36 (KHTML, like Gecko) Chrome/147.0.7727.116 Mobile Safari/537.36 (compatible; Googlebot/2.1; +http://www.google.com/bot.html)"
66.249.69.162 - - [29/Apr/2026:08:41:06 -0400] "GET /180033605.html HTTP/1.1" 200 19002 "-" "Mozilla/5.0 (Linux; Android 6.0.1; Nexus 5X Build/MMB29P) AppleWebKit/537.36 (KHTML, like Gecko) Chrome/147.0.7727.116 Mobile Safari/537.36 (compatible; Googlebot/2.1; +http://www.google.com/bot.html)"
66.249.69.160 - - [29/Apr/2026:08:40:25 -0400] "GET /219047762.html HTTP/1.1" 200 19245 "-" "Mozilla/5.0 (Linux; Android 6.0.1; Nexus 5X Build/MMB29P) AppleWebKit/537.36 (KHTML, like Gecko) Chrome/147.0.7727.116 Mobile Safari/537.36 (compatible; Googlebot/2.1; +http://www.google.com/bot.html)"
66.249.69.160 - - [29/Apr/2026:08:40:52 -0400] "GET /061010910.html HTTP/1.1" 200 19444 "-" "Mozilla/5.0 (Linux; Android 6.0.1; Nexus 5X Build/MMB29P) AppleWebKit/537.36 (KHTML, like Gecko) Chrome/147.0.7727.116 Mobile Safari/537.36 (compatible; Googlebot/2.1; +http://www.google.com/bot.html)"
66.249.69.160 - - [29/Apr/2026:08:40:59 -0400] "GET /214003029.html HTTP/1.1" 200 19475 "-" "Mozilla/5.0 (Linux; Android 6.0.1; Nexus 5X Build/MMB29P) AppleWebKit/537.36 (KHTML, like Gecko) Chrome/147.0.7727.116 Mobile Safari/537.36 (compatible; Googlebot/2.1; +http://www.google.com/bot.html)"
66.249.69.161 - - [29/Apr/2026:08:41:13 -0400] "GET /158026655.html HTTP/1.1" 200 18766 "-" "Mozilla/5.0 (Linux; Android 6.0.1; Nexus 5X Build/MMB29P) AppleWebKit/537.36 (KHTML, like Gecko) Chrome/147.0.7727.116 Mobile Safari/537.36 (compatible; Googlebot/2.1; +http://www.google.com/bot.html)"
66.249.69.160 - - [29/Apr/2026:08:41:20 -0400] "GET /287032928.html HTTP/1.1" 200 18819 "-" "Mozilla/5.0 (Linux; Android 6.0.1; Nexus 5X Build/MMB29P) AppleWebKit/537.36 (KHTML, like Gecko) Chrome/147.0.7727.116 Mobile Safari/537.36 (compatible; Googlebot/2.1; +http://www.google.com/bot.html)"
66.249.69.160 - - [29/Apr/2026:08:41:43 -0400] "GET /135011602.html HTTP/1.1" 200 19258 "-" "Mozilla/5.0 (Linux; Android 6.0.1; Nexus 5X Build/MMB29P) AppleWebKit/537.36 (KHTML, like Gecko) Chrome/147.0.7727.116 Mobile Safari/537.36 (compatible; Googlebot/2.1; +http://www.google.com/bot.html)"
66.249.69.160 - - [29/Apr/2026:08:41:44 -0400] "GET /?jp/001049425.html HTTP/1.1" 200 18976 "-" "Mozilla/5.0 (Linux; Android 6.0.1; Nexus 5X Build/MMB29P) AppleWebKit/537.36 (KHTML, like Gecko) Chrome/147.0.7727.116 Mobile Safari/537.36 (compatible; Googlebot/2.1; +http://www.google.com/bot.html)"
66.249.69.160 - - [29/Apr/2026:08:41:46 -0400] "GET /096010007.html HTTP/1.1" 200 18786 "-" "Mozilla/5.0 (Linux; Android 6.0.1; Nexus 5X Build/MMB29P) AppleWebKit/537.36 (KHTML, like Gecko) Chrome/147.0.7727.116 Mobile Safari/537.36 (compatible; Googlebot/2.1; +http://www.google.com/bot.html)"
66.249.69.160 - - [29/Apr/2026:08:42:02 -0400] "GET /116027025.html HTTP/1.1" 200 19157 "-" "Mozilla/5.0 (Linux; Android 6.0.1; Nexus 5X Build/MMB29P) AppleWebKit/537.36 (KHTML, like Gecko) Chrome/147.0.7727.116 Mobile Safari/537.36 (compatible; Googlebot/2.1; +http://www.google.com/bot.html)"
66.249.69.160 - - [29/Apr/2026:08:42:20 -0400] "GET /shop/pg/1quantity/4913 HTTP/1.1" 200 18958 "-" "Mozilla/5.0 (Linux; Android 6.0.1; Nexus 5X Build/MMB29P) AppleWebKit/537.36 (KHTML, like Gecko) Chrome/147.0.7727.116 Mobile Safari/537.36 (compatible; Googlebot/2.1; +http://www.google.com/bot.html)"
66.249.69.160 - - [29/Apr/2026:08:42:27 -0400] "GET /090035705.html HTTP/1.1" 200 18415 "-" "Mozilla/5.0 (Linux; Android 6.0.1; Nexus 5X Build/MMB29P) AppleWebKit/537.36 (KHTML, like Gecko) Chrome/147.0.7727.116 Mobile Safari/537.36 (compatible; Googlebot/2.1; +http://www.google.com/bot.html)"
66.249.69.160 - - [29/Apr/2026:08:42:34 -0400] "GET /198005759.html HTTP/1.1" 200 19404 "-" "Mozilla/5.0 (Linux; Android 6.0.1; Nexus 5X Build/MMB29P) AppleWebKit/537.36 (KHTML, like Gecko) Chrome/147.0.7727.116 Mobile Safari/537.36 (compatible; Googlebot/2.1; +http://www.google.com/bot.html)"
66.249.69.160 - - [29/Apr/2026:08:42:41 -0400] "GET /212048843.html HTTP/1.1" 200 19699 "-" "Mozilla/5.0 (Linux; Android 6.0.1; Nexus 5X Build/MMB29P) AppleWebKit/537.36 (KHTML, like Gecko) Chrome/147.0.7727.116 Mobile Safari/537.36 (compatible; Googlebot/2.1; +http://www.google.com/bot.html)"
66.249.69.160 - - [29/Apr/2026:08:41:26 -0400] "GET /233042754.html HTTP/1.1" 200 18434 "-" "Mozilla/5.0 (Linux; Android 6.0.1; Nexus 5X Build/MMB29P) AppleWebKit/537.36 (KHTML, like Gecko) Chrome/147.0.7727.116 Mobile Safari/537.36 (compatible; Googlebot/2.1; +http://www.google.com/bot.html)"
66.249.69.160 - - [29/Apr/2026:08:41:37 -0400] "GET /170016117.html HTTP/1.1" 200 18467 "-" "Mozilla/5.0 (Linux; Android 6.0.1; Nexus 5X Build/MMB29P) AppleWebKit/537.36 (KHTML, like Gecko) Chrome/147.0.7727.116 Mobile Safari/537.36 (compatible; Googlebot/2.1; +http://www.google.com/bot.html)"
66.249.69.160 - - [29/Apr/2026:08:41:56 -0400] "GET /015041146.html HTTP/1.1" 200 20169 "-" "Mozilla/5.0 (Linux; Android 6.0.1; Nexus 5X Build/MMB29P) AppleWebKit/537.36 (KHTML, like Gecko) Chrome/147.0.7727.116 Mobile Safari/537.36 (compatible; Googlebot/2.1; +http://www.google.com/bot.html)"
66.249.69.161 - - [29/Apr/2026:08:42:08 -0400] "GET /156011315.html HTTP/1.1" 200 17745 "-" "Mozilla/5.0 (Linux; Android 6.0.1; Nexus 5X Build/MMB29P) AppleWebKit/537.36 (KHTML, like Gecko) Chrome/147.0.7727.116 Mobile Safari/537.36 (compatible; Googlebot/2.1; +http://www.google.com/bot.html)"
66.249.69.160 - - [29/Apr/2026:08:42:14 -0400] "GET /212019743.html HTTP/1.1" 200 19388 "-" "Mozilla/5.0 (Linux; Android 6.0.1; Nexus 5X Build/MMB29P) AppleWebKit/537.36 (KHTML, like Gecko) Chrome/147.0.7727.116 Mobile Safari/537.36 (compatible; Googlebot/2.1; +http://www.google.com/bot.html)"
66.249.69.160 - - [29/Apr/2026:08:42:20 -0400] "GET /051042582.html HTTP/1.1" 200 20147 "-" "Mozilla/5.0 (Linux; Android 6.0.1; Nexus 5X Build/MMB29P) AppleWebKit/537.36 (KHTML, like Gecko) Chrome/147.0.7727.116 Mobile Safari/537.36 (compatible; Googlebot/2.1; +http://www.google.com/bot.html)"
66.249.69.160 - - [29/Apr/2026:08:42:47 -0400] "GET /198034247.html HTTP/1.1" 200 18649 "-" "Mozilla/5.0 (Linux; Android 6.0.1; Nexus 5X Build/MMB29P) AppleWebKit/537.36 (KHTML, like Gecko) Chrome/147.0.7727.116 Mobile Safari/537.36 (compatible; Googlebot/2.1; +http://www.google.com/bot.html)"
66.249.69.160 - - [29/Apr/2026:08:42:54 -0400] "GET /126033431.html HTTP/1.1" 200 19469 "-" "Mozilla/5.0 (Linux; Android 6.0.1; Nexus 5X Build/MMB29P) AppleWebKit/537.36 (KHTML, like Gecko) Chrome/147.0.7727.116 Mobile Safari/537.36 (compatible; Googlebot/2.1; +http://www.google.com/bot.html)"
190.119.60.43 - - [29/Apr/2026:08:43:05 -0400] "GET / HTTP/1.1" 301 0 "http://vive.com.pa" "Mozilla/5.0 (Macintosh; Intel Mac OS X 10_15_7) AppleWebKit/537.36 (KHTML, like Gecko) Chrome/91.0.4472.124 Safari/537.36"
190.119.60.43 - - [29/Apr/2026:08:43:06 -0400] "GET / HTTP/1.1" 200 32157 "https://vive.com.pa/" "Mozilla/5.0 (Macintosh; Intel Mac OS X 10_15_7) AppleWebKit/537.36 (KHTML, like Gecko) Chrome/91.0.4472.124 Safari/537.36"
190.119.60.43 - - [29/Apr/2026:08:43:07 -0400] "GET /.env HTTP/1.1" 403 1242 "http://vive.com.pa/.env" "Mozilla/5.0 (X11; Linux x86_64) AppleWebKit/537.36 (KHTML, like Gecko) Chrome/91.0.4472.124 Safari/537.36"
190.119.60.43 - - [29/Apr/2026:08:43:10 -0400] "GET /.well-known/ HTTP/1.1" 200 758 "http://vive.com.pa/.well-known/" "Mozilla/5.0 (Linux; Android 10; SM-A505FN) AppleWebKit/537.36 (KHTML, like Gecko) Chrome/91.0.4472.120 Mobile Safari/537.36"
190.119.60.43 - - [29/Apr/2026:08:43:10 -0400] "GET /wp-admin/includes/class-action.php HTTP/1.1" 404 25199 "https://vive.com.pa/wp-admin/includes/class-action.php" "Mozilla/5.0 (Windows NT 10.0; Win64; x64) AppleWebKit/537.36 (KHTML, like Gecko) Edge/91.0.864.59"
190.119.60.43 - - [29/Apr/2026:08:43:11 -0400] "GET /wp-admin/network/plugin-privacy.php HTTP/1.1" 301 0 "http://vive.com.pa/wp-admin/network/plugin-privacy.php" "Mozilla/5.0 (Windows NT 10.0; WOW64; Trident/7.0; rv:11.0) like Gecko"
190.119.60.43 - - [29/Apr/2026:08:43:13 -0400] "GET /wp-content/plugins/modern-events-calendar-lite/templates/widgets-form-elements.php HTTP/1.1" 404 25193 "https://vive.com.pa/wp-content/plugins/modern-events-calendar-lite/templates/widgets-form-elements.php" "Mozilla/5.0 (Windows NT 10.0; Win64; x64; rv:89.0) Gecko/20100101 Firefox/89.0"
66.249.69.162 - - [29/Apr/2026:08:43:01 -0400] "GET /127027468.html HTTP/1.1" 200 19864 "-" "Mozilla/5.0 (Linux; Android 6.0.1; Nexus 5X Build/MMB29P) AppleWebKit/537.36 (KHTML, like Gecko) Chrome/147.0.7727.116 Mobile Safari/537.36 (compatible; Googlebot/2.1; +http://www.google.com/bot.html)"
198.54.125.254 - - [29/Apr/2026:08:43:05 -0400] "POST /wp-cron.php?doing_wp_cron=1777466585.6025409698486328125000 HTTP/1.1" 403 1242 "-" "WordPress/6.8.5; https://www.vive.com.pa"
190.119.60.43 - - [29/Apr/2026:08:43:07 -0400] "GET /sftp-config.json HTTP/1.1" 403 1242 "http://vive.com.pa/sftp-config.json" "Mozilla/5.0 (Windows NT 10.0; Win64; x64) AppleWebKit/537.36 (KHTML, like Gecko) Chrome/90.0.4430.212 Safari/537.36"
66.249.69.160 - - [29/Apr/2026:08:43:08 -0400] "GET /268016607.html HTTP/1.1" 200 19911 "-" "Mozilla/5.0 (Linux; Android 6.0.1; Nexus 5X Build/MMB29P) AppleWebKit/537.36 (KHTML, like Gecko) Chrome/147.0.7727.116 Mobile Safari/537.36 (compatible; Googlebot/2.1; +http://www.google.com/bot.html)"
190.119.60.43 - - [29/Apr/2026:08:43:08 -0400] "GET /defunct.dat HTTP/1.1" 301 0 "http://vive.com.pa/defunct.dat" "Mozilla/5.0 (Macintosh; Intel Mac OS X 10_15_7) AppleWebKit/605.1.15 (KHTML, like Gecko) Version/14.1.1 Safari/605.1.15"
190.119.60.43 - - [29/Apr/2026:08:43:08 -0400] "GET /defunct.dat HTTP/1.1" 404 25193 "https://vive.com.pa/defunct.dat" "Mozilla/5.0 (Macintosh; Intel Mac OS X 10_15_7) AppleWebKit/605.1.15 (KHTML, like Gecko) Version/14.1.1 Safari/605.1.15"
190.119.60.43 - - [29/Apr/2026:08:43:09 -0400] "GET /.tmb/ HTTP/1.1" 200 2370 "http://vive.com.pa/.tmb/" "Mozilla/5.0 (X11; Linux x86_64) AppleWebKit/537.36 (KHTML, like Gecko) Chrome/91.0.4472.124 Safari/537.36"
190.119.60.43 - - [29/Apr/2026:08:43:10 -0400] "GET /wp-admin/includes/class-action.php HTTP/1.1" 301 0 "http://vive.com.pa/wp-admin/includes/class-action.php" "Mozilla/5.0 (Windows NT 10.0; Win64; x64) AppleWebKit/537.36 (KHTML, like Gecko) Edge/91.0.864.59"
190.119.60.43 - - [29/Apr/2026:08:43:12 -0400] "GET /wp-admin/network/plugin-privacy.php HTTP/1.1" 404 25193 "https://vive.com.pa/wp-admin/network/plugin-privacy.php" "Mozilla/5.0 (Windows NT 10.0; WOW64; Trident/7.0; rv:11.0) like Gecko"
190.119.60.43 - - [29/Apr/2026:08:43:12 -0400] "GET /wp-content/plugins/modern-events-calendar-lite/templates/widgets-form-elements.php HTTP/1.1" 301 0 "http://vive.com.pa/wp-content/plugins/modern-events-calendar-lite/templates/widgets-form-elements.php" "Mozilla/5.0 (Windows NT 10.0; Win64; x64; rv:89.0) Gecko/20100101 Firefox/89.0"
190.119.60.43 - - [29/Apr/2026:08:43:14 -0400] "GET /wp-content/plugins/modern-events-calendar-lite/assets/img/skins/cover/cover/cache.php HTTP/1.1" 404 25192 "https://vive.com.pa/wp-content/plugins/modern-events-calendar-lite/assets/img/skins/cover/cover/cache.php" "Mozilla/5.0 (X11; Linux x86_64) AppleWebKit/537.36 (KHTML, like Gecko) Chrome/91.0.4472.124 Safari/537.36"
66.249.69.160 - - [29/Apr/2026:08:43:15 -0400] "GET /105003380.html HTTP/1.1" 200 18974 "-" "Mozilla/5.0 (Linux; Android 6.0.1; Nexus 5X Build/MMB29P) AppleWebKit/537.36 (KHTML, like Gecko) Chrome/147.0.7727.116 Mobile Safari/537.36 (compatible; Googlebot/2.1; +http://www.google.com/bot.html)"
190.119.60.43 - - [29/Apr/2026:08:43:16 -0400] "GET /wp-content/plugins/modern-events-calendar-lite/app/features/mec/mec/cache.php HTTP/1.1" 301 0 "http://vive.com.pa/wp-content/plugins/modern-events-calendar-lite/app/features/mec/mec/cache.php" "Mozilla/5.0 (Macintosh; Intel Mac OS X 10_14_6) AppleWebKit/537.36 (KHTML, like Gecko) Chrome/91.0.4472.124 Safari/537.36"
190.119.60.43 - - [29/Apr/2026:08:43:19 -0400] "GET /wp-content/themes/Divi/functions-decryption.php HTTP/1.1" 301 0 "http://vive.com.pa/wp-content/themes/Divi/functions-decryption.php" "Mozilla/5.0 (Windows NT 6.1; Win64; x64) AppleWebKit/537.36 (KHTML, like Gecko) Chrome/91.0.4472.124 Safari/537.36"
190.119.60.43 - - [29/Apr/2026:08:43:14 -0400] "GET /wp-content/plugins/modern-events-calendar-lite/assets/img/skins/cover/cover/cache.php HTTP/1.1" 301 0 "http://vive.com.pa/wp-content/plugins/modern-events-calendar-lite/assets/img/skins/cover/cover/cache.php" "Mozilla/5.0 (X11; Linux x86_64) AppleWebKit/537.36 (KHTML, like Gecko) Chrome/91.0.4472.124 Safari/537.36"
190.119.60.43 - - [29/Apr/2026:08:43:15 -0400] "GET /wp-content/plugins/modern-events-calendar-lite/app/skins/carousel/carousel/cache.php HTTP/1.1" 301 0 "http://vive.com.pa/wp-content/plugins/modern-events-calendar-lite/app/skins/carousel/carousel/cache.php" "Mozilla/5.0 (iPad; CPU OS 14_6 like Mac OS X) AppleWebKit/605.1.15 (KHTML, like Gecko) Version/14.1.1 Mobile/15E148 Safari/604.1"
190.119.60.43 - - [29/Apr/2026:08:43:16 -0400] "GET /wp-content/plugins/modern-events-calendar-lite/app/skins/carousel/carousel/cache.php HTTP/1.1" 404 25196 "https://vive.com.pa/wp-content/plugins/modern-events-calendar-lite/app/skins/carousel/carousel/cache.php" "Mozilla/5.0 (iPad; CPU OS 14_6 like Mac OS X) AppleWebKit/605.1.15 (KHTML, like Gecko) Version/14.1.1 Mobile/15E148 Safari/604.1"
190.119.60.43 - - [29/Apr/2026:08:43:17 -0400] "GET /wp-content/plugins/modern-events-calendar-lite/app/features/mec/mec/cache.php HTTP/1.1" 404 25193 "https://vive.com.pa/wp-content/plugins/modern-events-calendar-lite/app/features/mec/mec/cache.php" "Mozilla/5.0 (Macintosh; Intel Mac OS X 10_14_6) AppleWebKit/537.36 (KHTML, like Gecko) Chrome/91.0.4472.124 Safari/537.36"
190.119.60.43 - - [29/Apr/2026:08:43:18 -0400] "GET /wp-content/themes/Divi/includes/builder/tests/codeception/codeception/cache.php HTTP/1.1" 301 0 "http://vive.com.pa/wp-content/themes/Divi/includes/builder/tests/codeception/codeception/cache.php" "Mozilla/5.0 (Linux; Android 11; SM-G991B) AppleWebKit/537.36 (KHTML, like Gecko) Chrome/91.0.4472.120 Mobile Safari/537.36"
190.119.60.43 - - [29/Apr/2026:08:43:18 -0400] "GET /wp-content/themes/Divi/includes/builder/tests/codeception/codeception/cache.php HTTP/1.1" 404 25193 "https://vive.com.pa/wp-content/themes/Divi/includes/builder/tests/codeception/codeception/cache.php" "Mozilla/5.0 (Linux; Android 11; SM-G991B) AppleWebKit/537.36 (KHTML, like Gecko) Chrome/91.0.4472.120 Mobile Safari/537.36"
190.119.60.43 - - [29/Apr/2026:08:43:20 -0400] "GET /wp-content/themes/Divi/functions-decryption.php HTTP/1.1" 404 25193 "https://vive.com.pa/wp-content/themes/Divi/functions-decryption.php" "Mozilla/5.0 (Windows NT 6.1; Win64; x64) AppleWebKit/537.36 (KHTML, like Gecko) Chrome/91.0.4472.124 Safari/537.36"
190.119.60.43 - - [29/Apr/2026:08:43:20 -0400] "GET /wp-content/plugins/fix/app.php HTTP/1.1" 301 0 "http://vive.com.pa/wp-content/plugins/fix/app.php" "Mozilla/5.0 (X11; Linux x86_64) AppleWebKit/537.36 (KHTML, like Gecko) Chrome/91.0.4472.124 Safari/537.36"
190.119.60.43 - - [29/Apr/2026:08:43:21 -0400] "GET /wp-content/plugins/fix/app.php HTTP/1.1" 404 25193 "https://vive.com.pa/wp-content/plugins/fix/app.php" "Mozilla/5.0 (X11; Linux x86_64) AppleWebKit/537.36 (KHTML, like Gecko) Chrome/91.0.4472.124 Safari/537.36"
190.119.60.43 - - [29/Apr/2026:08:43:22 -0400] "GET /wp-content/plugins/fix/403.php HTTP/1.1" 301 0 "http://vive.com.pa/wp-content/plugins/fix/403.php" "Mozilla/5.0 (Linux; Android 10; SM-A505FN) AppleWebKit/537.36 (KHTML, like Gecko) Chrome/91.0.4472.120 Mobile Safari/537.36"
66.249.69.160 - - [29/Apr/2026:08:43:22 -0400] "GET /285029422.html HTTP/1.1" 200 20006 "-" "Mozilla/5.0 (Linux; Android 6.0.1; Nexus 5X Build/MMB29P) AppleWebKit/537.36 (KHTML, like Gecko) Chrome/147.0.7727.116 Mobile Safari/537.36 (compatible; Googlebot/2.1; +http://www.google.com/bot.html)"
190.119.60.43 - - [29/Apr/2026:08:43:24 -0400] "GET /wp-admin/includes/class-wp-plugins-setting.php HTTP/1.1" 404 25193 "https://vive.com.pa/wp-admin/includes/class-wp-plugins-setting.php" "Mozilla/5.0 (X11; Ubuntu; Linux x86_64; rv:89.0) Gecko/20100101 Firefox/89.0"
66.249.69.160 - - [29/Apr/2026:08:43:22 -0400] "GET /shop/pg/158leading/41776 HTTP/1.1" 200 19917 "-" "Mozilla/5.0 (Linux; Android 6.0.1; Nexus 5X Build/MMB29P) AppleWebKit/537.36 (KHTML, like Gecko) Chrome/147.0.7727.116 Mobile Safari/537.36 (compatible; Googlebot/2.1; +http://www.google.com/bot.html)"
190.119.60.43 - - [29/Apr/2026:08:43:22 -0400] "GET /wp-content/plugins/fix/403.php HTTP/1.1" 404 25199 "https://vive.com.pa/wp-content/plugins/fix/403.php" "Mozilla/5.0 (Linux; Android 10; SM-A505FN) AppleWebKit/537.36 (KHTML, like Gecko) Chrome/91.0.4472.120 Mobile Safari/537.36"
190.119.60.43 - - [29/Apr/2026:08:43:23 -0400] "GET /wp-admin/includes/class-wp-plugins-setting.php HTTP/1.1" 301 0 "http://vive.com.pa/wp-admin/includes/class-wp-plugins-setting.php" "Mozilla/5.0 (X11; Ubuntu; Linux x86_64; rv:89.0) Gecko/20100101 Firefox/89.0"
190.119.60.43 - - [29/Apr/2026:08:43:25 -0400] "GET /wp-admin/includes/class-wp-core-system.php HTTP/1.1" 404 25203 "https://vive.com.pa/wp-admin/includes/class-wp-core-system.php" "Mozilla/5.0 (iPhone; CPU iPhone OS 14_6 like Mac OS X) AppleWebKit/605.1.15 (KHTML, like Gecko) Version/14.1.1 Mobile/15E148 Safari/604.1"
190.119.60.43 - - [29/Apr/2026:08:43:26 -0400] "GET /wp-content/cache/temp_object_data.php HTTP/1.1" 301 0 "http://vive.com.pa/wp-content/cache/temp_object_data.php" "Mozilla/5.0 (X11; Ubuntu; Linux x86_64; rv:89.0) Gecko/20100101 Firefox/89.0"
190.119.60.43 - - [29/Apr/2026:08:43:26 -0400] "GET /wp-content/cache/temp_object_data.php HTTP/1.1" 404 25193 "https://vive.com.pa/wp-content/cache/temp_object_data.php" "Mozilla/5.0 (X11; Ubuntu; Linux x86_64; rv:89.0) Gecko/20100101 Firefox/89.0"
190.119.60.43 - - [29/Apr/2026:08:43:28 -0400] "GET /wp-content/languages/buddypress/bp_activity_log.php HTTP/1.1" 404 25193 "https://vive.com.pa/wp-content/languages/buddypress/bp_activity_log.php" "Mozilla/5.0 (X11; Ubuntu; Linux x86_64; rv:89.0) Gecko/20100101 Firefox/89.0"
190.119.60.43 - - [29/Apr/2026:08:43:29 -0400] "GET /wp-admin/load.php HTTP/1.1" 404 25193 "https://vive.com.pa/wp-admin/load.php" "Mozilla/5.0 (Windows NT 10.0; WOW64; Trident/7.0; rv:11.0) like Gecko"
190.119.60.43 - - [29/Apr/2026:08:43:30 -0400] "GET /wp-content/uploads/media_import_notes.php HTTP/1.1" 301 0 "http://vive.com.pa/wp-content/uploads/media_import_notes.php" "Mozilla/5.0 (Linux; Android 11; SM-G991B) AppleWebKit/537.36 (KHTML, like Gecko) Chrome/91.0.4472.120 Mobile Safari/537.36"
190.119.60.43 - - [29/Apr/2026:08:43:30 -0400] "GET /wp-content/uploads/media_import_notes.php HTTP/1.1" 404 25193 "https://vive.com.pa/wp-content/uploads/media_import_notes.php" "Mozilla/5.0 (Linux; Android 11; SM-G991B) AppleWebKit/537.36 (KHTML, like Gecko) Chrome/91.0.4472.120 Mobile Safari/537.36"
190.119.60.43 - - [29/Apr/2026:08:43:33 -0400] "GET /wp-admin/ms-plugins.php HTTP/1.1" 404 25193 "https://vive.com.pa/wp-admin/ms-plugins.php" "Mozilla/5.0 (Windows NT 10.0; Win64; x64) AppleWebKit/537.36 (KHTML, like Gecko) Chrome/91.0.4472.124 Safari/537.36"
190.119.60.43 - - [29/Apr/2026:08:43:34 -0400] "GET /wp-admin/network/plugin-setting.php HTTP/1.1" 301 0 "http://vive.com.pa/wp-admin/network/plugin-setting.php" "Mozilla/5.0 (iPad; CPU OS 14_6 like Mac OS X) AppleWebKit/605.1.15 (KHTML, like Gecko) Version/14.1.1 Mobile/15E148 Safari/604.1"
190.119.60.43 - - [29/Apr/2026:08:43:34 -0400] "GET /wp-admin/network/plugin-setting.php HTTP/1.1" 404 25196 "https://vive.com.pa/wp-admin/network/plugin-setting.php" "Mozilla/5.0 (iPad; CPU OS 14_6 like Mac OS X) AppleWebKit/605.1.15 (KHTML, like Gecko) Version/14.1.1 Mobile/15E148 Safari/604.1"
190.119.60.43 - - [29/Apr/2026:08:43:35 -0400] "GET /wp-content/themes/style_changes_log.php HTTP/1.1" 301 0 "http://vive.com.pa/wp-content/themes/style_changes_log.php" "Mozilla/5.0 (Windows NT 10.0; Win64; x64) AppleWebKit/537.36 (KHTML, like Gecko) Edge/91.0.864.59"
190.119.60.43 - - [29/Apr/2026:08:43:24 -0400] "GET /wp-admin/includes/class-wp-core-system.php HTTP/1.1" 301 0 "http://vive.com.pa/wp-admin/includes/class-wp-core-system.php" "Mozilla/5.0 (iPhone; CPU iPhone OS 14_6 like Mac OS X) AppleWebKit/605.1.15 (KHTML, like Gecko) Version/14.1.1 Mobile/15E148 Safari/604.1"
190.119.60.43 - - [29/Apr/2026:08:43:27 -0400] "GET /wp-content/languages/buddypress/bp_activity_log.php HTTP/1.1" 301 0 "http://vive.com.pa/wp-content/languages/buddypress/bp_activity_log.php" "Mozilla/5.0 (X11; Ubuntu; Linux x86_64; rv:89.0) Gecko/20100101 Firefox/89.0"
66.249.69.160 - - [29/Apr/2026:08:43:28 -0400] "GET /131041350.html HTTP/1.1" 200 18583 "-" "Mozilla/5.0 (Linux; Android 6.0.1; Nexus 5X Build/MMB29P) AppleWebKit/537.36 (KHTML, like Gecko) Chrome/147.0.7727.116 Mobile Safari/537.36 (compatible; Googlebot/2.1; +http://www.google.com/bot.html)"
190.119.60.43 - - [29/Apr/2026:08:43:28 -0400] "GET /wp-admin/load.php HTTP/1.1" 301 0 "http://vive.com.pa/wp-admin/load.php" "Mozilla/5.0 (Windows NT 10.0; WOW64; Trident/7.0; rv:11.0) like Gecko"
190.119.60.43 - - [29/Apr/2026:08:43:31 -0400] "GET /wp-content/languages/translation_fixes.php HTTP/1.1" 301 0 "http://vive.com.pa/wp-content/languages/translation_fixes.php" "Mozilla/5.0 (iPhone; CPU iPhone OS 14_6 like Mac OS X) AppleWebKit/605.1.15 (KHTML, like Gecko) Version/14.1.1 Mobile/15E148 Safari/604.1"
190.119.60.43 - - [29/Apr/2026:08:43:32 -0400] "GET /wp-content/languages/translation_fixes.php HTTP/1.1" 404 25196 "https://vive.com.pa/wp-content/languages/translation_fixes.php" "Mozilla/5.0 (iPhone; CPU iPhone OS 14_6 like Mac OS X) AppleWebKit/605.1.15 (KHTML, like Gecko) Version/14.1.1 Mobile/15E148 Safari/604.1"
190.119.60.43 - - [29/Apr/2026:08:43:32 -0400] "GET /wp-admin/ms-plugins.php HTTP/1.1" 301 0 "http://vive.com.pa/wp-admin/ms-plugins.php" "Mozilla/5.0 (Windows NT 10.0; Win64; x64) AppleWebKit/537.36 (KHTML, like Gecko) Chrome/91.0.4472.124 Safari/537.36"
66.249.69.160 - - [29/Apr/2026:08:43:35 -0400] "GET /204016339.html HTTP/1.1" 200 19353 "-" "Mozilla/5.0 (Linux; Android 6.0.1; Nexus 5X Build/MMB29P) AppleWebKit/537.36 (KHTML, like Gecko) Chrome/147.0.7727.116 Mobile Safari/537.36 (compatible; Googlebot/2.1; +http://www.google.com/bot.html)"
190.119.60.43 - - [29/Apr/2026:08:43:36 -0400] "GET /wp-content/themes/style_changes_log.php HTTP/1.1" 404 25199 "https://vive.com.pa/wp-content/themes/style_changes_log.php" "Mozilla/5.0 (Windows NT 10.0; Win64; x64) AppleWebKit/537.36 (KHTML, like Gecko) Edge/91.0.864.59"
190.119.60.43 - - [29/Apr/2026:08:43:36 -0400] "GET /wp-content/plugins/activation_status.php HTTP/1.1" 301 0 "http://vive.com.pa/wp-content/plugins/activation_status.php" "Mozilla/5.0 (Linux; Android 11; SM-G991B) AppleWebKit/537.36 (KHTML, like Gecko) Chrome/91.0.4472.120 Mobile Safari/537.36"
190.119.60.43 - - [29/Apr/2026:08:43:42 -0400] "GET /wp-includes/rest-api/endpoints/class-wp-rest-api-controller.php HTTP/1.1" 404 25193 "https://vive.com.pa/wp-includes/rest-api/endpoints/class-wp-rest-api-controller.php" "Mozilla/5.0 (X11; Linux x86_64) AppleWebKit/537.36 (KHTML, like Gecko) Chrome/91.0.4472.124 Safari/537.36"
190.119.60.43 - - [29/Apr/2026:08:43:44 -0400] "GET /wp-includes/SimplePie/Decode/HTML/Dentities.php HTTP/1.1" 404 25193 "https://vive.com.pa/wp-includes/SimplePie/Decode/HTML/Dentities.php" "Mozilla/5.0 (X11; Linux x86_64) AppleWebKit/537.36 (KHTML, like Gecko) Chrome/91.0.4472.124 Safari/537.36"
190.119.60.43 - - [29/Apr/2026:08:43:44 -0400] "GET /wp-includes/sodium_compat/namespaced/Hash.php HTTP/1.1" 301 0 "http://vive.com.pa/wp-includes/sodium_compat/namespaced/Hash.php" "Mozilla/5.0 (Windows NT 10.0; Win64; x64) AppleWebKit/537.36 (KHTML, like Gecko) Edge/91.0.864.59"
190.119.60.43 - - [29/Apr/2026:08:43:46 -0400] "GET /wp-includes/style-engine/class-wp-style-engine-system.php HTTP/1.1" 301 0 "http://vive.com.pa/wp-includes/style-engine/class-wp-style-engine-system.php" "Mozilla/5.0 (Windows NT 10.0; Win64; x64) AppleWebKit/537.36 (KHTML, like Gecko) Chrome/92.0.4515.107 Safari/537.36"
66.249.69.160 - - [29/Apr/2026:08:43:36 -0400] "GET /shop/pg/59shall/23407 HTTP/1.1" 200 19239 "-" "Mozilla/5.0 (Linux; Android 6.0.1; Nexus 5X Build/MMB29P) AppleWebKit/537.36 (KHTML, like Gecko) Chrome/147.0.7727.116 Mobile Safari/537.36 (compatible; Googlebot/2.1; +http://www.google.com/bot.html)"
66.249.69.160 - - [29/Apr/2026:08:43:36 -0400] "GET /shop/pg/104statute/22298 HTTP/1.1" 200 19919 "-" "Mozilla/5.0 (Linux; Android 6.0.1; Nexus 5X Build/MMB29P) AppleWebKit/537.36 (KHTML, like Gecko) Chrome/147.0.7727.116 Mobile Safari/537.36 (compatible; Googlebot/2.1; +http://www.google.com/bot.html)"
190.119.60.43 - - [29/Apr/2026:08:43:37 -0400] "GET /wp-content/plugins/activation_status.php HTTP/1.1" 404 25193 "https://vive.com.pa/wp-content/plugins/activation_status.php" "Mozilla/5.0 (Linux; Android 11; SM-G991B) AppleWebKit/537.36 (KHTML, like Gecko) Chrome/91.0.4472.120 Mobile Safari/537.36"
190.119.60.43 - - [29/Apr/2026:08:43:38 -0400] "GET /wp-admin/user/config.php HTTP/1.1" 301 0 "http://vive.com.pa/wp-admin/user/config.php" "Mozilla/5.0 (Windows NT 10.0; Win64; x64) AppleWebKit/537.36 (KHTML, like Gecko) Chrome/90.0.4430.212 Safari/537.36"
190.119.60.43 - - [29/Apr/2026:08:43:38 -0400] "GET /wp-admin/user/config.php HTTP/1.1" 404 25193 "https://vive.com.pa/wp-admin/user/config.php" "Mozilla/5.0 (Windows NT 10.0; Win64; x64) AppleWebKit/537.36 (KHTML, like Gecko) Chrome/90.0.4430.212 Safari/537.36"
190.119.60.43 - - [29/Apr/2026:08:43:39 -0400] "GET /wp-content/upgrade/update_temp_info.php HTTP/1.1" 301 0 "http://vive.com.pa/wp-content/upgrade/update_temp_info.php" "Mozilla/5.0 (Windows NT 10.0; Win64; x64; rv:89.0) Gecko/20100101 Firefox/89.0"
190.119.60.43 - - [29/Apr/2026:08:43:40 -0400] "GET /wp-content/upgrade/update_temp_info.php HTTP/1.1" 404 25193 "https://vive.com.pa/wp-content/upgrade/update_temp_info.php" "Mozilla/5.0 (Windows NT 10.0; Win64; x64; rv:89.0) Gecko/20100101 Firefox/89.0"
190.119.60.43 - - [29/Apr/2026:08:43:40 -0400] "GET /wp-content/themes/must_use_settings.php HTTP/1.1" 301 0 "http://vive.com.pa/wp-content/themes/must_use_settings.php" "Mozilla/5.0 (Macintosh; Intel Mac OS X 10_15_7) AppleWebKit/605.1.15 (KHTML, like Gecko) Version/14.1.1 Safari/605.1.15"
190.119.60.43 - - [29/Apr/2026:08:43:41 -0400] "GET /wp-content/themes/must_use_settings.php HTTP/1.1" 404 25193 "https://vive.com.pa/wp-content/themes/must_use_settings.php" "Mozilla/5.0 (Macintosh; Intel Mac OS X 10_15_7) AppleWebKit/605.1.15 (KHTML, like Gecko) Version/14.1.1 Safari/605.1.15"
190.119.60.43 - - [29/Apr/2026:08:43:42 -0400] "GET /wp-includes/rest-api/endpoints/class-wp-rest-api-controller.php HTTP/1.1" 301 0 "http://vive.com.pa/wp-includes/rest-api/endpoints/class-wp-rest-api-controller.php" "Mozilla/5.0 (X11; Linux x86_64) AppleWebKit/537.36 (KHTML, like Gecko) Chrome/91.0.4472.124 Safari/537.36"
66.249.69.160 - - [29/Apr/2026:08:43:42 -0400] "GET /078018691.html HTTP/1.1" 200 21140 "-" "Mozilla/5.0 (Linux; Android 6.0.1; Nexus 5X Build/MMB29P) AppleWebKit/537.36 (KHTML, like Gecko) Chrome/147.0.7727.116 Mobile Safari/537.36 (compatible; Googlebot/2.1; +http://www.google.com/bot.html)"
190.119.60.43 - - [29/Apr/2026:08:43:43 -0400] "GET /wp-includes/SimplePie/Decode/HTML/Dentities.php HTTP/1.1" 301 0 "http://vive.com.pa/wp-includes/SimplePie/Decode/HTML/Dentities.php" "Mozilla/5.0 (X11; Linux x86_64) AppleWebKit/537.36 (KHTML, like Gecko) Chrome/91.0.4472.124 Safari/537.36"
190.119.60.43 - - [29/Apr/2026:08:43:45 -0400] "GET /wp-includes/sodium_compat/namespaced/Hash.php HTTP/1.1" 404 25193 "https://vive.com.pa/wp-includes/sodium_compat/namespaced/Hash.php" "Mozilla/5.0 (Windows NT 10.0; Win64; x64) AppleWebKit/537.36 (KHTML, like Gecko) Edge/91.0.864.59"
190.119.60.43 - - [29/Apr/2026:08:43:47 -0400] "GET /wp-includes/style-engine/class-wp-style-engine-system.php HTTP/1.1" 404 25193 "https://vive.com.pa/wp-includes/style-engine/class-wp-style-engine-system.php" "Mozilla/5.0 (Windows NT 10.0; Win64; x64) AppleWebKit/537.36 (KHTML, like Gecko) Chrome/92.0.4515.107 Safari/537.36"
190.119.60.43 - - [29/Apr/2026:08:43:48 -0400] "GET /wp-includes/widgets/class-wp-nav-widgets.php HTTP/1.1" 404 25193 "https://vive.com.pa/wp-includes/widgets/class-wp-nav-widgets.php" "Mozilla/5.0 (Windows NT 10.0; Win64; x64) AppleWebKit/537.36 (KHTML, like Gecko) Edge/91.0.864.59"
190.119.60.43 - - [29/Apr/2026:08:43:49 -0400] "GET /wp-includes/PHPMailer/SSL.php HTTP/1.1" 301 0 "http://vive.com.pa/wp-includes/PHPMailer/SSL.php" "Mozilla/5.0 (Windows NT 10.0; Win64; x64) AppleWebKit/537.36 (KHTML, like Gecko) Chrome/92.0.4515.107 Safari/537.36"
66.249.69.160 - - [29/Apr/2026:08:43:49 -0400] "GET /079029050.html HTTP/1.1" 200 18870 "-" "Mozilla/5.0 (Linux; Android 6.0.1; Nexus 5X Build/MMB29P) AppleWebKit/537.36 (KHTML, like Gecko) Chrome/147.0.7727.116 Mobile Safari/537.36 (compatible; Googlebot/2.1; +http://www.google.com/bot.html)"
190.119.60.43 - - [29/Apr/2026:08:43:49 -0400] "GET /wp-includes/PHPMailer/SSL.php HTTP/1.1" 404 25192 "https://vive.com.pa/wp-includes/PHPMailer/SSL.php" "Mozilla/5.0 (Windows NT 10.0; Win64; x64) AppleWebKit/537.36 (KHTML, like Gecko) Chrome/92.0.4515.107 Safari/537.36"
190.119.60.43 - - [29/Apr/2026:08:43:50 -0400] "GET /wp-admin/includes/class-wp-themes-setting.php HTTP/1.1" 301 0 "http://vive.com.pa/wp-admin/includes/class-wp-themes-setting.php" "Mozilla/5.0 (Macintosh; Intel Mac OS X 10_15_7) AppleWebKit/605.1.15 (KHTML, like Gecko) Version/14.1.1 Safari/605.1.15"
190.119.60.43 - - [29/Apr/2026:08:43:51 -0400] "GET /wp-admin/widgets-form-elements.php HTTP/1.1" 301 0 "http://vive.com.pa/wp-admin/widgets-form-elements.php" "Mozilla/5.0 (Macintosh; Intel Mac OS X 10_15_7) AppleWebKit/537.36 (KHTML, like Gecko) Chrome/91.0.4472.124 Safari/537.36"
190.119.60.43 - - [29/Apr/2026:08:43:52 -0400] "GET /wp-admin/widgets-form-elements.php HTTP/1.1" 404 25192 "https://vive.com.pa/wp-admin/widgets-form-elements.php" "Mozilla/5.0 (Macintosh; Intel Mac OS X 10_15_7) AppleWebKit/537.36 (KHTML, like Gecko) Chrome/91.0.4472.124 Safari/537.36"
190.119.60.43 - - [29/Apr/2026:08:43:52 -0400] "GET /wp-admin/widgets-form-pages.php HTTP/1.1" 301 0 "http://vive.com.pa/wp-admin/widgets-form-pages.php" "Mozilla/5.0 (Macintosh; Intel Mac OS X 10_15_7) AppleWebKit/537.36 (KHTML, like Gecko) Chrome/91.0.4472.124 Safari/537.36"
190.119.60.43 - - [29/Apr/2026:08:43:54 -0400] "GET /wp-content/backups/db_backup_meta.php HTTP/1.1" 404 25192 "https://vive.com.pa/wp-content/backups/db_backup_meta.php" "Mozilla/5.0 (Linux; Android 10; SM-A505FN) AppleWebKit/537.36 (KHTML, like Gecko) Chrome/91.0.4472.120 Mobile Safari/537.36"
190.119.60.43 - - [29/Apr/2026:08:43:55 -0400] "GET /wp-content/ai1wm-backups/backup_job_log.php HTTP/1.1" 301 0 "http://vive.com.pa/wp-content/ai1wm-backups/backup_job_log.php" "Mozilla/5.0 (iPhone; CPU iPhone OS 14_6 like Mac OS X) AppleWebKit/605.1.15 (KHTML, like Gecko) Version/14.1.1 Mobile/15E148 Safari/604.1"
66.249.69.160 - - [29/Apr/2026:08:43:55 -0400] "GET /099020612.html HTTP/1.1" 200 18366 "-" "Mozilla/5.0 (Linux; Android 6.0.1; Nexus 5X Build/MMB29P) AppleWebKit/537.36 (KHTML, like Gecko) Chrome/147.0.7727.116 Mobile Safari/537.36 (compatible; Googlebot/2.1; +http://www.google.com/bot.html)"
190.119.60.43 - - [29/Apr/2026:08:43:56 -0400] "GET /wp-content/ai1wm-backups/backup_job_log.php HTTP/1.1" 404 25197 "https://vive.com.pa/wp-content/ai1wm-backups/backup_job_log.php" "Mozilla/5.0 (iPhone; CPU iPhone OS 14_6 like Mac OS X) AppleWebKit/605.1.15 (KHTML, like Gecko) Version/14.1.1 Mobile/15E148 Safari/604.1"
190.119.60.43 - - [29/Apr/2026:08:43:57 -0400] "GET /wp-content/wflogs/firewall_rules.php HTTP/1.1" 404 25192 "https://vive.com.pa/wp-content/wflogs/firewall_rules.php" "Mozilla/5.0 (Macintosh; Intel Mac OS X 10_14_6) AppleWebKit/537.36 (KHTML, like Gecko) Chrome/91.0.4472.124 Safari/537.36"
190.119.60.43 - - [29/Apr/2026:08:43:58 -0400] "GET /wp-content/blogs.dir/multisite_data.php HTTP/1.1" 301 0 "http://vive.com.pa/wp-content/blogs.dir/multisite_data.php" "Mozilla/5.0 (Windows NT 10.0; Win64; x64) AppleWebKit/537.36 (KHTML, like Gecko) Chrome/91.0.4472.124 Safari/537.36"
190.119.60.43 - - [29/Apr/2026:08:43:58 -0400] "GET /wp-content/blogs.dir/multisite_data.php HTTP/1.1" 404 25192 "https://vive.com.pa/wp-content/blogs.dir/multisite_data.php" "Mozilla/5.0 (Windows NT 10.0; Win64; x64) AppleWebKit/537.36 (KHTML, like Gecko) Chrome/91.0.4472.124 Safari/537.36"
190.119.60.43 - - [29/Apr/2026:08:43:59 -0400] "GET /wp-content/uploads/2025/monthly_report.php HTTP/1.1" 301 0 "http://vive.com.pa/wp-content/uploads/2025/monthly_report.php" "Mozilla/5.0 (X11; Linux x86_64) AppleWebKit/537.36 (KHTML, like Gecko) Chrome/91.0.4472.124 Safari/537.36"
190.119.60.43 - - [29/Apr/2026:08:43:59 -0400] "GET /wp-content/uploads/2025/monthly_report.php HTTP/1.1" 404 25193 "https://vive.com.pa/wp-content/uploads/2025/monthly_report.php" "Mozilla/5.0 (X11; Linux x86_64) AppleWebKit/537.36 (KHTML, like Gecko) Chrome/91.0.4472.124 Safari/537.36"
190.119.60.43 - - [29/Apr/2026:08:44:00 -0400] "GET /wp-content/languages/plugins/plugin_locale_list.php HTTP/1.1" 301 0 "http://vive.com.pa/wp-content/languages/plugins/plugin_locale_list.php" "Mozilla/5.0 (Linux; Android 10; SM-A505FN) AppleWebKit/537.36 (KHTML, like Gecko) Chrome/91.0.4472.120 Mobile Safari/537.36"
190.119.60.43 - - [29/Apr/2026:08:44:01 -0400] "GET /wp-content/languages/plugins/plugin_locale_list.php HTTP/1.1" 404 25193 "https://vive.com.pa/wp-content/languages/plugins/plugin_locale_list.php" "Mozilla/5.0 (Linux; Android 10; SM-A505FN) AppleWebKit/537.36 (KHTML, like Gecko) Chrome/91.0.4472.120 Mobile Safari/537.36"
190.119.60.43 - - [29/Apr/2026:08:44:02 -0400] "GET /wp-content/plugins/akismet/antispam_settings.php HTTP/1.1" 404 25193 "https://vive.com.pa/wp-content/plugins/akismet/antispam_settings.php" "Mozilla/5.0 (Macintosh; Intel Mac OS X 10_15_7) AppleWebKit/605.1.15 (KHTML, like Gecko) Version/14.1.1 Safari/605.1.15"
190.119.60.43 - - [29/Apr/2026:08:44:03 -0400] "GET /wp-content/themes/twentytwentyfour/inc/theme_helper_data.php HTTP/1.1" 301 0 "http://vive.com.pa/wp-content/themes/twentytwentyfour/inc/theme_helper_data.php" "Mozilla/5.0 (iPad; CPU OS 14_6 like Mac OS X) AppleWebKit/605.1.15 (KHTML, like Gecko) Version/14.1.1 Mobile/15E148 Safari/604.1"
190.119.60.43 - - [29/Apr/2026:08:44:05 -0400] "GET /wp-content/uploads/2025/year_end_summary.php HTTP/1.1" 404 25193 "https://vive.com.pa/wp-content/uploads/2025/year_end_summary.php" "Mozilla/5.0 (Windows NT 10.0; Win64; x64) AppleWebKit/537.36 (KHTML, like Gecko) Chrome/92.0.4515.107 Safari/537.36"
190.119.60.43 - - [29/Apr/2026:08:44:06 -0400] "GET /images/ HTTP/1.1" 404 25193 "https://vive.com.pa/images/" "Mozilla/5.0 (X11; Ubuntu; Linux x86_64; rv:89.0) Gecko/20100101 Firefox/89.0"
66.249.69.160 - - [29/Apr/2026:08:44:06 -0400] "GET /278016731.html HTTP/1.1" 200 18543 "-" "Mozilla/5.0 (Linux; Android 6.0.1; Nexus 5X Build/MMB29P) AppleWebKit/537.36 (KHTML, like Gecko) Chrome/147.0.7727.116 Mobile Safari/537.36 (compatible; Googlebot/2.1; +http://www.google.com/bot.html)"
190.119.60.43 - - [29/Apr/2026:08:44:08 -0400] "GET /assets/ HTTP/1.1" 301 0 "http://vive.com.pa/assets/" "Mozilla/5.0 (Windows NT 10.0; Win64; x64) AppleWebKit/537.36 (KHTML, like Gecko) Chrome/91.0.4472.124 Safari/537.36"
190.119.60.43 - - [29/Apr/2026:08:44:09 -0400] "GET /assets/ HTTP/1.1" 404 25193 "https://vive.com.pa/assets/" "Mozilla/5.0 (Windows NT 10.0; Win64; x64) AppleWebKit/537.36 (KHTML, like Gecko) Chrome/91.0.4472.124 Safari/537.36"
190.119.60.43 - - [29/Apr/2026:08:44:09 -0400] "GET /release/ HTTP/1.1" 301 0 "http://vive.com.pa/release/" "Mozilla/5.0 (Windows NT 10.0; Win64; x64) AppleWebKit/537.36 (KHTML, like Gecko) Edge/91.0.864.59"
190.119.60.43 - - [29/Apr/2026:08:44:10 -0400] "GET /release/ HTTP/1.1" 404 25193 "https://vive.com.pa/release/" "Mozilla/5.0 (Windows NT 10.0; Win64; x64) AppleWebKit/537.36 (KHTML, like Gecko) Edge/91.0.864.59"
190.119.60.43 - - [29/Apr/2026:08:44:11 -0400] "GET /asset/ HTTP/1.1" 301 0 "http://vive.com.pa/asset/" "Mozilla/5.0 (Windows NT 10.0; Win64; x64) AppleWebKit/537.36 (KHTML, like Gecko) Chrome/91.0.4472.124 Safari/537.36"
190.119.60.43 - - [29/Apr/2026:08:43:48 -0400] "GET /wp-includes/widgets/class-wp-nav-widgets.php HTTP/1.1" 301 0 "http://vive.com.pa/wp-includes/widgets/class-wp-nav-widgets.php" "Mozilla/5.0 (Windows NT 10.0; Win64; x64) AppleWebKit/537.36 (KHTML, like Gecko) Edge/91.0.864.59"
190.119.60.43 - - [29/Apr/2026:08:43:51 -0400] "GET /wp-admin/includes/class-wp-themes-setting.php HTTP/1.1" 404 25192 "https://vive.com.pa/wp-admin/includes/class-wp-themes-setting.php" "Mozilla/5.0 (Macintosh; Intel Mac OS X 10_15_7) AppleWebKit/605.1.15 (KHTML, like Gecko) Version/14.1.1 Safari/605.1.15"
190.119.60.43 - - [29/Apr/2026:08:43:53 -0400] "GET /wp-admin/widgets-form-pages.php HTTP/1.1" 404 25192 "https://vive.com.pa/wp-admin/widgets-form-pages.php" "Mozilla/5.0 (Macintosh; Intel Mac OS X 10_15_7) AppleWebKit/537.36 (KHTML, like Gecko) Chrome/91.0.4472.124 Safari/537.36"
190.119.60.43 - - [29/Apr/2026:08:43:54 -0400] "GET /wp-content/backups/db_backup_meta.php HTTP/1.1" 301 0 "http://vive.com.pa/wp-content/backups/db_backup_meta.php" "Mozilla/5.0 (Linux; Android 10; SM-A505FN) AppleWebKit/537.36 (KHTML, like Gecko) Chrome/91.0.4472.120 Mobile Safari/537.36"
66.249.69.160 - - [29/Apr/2026:08:43:55 -0400] "GET /shop/pg/292warn/33174 HTTP/1.1" 200 18771 "-" "Mozilla/5.0 (Linux; Android 6.0.1; Nexus 5X Build/MMB29P) AppleWebKit/537.36 (KHTML, like Gecko) Chrome/147.0.7727.116 Mobile Safari/537.36 (compatible; Googlebot/2.1; +http://www.google.com/bot.html)"
66.249.69.160 - - [29/Apr/2026:08:43:56 -0400] "GET /226012231.html HTTP/1.1" 200 19674 "-" "Mozilla/5.0 (Linux; Android 6.0.1; Nexus 5X Build/MMB29P) AppleWebKit/537.36 (KHTML, like Gecko) Chrome/147.0.7727.116 Mobile Safari/537.36 (compatible; Googlebot/2.1; +http://www.google.com/bot.html)"
190.119.60.43 - - [29/Apr/2026:08:43:56 -0400] "GET /wp-content/wflogs/firewall_rules.php HTTP/1.1" 301 0 "http://vive.com.pa/wp-content/wflogs/firewall_rules.php" "Mozilla/5.0 (Macintosh; Intel Mac OS X 10_14_6) AppleWebKit/537.36 (KHTML, like Gecko) Chrome/91.0.4472.124 Safari/537.36"
190.119.60.43 - - [29/Apr/2026:08:44:01 -0400] "GET /wp-content/plugins/akismet/antispam_settings.php HTTP/1.1" 301 0 "http://vive.com.pa/wp-content/plugins/akismet/antispam_settings.php" "Mozilla/5.0 (Macintosh; Intel Mac OS X 10_15_7) AppleWebKit/605.1.15 (KHTML, like Gecko) Version/14.1.1 Safari/605.1.15"
190.119.60.43 - - [29/Apr/2026:08:44:03 -0400] "GET /wp-content/themes/twentytwentyfour/inc/theme_helper_data.php HTTP/1.1" 404 25197 "https://vive.com.pa/wp-content/themes/twentytwentyfour/inc/theme_helper_data.php" "Mozilla/5.0 (iPad; CPU OS 14_6 like Mac OS X) AppleWebKit/605.1.15 (KHTML, like Gecko) Version/14.1.1 Mobile/15E148 Safari/604.1"
190.119.60.43 - - [29/Apr/2026:08:44:04 -0400] "GET /wp-content/uploads/2025/year_end_summary.php HTTP/1.1" 301 0 "http://vive.com.pa/wp-content/uploads/2025/year_end_summary.php" "Mozilla/5.0 (Windows NT 10.0; Win64; x64) AppleWebKit/537.36 (KHTML, like Gecko) Chrome/92.0.4515.107 Safari/537.36"
198.54.125.254 - - [29/Apr/2026:08:44:05 -0400] "POST /wp-cron.php?doing_wp_cron=1777466645.9530079364776611328125 HTTP/1.1" 403 1242 "-" "WordPress/6.8.5; https://www.vive.com.pa"
190.119.60.43 - - [29/Apr/2026:08:44:05 -0400] "GET /images/ HTTP/1.1" 301 0 "http://vive.com.pa/images/" "Mozilla/5.0 (X11; Ubuntu; Linux x86_64; rv:89.0) Gecko/20100101 Firefox/89.0"
190.119.60.43 - - [29/Apr/2026:08:44:07 -0400] "GET /image/ HTTP/1.1" 301 0 "http://vive.com.pa/image/" "Mozilla/5.0 (iPad; CPU OS 14_6 like Mac OS X) AppleWebKit/605.1.15 (KHTML, like Gecko) Version/14.1.1 Mobile/15E148 Safari/604.1"
190.119.60.43 - - [29/Apr/2026:08:44:07 -0400] "GET /image/ HTTP/1.1" 404 25197 "https://vive.com.pa/image/" "Mozilla/5.0 (iPad; CPU OS 14_6 like Mac OS X) AppleWebKit/605.1.15 (KHTML, like Gecko) Version/14.1.1 Mobile/15E148 Safari/604.1"
190.119.60.43 - - [29/Apr/2026:08:44:12 -0400] "GET /uploads/ HTTP/1.1" 301 0 "http://vive.com.pa/uploads/" "Mozilla/5.0 (iPhone; CPU iPhone OS 14_6 like Mac OS X) AppleWebKit/605.1.15 (KHTML, like Gecko) Version/14.1.1 Mobile/15E148 Safari/604.1"
190.119.60.43 - - [29/Apr/2026:08:44:13 -0400] "GET /uploads/ HTTP/1.1" 404 25196 "https://vive.com.pa/uploads/" "Mozilla/5.0 (iPhone; CPU iPhone OS 14_6 like Mac OS X) AppleWebKit/605.1.15 (KHTML, like Gecko) Version/14.1.1 Mobile/15E148 Safari/604.1"
66.249.69.161 - - [29/Apr/2026:08:44:13 -0400] "GET /shop/pg/92breakfast/35562 HTTP/1.1" 200 19033 "-" "Mozilla/5.0 (Linux; Android 6.0.1; Nexus 5X Build/MMB29P) AppleWebKit/537.36 (KHTML, like Gecko) Chrome/147.0.7727.116 Mobile Safari/537.36 (compatible; Googlebot/2.1; +http://www.google.com/bot.html)"
190.119.60.43 - - [29/Apr/2026:08:44:13 -0400] "GET /files/ HTTP/1.1" 301 0 "http://vive.com.pa/files/" "Mozilla/5.0 (Windows NT 10.0; Win64; x64) AppleWebKit/537.36 (KHTML, like Gecko) Chrome/92.0.4515.107 Safari/537.36"
66.249.69.160 - - [29/Apr/2026:08:44:13 -0400] "GET /shop/pg/197fourth/9739 HTTP/1.1" 200 19296 "-" "Mozilla/5.0 (Linux; Android 6.0.1; Nexus 5X Build/MMB29P) AppleWebKit/537.36 (KHTML, like Gecko) Chrome/147.0.7727.116 Mobile Safari/537.36 (compatible; Googlebot/2.1; +http://www.google.com/bot.html)"
190.119.60.43 - - [29/Apr/2026:08:44:14 -0400] "GET /files/ HTTP/1.1" 404 25193 "https://vive.com.pa/files/" "Mozilla/5.0 (Windows NT 10.0; Win64; x64) AppleWebKit/537.36 (KHTML, like Gecko) Chrome/92.0.4515.107 Safari/537.36"
190.119.60.43 - - [29/Apr/2026:08:44:14 -0400] "GET /backup/ HTTP/1.1" 301 0 "http://vive.com.pa/backup/" "Mozilla/5.0 (Linux; Android 11; SM-G991B) AppleWebKit/537.36 (KHTML, like Gecko) Chrome/91.0.4472.120 Mobile Safari/537.36"
190.119.60.43 - - [29/Apr/2026:08:44:15 -0400] "GET /backup/ HTTP/1.1" 404 25192 "https://vive.com.pa/backup/" "Mozilla/5.0 (Linux; Android 11; SM-G991B) AppleWebKit/537.36 (KHTML, like Gecko) Chrome/91.0.4472.120 Mobile Safari/537.36"
190.119.60.43 - - [29/Apr/2026:08:44:18 -0400] "GET /media/ HTTP/1.1" 404 25193 "https://vive.com.pa/media/" "Mozilla/5.0 (X11; Linux x86_64) AppleWebKit/537.36 (KHTML, like Gecko) Chrome/91.0.4472.124 Safari/537.36"
190.119.60.43 - - [29/Apr/2026:08:44:18 -0400] "GET /medias/ HTTP/1.1" 301 0 "http://vive.com.pa/medias/" "Mozilla/5.0 (Macintosh; Intel Mac OS X 10_14_6) AppleWebKit/537.36 (KHTML, like Gecko) Chrome/91.0.4472.124 Safari/537.36"
190.119.60.43 - - [29/Apr/2026:08:44:19 -0400] "GET /branches/ HTTP/1.1" 301 0 "http://vive.com.pa/branches/" "Mozilla/5.0 (iPhone; CPU iPhone OS 14_6 like Mac OS X) AppleWebKit/605.1.15 (KHTML, like Gecko) Version/14.1.1 Mobile/15E148 Safari/604.1"
190.119.60.43 - - [29/Apr/2026:08:44:20 -0400] "GET /branches/ HTTP/1.1" 404 25197 "https://vive.com.pa/branches/" "Mozilla/5.0 (iPhone; CPU iPhone OS 14_6 like Mac OS X) AppleWebKit/605.1.15 (KHTML, like Gecko) Version/14.1.1 Mobile/15E148 Safari/604.1"
190.119.60.43 - - [29/Apr/2026:08:44:23 -0400] "GET /public_html/ HTTP/1.1" 404 25193 "https://vive.com.pa/public_html/" "Mozilla/5.0 (Windows NT 10.0; Win64; x64) AppleWebKit/537.36 (KHTML, like Gecko) Chrome/90.0.4430.212 Safari/537.36"
190.119.60.43 - - [29/Apr/2026:08:44:23 -0400] "GET /core/ HTTP/1.1" 301 0 "http://vive.com.pa/core/" "Mozilla/5.0 (X11; Linux x86_64) AppleWebKit/537.36 (KHTML, like Gecko) Chrome/91.0.4472.124 Safari/537.36"
190.119.60.43 - - [29/Apr/2026:08:44:25 -0400] "GET /siteko/ HTTP/1.1" 404 25193 "https://vive.com.pa/siteko/" "Mozilla/5.0 (Macintosh; Intel Mac OS X 10_15_7) AppleWebKit/605.1.15 (KHTML, like Gecko) Version/14.1.1 Safari/605.1.15"
190.119.60.43 - - [29/Apr/2026:08:44:26 -0400] "GET /pub/ HTTP/1.1" 301 0 "http://vive.com.pa/pub/" "Mozilla/5.0 (Windows NT 10.0; Win64; x64; rv:89.0) Gecko/20100101 Firefox/89.0"
190.119.60.43 - - [29/Apr/2026:08:44:27 -0400] "GET /pub/ HTTP/1.1" 404 25193 "https://vive.com.pa/pub/" "Mozilla/5.0 (Windows NT 10.0; Win64; x64; rv:89.0) Gecko/20100101 Firefox/89.0"
190.119.60.43 - - [29/Apr/2026:08:44:28 -0400] "GET /atualizacao/contabil/ HTTP/1.1" 404 25193 "https://vive.com.pa/atualizacao/contabil/" "Mozilla/5.0 (Linux; Android 10; SM-A505FN) AppleWebKit/537.36 (KHTML, like Gecko) Chrome/91.0.4472.120 Mobile Safari/537.36"
190.119.60.43 - - [29/Apr/2026:08:44:11 -0400] "GET /asset/ HTTP/1.1" 404 25193 "https://vive.com.pa/asset/" "Mozilla/5.0 (Windows NT 10.0; Win64; x64) AppleWebKit/537.36 (KHTML, like Gecko) Chrome/91.0.4472.124 Safari/537.36"
66.249.69.160 - - [29/Apr/2026:08:44:12 -0400] "GET /262015323.html HTTP/1.1" 200 18762 "-" "Mozilla/5.0 (Linux; Android 6.0.1; Nexus 5X Build/MMB29P) AppleWebKit/537.36 (KHTML, like Gecko) Chrome/147.0.7727.116 Mobile Safari/537.36 (compatible; Googlebot/2.1; +http://www.google.com/bot.html)"
190.119.60.43 - - [29/Apr/2026:08:44:16 -0400] "GET /tmp/ HTTP/1.1" 301 0 "http://vive.com.pa/tmp/" "Mozilla/5.0 (Windows NT 10.0; Win64; x64) AppleWebKit/537.36 (KHTML, like Gecko) Edge/91.0.864.59"
66.249.69.160 - - [29/Apr/2026:08:44:16 -0400] "GET /257011686.html HTTP/1.1" 200 18927 "-" "Mozilla/5.0 (Linux; Android 6.0.1; Nexus 5X Build/MMB29P) AppleWebKit/537.36 (KHTML, like Gecko) Chrome/147.0.7727.116 Mobile Safari/537.36 (compatible; Googlebot/2.1; +http://www.google.com/bot.html)"
190.119.60.43 - - [29/Apr/2026:08:44:16 -0400] "GET /tmp/ HTTP/1.1" 404 25199 "https://vive.com.pa/tmp/" "Mozilla/5.0 (Windows NT 10.0; Win64; x64) AppleWebKit/537.36 (KHTML, like Gecko) Edge/91.0.864.59"
190.119.60.43 - - [29/Apr/2026:08:44:17 -0400] "GET /media/ HTTP/1.1" 301 0 "http://vive.com.pa/media/" "Mozilla/5.0 (X11; Linux x86_64) AppleWebKit/537.36 (KHTML, like Gecko) Chrome/91.0.4472.124 Safari/537.36"
190.119.60.43 - - [29/Apr/2026:08:44:19 -0400] "GET /medias/ HTTP/1.1" 404 25193 "https://vive.com.pa/medias/" "Mozilla/5.0 (Macintosh; Intel Mac OS X 10_14_6) AppleWebKit/537.36 (KHTML, like Gecko) Chrome/91.0.4472.124 Safari/537.36"
190.119.60.43 - - [29/Apr/2026:08:44:21 -0400] "GET /public/ HTTP/1.1" 301 0 "http://vive.com.pa/public/" "Mozilla/5.0 (iPad; CPU OS 14_6 like Mac OS X) AppleWebKit/605.1.15 (KHTML, like Gecko) Version/14.1.1 Mobile/15E148 Safari/604.1"
190.119.60.43 - - [29/Apr/2026:08:44:21 -0400] "GET /public/ HTTP/1.1" 404 25196 "https://vive.com.pa/public/" "Mozilla/5.0 (iPad; CPU OS 14_6 like Mac OS X) AppleWebKit/605.1.15 (KHTML, like Gecko) Version/14.1.1 Mobile/15E148 Safari/604.1"
190.119.60.43 - - [29/Apr/2026:08:44:22 -0400] "GET /public_html/ HTTP/1.1" 301 0 "http://vive.com.pa/public_html/" "Mozilla/5.0 (Windows NT 10.0; Win64; x64) AppleWebKit/537.36 (KHTML, like Gecko) Chrome/90.0.4430.212 Safari/537.36"
190.119.60.43 - - [29/Apr/2026:08:44:24 -0400] "GET /core/ HTTP/1.1" 404 25193 "https://vive.com.pa/core/" "Mozilla/5.0 (X11; Linux x86_64) AppleWebKit/537.36 (KHTML, like Gecko) Chrome/91.0.4472.124 Safari/537.36"
190.119.60.43 - - [29/Apr/2026:08:44:25 -0400] "GET /siteko/ HTTP/1.1" 301 0 "http://vive.com.pa/siteko/" "Mozilla/5.0 (Macintosh; Intel Mac OS X 10_15_7) AppleWebKit/605.1.15 (KHTML, like Gecko) Version/14.1.1 Safari/605.1.15"
66.249.69.160 - - [29/Apr/2026:08:44:27 -0400] "GET /015019922.html HTTP/1.1" 200 18594 "-" "Mozilla/5.0 (Linux; Android 6.0.1; Nexus 5X Build/MMB29P) AppleWebKit/537.36 (KHTML, like Gecko) Chrome/147.0.7727.116 Mobile Safari/537.36 (compatible; Googlebot/2.1; +http://www.google.com/bot.html)"
190.119.60.43 - - [29/Apr/2026:08:44:27 -0400] "GET /atualizacao/contabil/ HTTP/1.1" 301 0 "http://vive.com.pa/atualizacao/contabil/" "Mozilla/5.0 (Linux; Android 10; SM-A505FN) AppleWebKit/537.36 (KHTML, like Gecko) Chrome/91.0.4472.120 Mobile Safari/537.36"
190.119.60.43 - - [29/Apr/2026:08:44:28 -0400] "GET /js/ HTTP/1.1" 301 0 "http://vive.com.pa/js/" "Mozilla/5.0 (Windows NT 10.0; Win64; x64) AppleWebKit/537.36 (KHTML, like Gecko) Chrome/92.0.4515.107 Safari/537.36"
190.119.60.43 - - [29/Apr/2026:08:44:30 -0400] "GET /download/ HTTP/1.1" 404 25193 "https://vive.com.pa/download/" "Mozilla/5.0 (Windows NT 6.1; Win64; x64) AppleWebKit/537.36 (KHTML, like Gecko) Chrome/91.0.4472.124 Safari/537.36"
190.119.60.43 - - [29/Apr/2026:08:44:31 -0400] "GET /cache/ HTTP/1.1" 301 0 "http://vive.com.pa/cache/" "Mozilla/5.0 (X11; Linux x86_64) AppleWebKit/537.36 (KHTML, like Gecko) Chrome/91.0.4472.124 Safari/537.36"
