216.73.217.4 - - [29/Apr/2026:15:04:45 -0400] "GET /wp-includes/class-wp-simplepie-sanitize-kses.php HTTP/1.1" 403 1242 "-" "Mozilla/5.0 AppleWebKit/537.36 (KHTML, like Gecko; compatible; ClaudeBot/1.0; +claudebot@anthropic.com)"
216.73.217.4 - - [29/Apr/2026:15:04:46 -0400] "GET /wp-includes/class-wp-xmlrpc-server.php HTTP/1.1" 403 1242 "-" "Mozilla/5.0 AppleWebKit/537.36 (KHTML, like Gecko; compatible; ClaudeBot/1.0; +claudebot@anthropic.com)"
216.73.217.4 - - [29/Apr/2026:15:04:46 -0400] "GET /wp-includes/class-wp-theme-json.php HTTP/1.1" 403 1242 "-" "Mozilla/5.0 AppleWebKit/537.36 (KHTML, like Gecko; compatible; ClaudeBot/1.0; +claudebot@anthropic.com)"
216.73.217.4 - - [29/Apr/2026:15:04:46 -0400] "GET /wp-includes/class-wp-http-requests-response.php HTTP/1.1" 403 1242 "-" "Mozilla/5.0 AppleWebKit/537.36 (KHTML, like Gecko; compatible; ClaudeBot/1.0; +claudebot@anthropic.com)"
216.73.217.4 - - [29/Apr/2026:15:04:46 -0400] "GET /wp-includes/class-wp-user-request.php HTTP/1.1" 403 1242 "-" "Mozilla/5.0 AppleWebKit/537.36 (KHTML, like Gecko; compatible; ClaudeBot/1.0; +claudebot@anthropic.com)"
216.73.217.4 - - [29/Apr/2026:15:04:45 -0400] "GET /wp-includes/class-wp-block-metadata-registry.php HTTP/1.1" 403 1242 "-" "Mozilla/5.0 AppleWebKit/537.36 (KHTML, like Gecko; compatible; ClaudeBot/1.0; +claudebot@anthropic.com)"
216.73.217.4 - - [29/Apr/2026:15:04:46 -0400] "GET /wp-includes/class-wp-block-type.php HTTP/1.1" 403 1242 "-" "Mozilla/5.0 AppleWebKit/537.36 (KHTML, like Gecko; compatible; ClaudeBot/1.0; +claudebot@anthropic.com)"
216.73.217.4 - - [29/Apr/2026:15:04:46 -0400] "GET /wp-includes/class-wp-block-styles-registry.php HTTP/1.1" 403 1242 "-" "Mozilla/5.0 AppleWebKit/537.36 (KHTML, like Gecko; compatible; ClaudeBot/1.0; +claudebot@anthropic.com)"
216.73.217.4 - - [29/Apr/2026:15:04:46 -0400] "GET /wp-includes/class-wp-user-meta-session-tokens.php HTTP/1.1" 403 1242 "-" "Mozilla/5.0 AppleWebKit/537.36 (KHTML, like Gecko; compatible; ClaudeBot/1.0; +claudebot@anthropic.com)"
216.73.217.4 - - [29/Apr/2026:15:04:46 -0400] "GET /wp-includes/class-wp-comment-query.php HTTP/1.1" 403 1242 "-" "Mozilla/5.0 AppleWebKit/537.36 (KHTML, like Gecko; compatible; ClaudeBot/1.0; +claudebot@anthropic.com)"
216.73.217.4 - - [29/Apr/2026:15:04:46 -0400] "GET /wp-includes/class-wp-block-type-registry.php HTTP/1.1" 403 1242 "-" "Mozilla/5.0 AppleWebKit/537.36 (KHTML, like Gecko; compatible; ClaudeBot/1.0; +claudebot@anthropic.com)"
216.73.217.4 - - [29/Apr/2026:15:04:47 -0400] "GET /wp-includes/class-wp-metadata-lazyloader.php HTTP/1.1" 403 1242 "-" "Mozilla/5.0 AppleWebKit/537.36 (KHTML, like Gecko; compatible; ClaudeBot/1.0; +claudebot@anthropic.com)"
216.73.217.4 - - [29/Apr/2026:15:04:47 -0400] "GET /wp-includes/class-wp-block-parser-frame.php HTTP/1.1" 403 1242 "-" "Mozilla/5.0 AppleWebKit/537.36 (KHTML, like Gecko; compatible; ClaudeBot/1.0; +claudebot@anthropic.com)"
216.73.217.4 - - [29/Apr/2026:15:04:47 -0400] "GET /wp-includes/class-wp-theme-json-resolver.php HTTP/1.1" 403 1242 "-" "Mozilla/5.0 AppleWebKit/537.36 (KHTML, like Gecko; compatible; ClaudeBot/1.0; +claudebot@anthropic.com)"
216.73.217.4 - - [29/Apr/2026:15:04:47 -0400] "GET /wp-includes/class-wp-user-query.php HTTP/1.1" 403 1242 "-" "Mozilla/5.0 AppleWebKit/537.36 (KHTML, like Gecko; compatible; ClaudeBot/1.0; +claudebot@anthropic.com)"
216.73.217.4 - - [29/Apr/2026:15:04:47 -0400] "GET /wp-includes/feed-rss2-comments.php HTTP/1.1" 403 1242 "-" "Mozilla/5.0 AppleWebKit/537.36 (KHTML, like Gecko; compatible; ClaudeBot/1.0; +claudebot@anthropic.com)"
216.73.217.4 - - [29/Apr/2026:15:04:48 -0400] "GET /wp-includes/feed-rdf.php HTTP/1.1" 403 1242 "-" "Mozilla/5.0 AppleWebKit/537.36 (KHTML, like Gecko; compatible; ClaudeBot/1.0; +claudebot@anthropic.com)"
216.73.217.4 - - [29/Apr/2026:15:04:48 -0400] "GET /wp-includes/class-wp-theme-json-schema.php HTTP/1.1" 403 1242 "-" "Mozilla/5.0 AppleWebKit/537.36 (KHTML, like Gecko; compatible; ClaudeBot/1.0; +claudebot@anthropic.com)"
216.73.217.4 - - [29/Apr/2026:15:04:48 -0400] "GET /wp-includes/class-wp-text-diff-renderer-inline.php HTTP/1.1" 403 1242 "-" "Mozilla/5.0 AppleWebKit/537.36 (KHTML, like Gecko; compatible; ClaudeBot/1.0; +claudebot@anthropic.com)"
54.37.252.152 - - [29/Apr/2026:15:04:53 -0400] "GET /17e78e/ HTTP/1.1" 200 12575 "-" "Mozilla/5.0 (compatible; MJ12bot/v1.4.8; http://mj12bot.com/)"
54.37.252.152 - - [29/Apr/2026:15:04:55 -0400] "GET /32039/ HTTP/1.1" 200 100 "-" "Mozilla/5.0 (compatible; MJ12bot/v1.4.8; http://mj12bot.com/)"
54.37.252.152 - - [29/Apr/2026:15:04:59 -0400] "GET /?ND HTTP/1.1" 200 2074 "-" "Mozilla/5.0 (compatible; MJ12bot/v1.4.8; http://mj12bot.com/)"
66.249.69.161 - - [29/Apr/2026:15:05:05 -0400] "GET /shop/pg/110actor/6552 HTTP/1.1" 404 1251 "-" "Mozilla/5.0 (Linux; Android 6.0.1; Nexus 5X Build/MMB29P) AppleWebKit/537.36 (KHTML, like Gecko) Chrome/147.0.7727.116 Mobile Safari/537.36 (compatible; Googlebot/2.1; +http://www.google.com/bot.html)"
54.37.252.152 - - [29/Apr/2026:15:05:03 -0400] "GET /Cursos-y-Capacitaciones/ HTTP/1.1" 301 0 "-" "Mozilla/5.0 (compatible; MJ12bot/v1.4.8; http://mj12bot.com/)"
216.73.217.4 - - [29/Apr/2026:15:04:46 -0400] "GET /wp-includes/default-widgets.php HTTP/1.1" 403 1242 "-" "Mozilla/5.0 AppleWebKit/537.36 (KHTML, like Gecko; compatible; ClaudeBot/1.0; +claudebot@anthropic.com)"
216.73.217.4 - - [29/Apr/2026:15:04:46 -0400] "GET /wp-includes/class-wp-matchesmapregex.php HTTP/1.1" 403 1242 "-" "Mozilla/5.0 AppleWebKit/537.36 (KHTML, like Gecko; compatible; ClaudeBot/1.0; +claudebot@anthropic.com)"
216.73.217.4 - - [29/Apr/2026:15:04:46 -0400] "GET /wp-includes/class-wp-customize-widgets.php HTTP/1.1" 403 1242 "-" "Mozilla/5.0 AppleWebKit/537.36 (KHTML, like Gecko; compatible; ClaudeBot/1.0; +claudebot@anthropic.com)"
216.73.217.4 - - [29/Apr/2026:15:04:47 -0400] "GET /wp-includes/class-wp-plugin-dependencies.php HTTP/1.1" 403 1242 "-" "Mozilla/5.0 AppleWebKit/537.36 (KHTML, like Gecko; compatible; ClaudeBot/1.0; +claudebot@anthropic.com)"
66.249.69.160 - - [29/Apr/2026:15:04:47 -0400] "GET /shop/pg/229discovery/48677 HTTP/1.1" 404 1251 "-" "Mozilla/5.0 (Linux; Android 6.0.1; Nexus 5X Build/MMB29P) AppleWebKit/537.36 (KHTML, like Gecko) Chrome/147.0.7727.116 Mobile Safari/537.36 (compatible; Googlebot/2.1; +http://www.google.com/bot.html)"
216.73.217.4 - - [29/Apr/2026:15:04:47 -0400] "GET /wp-includes/class-wp-recovery-mode-link-service.php HTTP/1.1" 403 1242 "-" "Mozilla/5.0 AppleWebKit/537.36 (KHTML, like Gecko; compatible; ClaudeBot/1.0; +claudebot@anthropic.com)"
216.73.217.4 - - [29/Apr/2026:15:04:47 -0400] "GET /wp-includes/class-wp-speculation-rules.php HTTP/1.1" 403 1242 "-" "Mozilla/5.0 AppleWebKit/537.36 (KHTML, like Gecko; compatible; ClaudeBot/1.0; +claudebot@anthropic.com)"
216.73.217.4 - - [29/Apr/2026:15:04:47 -0400] "GET /wp-includes/class-wp-fatal-error-handler.php HTTP/1.1" 403 1242 "-" "Mozilla/5.0 AppleWebKit/537.36 (KHTML, like Gecko; compatible; ClaudeBot/1.0; +claudebot@anthropic.com)"
216.73.217.4 - - [29/Apr/2026:15:04:47 -0400] "GET /wp-includes/class-wp-http-proxy.php HTTP/1.1" 403 1242 "-" "Mozilla/5.0 AppleWebKit/537.36 (KHTML, like Gecko; compatible; ClaudeBot/1.0; +claudebot@anthropic.com)"
216.73.217.4 - - [29/Apr/2026:15:04:48 -0400] "GET /wp-includes/class-wp-block-parser-block.php HTTP/1.1" 403 1242 "-" "Mozilla/5.0 AppleWebKit/537.36 (KHTML, like Gecko; compatible; ClaudeBot/1.0; +claudebot@anthropic.com)"
216.73.217.4 - - [29/Apr/2026:15:04:48 -0400] "GET /wp-includes/class-wp-text-diff-renderer-table.php HTTP/1.1" 403 1242 "-" "Mozilla/5.0 AppleWebKit/537.36 (KHTML, like Gecko; compatible; ClaudeBot/1.0; +claudebot@anthropic.com)"
216.73.217.4 - - [29/Apr/2026:15:04:48 -0400] "GET /wp-includes/class-wp-theme-json-data.php HTTP/1.1" 403 1242 "-" "Mozilla/5.0 AppleWebKit/537.36 (KHTML, like Gecko; compatible; ClaudeBot/1.0; +claudebot@anthropic.com)"
54.37.252.152 - - [29/Apr/2026:15:04:51 -0400] "GET /robots.txt HTTP/1.1" 200 349 "-" "Mozilla/5.0 (compatible; MJ12bot/v1.4.8; http://mj12bot.com/)"
66.249.69.160 - - [29/Apr/2026:15:04:56 -0400] "GET /shop/pg/254register/14624 HTTP/1.1" 404 1251 "-" "Mozilla/5.0 (Linux; Android 6.0.1; Nexus 5X Build/MMB29P) AppleWebKit/537.36 (KHTML, like Gecko) Chrome/147.0.7727.116 Mobile Safari/537.36 (compatible; Googlebot/2.1; +http://www.google.com/bot.html)"
54.37.252.152 - - [29/Apr/2026:15:04:57 -0400] "GET /?MA HTTP/1.1" 200 2104 "-" "Mozilla/5.0 (compatible; MJ12bot/v1.4.8; http://mj12bot.com/)"
54.37.252.152 - - [29/Apr/2026:15:05:01 -0400] "GET /?SA HTTP/1.1" 200 2067 "-" "Mozilla/5.0 (compatible; MJ12bot/v1.4.8; http://mj12bot.com/)"
198.54.125.254 - - [29/Apr/2026:15:05:06 -0400] "POST /Cursos-y-Capacitaciones/wp-cron.php?doing_wp_cron=1777489506.6343970298767089843750 HTTP/1.1" 403 1242 "-" "WordPress/6.9.4; https://vive.com.pa/Cursos-y-Capacitaciones"
198.54.125.254 - - [29/Apr/2026:15:05:06 -0400] "POST /Cursos-y-Capacitaciones/wp-cron.php?doing_wp_cron=1777489506.6774349212646484375000 HTTP/1.1" 403 1242 "-" "WordPress/6.9.4; https://vive.com.pa/Cursos-y-Capacitaciones"
54.37.252.152 - - [29/Apr/2026:15:05:11 -0400] "GET /Cursos-y-Capacitaciones/ HTTP/1.1" 200 21522 "-" "Mozilla/5.0 (compatible; MJ12bot/v1.4.8; http://mj12bot.com/)"
216.73.217.4 - - [29/Apr/2026:15:05:16 -0400] "GET /wp-includes/rest-api/ HTTP/1.1" 200 1154 "-" "Mozilla/5.0 AppleWebKit/537.36 (KHTML, like Gecko; compatible; ClaudeBot/1.0; +claudebot@anthropic.com)"
216.73.217.4 - - [29/Apr/2026:15:05:16 -0400] "GET /wp-includes/block-patterns/ HTTP/1.1" 200 1151 "-" "Mozilla/5.0 AppleWebKit/537.36 (KHTML, like Gecko; compatible; ClaudeBot/1.0; +claudebot@anthropic.com)"
216.73.217.4 - - [29/Apr/2026:15:05:16 -0400] "GET /wp-includes/SimplePie/ HTTP/1.1" 200 715 "-" "Mozilla/5.0 AppleWebKit/537.36 (KHTML, like Gecko; compatible; ClaudeBot/1.0; +claudebot@anthropic.com)"
216.73.217.4 - - [29/Apr/2026:15:05:16 -0400] "GET /wp-includes/Requests/ HTTP/1.1" 200 641 "-" "Mozilla/5.0 AppleWebKit/537.36 (KHTML, like Gecko; compatible; ClaudeBot/1.0; +claudebot@anthropic.com)"
216.73.217.4 - - [29/Apr/2026:15:05:17 -0400] "GET /wp-includes/https-migration.php HTTP/1.1" 403 1242 "-" "Mozilla/5.0 AppleWebKit/537.36 (KHTML, like Gecko; compatible; ClaudeBot/1.0; +claudebot@anthropic.com)"
216.73.217.4 - - [29/Apr/2026:15:05:17 -0400] "GET /wp-includes/bookmark.php HTTP/1.1" 403 1242 "-" "Mozilla/5.0 AppleWebKit/537.36 (KHTML, like Gecko; compatible; ClaudeBot/1.0; +claudebot@anthropic.com)"
216.73.217.4 - - [29/Apr/2026:15:05:17 -0400] "GET /wp-includes/css/ HTTP/1.1" 200 1998 "-" "Mozilla/5.0 AppleWebKit/537.36 (KHTML, like Gecko; compatible; ClaudeBot/1.0; +claudebot@anthropic.com)"
216.73.217.4 - - [29/Apr/2026:15:05:17 -0400] "GET /wp-includes/js/ HTTP/1.1" 200 4037 "-" "Mozilla/5.0 AppleWebKit/537.36 (KHTML, like Gecko; compatible; ClaudeBot/1.0; +claudebot@anthropic.com)"
216.73.217.4 - - [29/Apr/2026:15:05:17 -0400] "GET /wp-includes/media.php HTTP/1.1" 403 1242 "-" "Mozilla/5.0 AppleWebKit/537.36 (KHTML, like Gecko; compatible; ClaudeBot/1.0; +claudebot@anthropic.com)"
216.73.217.4 - - [29/Apr/2026:15:05:17 -0400] "GET /wp-includes/locale.php HTTP/1.1" 403 1242 "-" "Mozilla/5.0 AppleWebKit/537.36 (KHTML, like Gecko; compatible; ClaudeBot/1.0; +claudebot@anthropic.com)"
216.73.217.4 - - [29/Apr/2026:15:05:17 -0400] "GET /wp-includes/https-detection.php HTTP/1.1" 403 1242 "-" "Mozilla/5.0 AppleWebKit/537.36 (KHTML, like Gecko; compatible; ClaudeBot/1.0; +claudebot@anthropic.com)"
216.73.217.4 - - [29/Apr/2026:15:05:17 -0400] "GET /wp-includes/Text/ HTTP/1.1" 200 723 "-" "Mozilla/5.0 AppleWebKit/537.36 (KHTML, like Gecko; compatible; ClaudeBot/1.0; +claudebot@anthropic.com)"
216.73.217.4 - - [29/Apr/2026:15:05:18 -0400] "GET /wp-includes/cron.php HTTP/1.1" 403 1242 "-" "Mozilla/5.0 AppleWebKit/537.36 (KHTML, like Gecko; compatible; ClaudeBot/1.0; +claudebot@anthropic.com)"
216.73.217.4 - - [29/Apr/2026:15:05:18 -0400] "GET /wp-includes/l10n.php HTTP/1.1" 403 1242 "-" "Mozilla/5.0 AppleWebKit/537.36 (KHTML, like Gecko; compatible; ClaudeBot/1.0; +claudebot@anthropic.com)"
216.73.217.4 - - [29/Apr/2026:15:05:18 -0400] "GET /wp-includes/registration.php HTTP/1.1" 403 1242 "-" "Mozilla/5.0 AppleWebKit/537.36 (KHTML, like Gecko; compatible; ClaudeBot/1.0; +claudebot@anthropic.com)"
216.73.217.4 - - [29/Apr/2026:15:05:18 -0400] "GET /wp-includes/canonical.php HTTP/1.1" 403 1242 "-" "Mozilla/5.0 AppleWebKit/537.36 (KHTML, like Gecko; compatible; ClaudeBot/1.0; +claudebot@anthropic.com)"
216.73.217.4 - - [29/Apr/2026:15:05:18 -0400] "GET /wp-includes/error_log HTTP/1.1" 403 1242 "-" "Mozilla/5.0 AppleWebKit/537.36 (KHTML, like Gecko; compatible; ClaudeBot/1.0; +claudebot@anthropic.com)"
216.73.217.4 - - [29/Apr/2026:15:05:18 -0400] "GET /wp-includes/session.php HTTP/1.1" 403 1242 "-" "Mozilla/5.0 AppleWebKit/537.36 (KHTML, like Gecko; compatible; ClaudeBot/1.0; +claudebot@anthropic.com)"
216.73.217.4 - - [29/Apr/2026:15:05:18 -0400] "GET /wp-includes/meta.php HTTP/1.1" 403 1242 "-" "Mozilla/5.0 AppleWebKit/537.36 (KHTML, like Gecko; compatible; ClaudeBot/1.0; +claudebot@anthropic.com)"
14.190.16.80 - - [29/Apr/2026:15:05:07 -0400] "GET /shop/pg/22relatively/11782 HTTP/1.1" 404 1251 "-" "Mozilla/5.0 (Windows NT 10.0; WOW64; rv:131.0) Gecko/20100101 Firefox/131.0"
54.37.252.152 - - [29/Apr/2026:15:05:08 -0400] "GET /robots.txt HTTP/1.1" 200 349 "-" "Mozilla/5.0 (compatible; MJ12bot/v1.4.8; http://mj12bot.com/)"
198.54.125.254 - - [29/Apr/2026:15:05:11 -0400] "POST /Cursos-y-Capacitaciones/wp-cron.php?doing_wp_cron=1777489511.1725630760192871093750 HTTP/1.1" 403 1242 "-" "WordPress/6.9.4; https://vive.com.pa/Cursos-y-Capacitaciones"
66.249.69.160 - - [29/Apr/2026:15:05:14 -0400] "GET /shop/pg/118best/34698 HTTP/1.1" 404 1251 "-" "Mozilla/5.0 (Linux; Android 6.0.1; Nexus 5X Build/MMB29P) AppleWebKit/537.36 (KHTML, like Gecko) Chrome/147.0.7727.116 Mobile Safari/537.36 (compatible; Googlebot/2.1; +http://www.google.com/bot.html)"
54.37.252.152 - - [29/Apr/2026:15:05:13 -0400] "GET /OldFile/ HTTP/1.1" 500 262 "-" "Mozilla/5.0 (compatible; MJ12bot/v1.4.8; http://mj12bot.com/)"
216.73.217.4 - - [29/Apr/2026:15:05:16 -0400] "GET /wp-includes/customize/ HTTP/1.1" 200 2242 "-" "Mozilla/5.0 AppleWebKit/537.36 (KHTML, like Gecko; compatible; ClaudeBot/1.0; +claudebot@anthropic.com)"
216.73.217.4 - - [29/Apr/2026:15:05:16 -0400] "GET /wp-includes/fonts.php HTTP/1.1" 403 1242 "-" "Mozilla/5.0 AppleWebKit/537.36 (KHTML, like Gecko; compatible; ClaudeBot/1.0; +claudebot@anthropic.com)"
54.37.252.152 - - [29/Apr/2026:15:05:17 -0400] "GET /cgi-bin/ HTTP/1.1" 403 1242 "-" "Mozilla/5.0 (compatible; MJ12bot/v1.4.8; http://mj12bot.com/)"
216.73.217.4 - - [29/Apr/2026:15:05:17 -0400] "GET /wp-includes/category.php HTTP/1.1" 403 1242 "-" "Mozilla/5.0 AppleWebKit/537.36 (KHTML, like Gecko; compatible; ClaudeBot/1.0; +claudebot@anthropic.com)"
216.73.217.4 - - [29/Apr/2026:15:05:17 -0400] "GET /wp-includes/rewrite.php HTTP/1.1" 403 1242 "-" "Mozilla/5.0 AppleWebKit/537.36 (KHTML, like Gecko; compatible; ClaudeBot/1.0; +claudebot@anthropic.com)"
216.73.217.4 - - [29/Apr/2026:15:05:18 -0400] "GET /wp-includes/option.php HTTP/1.1" 403 1242 "-" "Mozilla/5.0 AppleWebKit/537.36 (KHTML, like Gecko; compatible; ClaudeBot/1.0; +claudebot@anthropic.com)"
216.73.217.4 - - [29/Apr/2026:15:05:18 -0400] "GET /wp-includes/feed.php HTTP/1.1" 403 1242 "-" "Mozilla/5.0 AppleWebKit/537.36 (KHTML, like Gecko; compatible; ClaudeBot/1.0; +claudebot@anthropic.com)"
216.73.217.4 - - [29/Apr/2026:15:05:18 -0400] "GET /wp-includes/kses.php HTTP/1.1" 403 1242 "-" "Mozilla/5.0 AppleWebKit/537.36 (KHTML, like Gecko; compatible; ClaudeBot/1.0; +claudebot@anthropic.com)"
216.73.217.4 - - [29/Apr/2026:15:05:18 -0400] "GET /wp-includes/nav-menu.php HTTP/1.1" 403 1242 "-" "Mozilla/5.0 AppleWebKit/537.36 (KHTML, like Gecko; compatible; ClaudeBot/1.0; +claudebot@anthropic.com)"
54.37.252.152 - - [29/Apr/2026:15:05:19 -0400] "GET /error_log HTTP/1.1" 403 1242 "-" "Mozilla/5.0 (compatible; MJ12bot/v1.4.8; http://mj12bot.com/)"
216.73.217.4 - - [29/Apr/2026:15:05:19 -0400] "GET /wp-includes/theme-i18n.json HTTP/1.1" 200 1526 "-" "Mozilla/5.0 AppleWebKit/537.36 (KHTML, like Gecko; compatible; ClaudeBot/1.0; +claudebot@anthropic.com)"
216.73.217.4 - - [29/Apr/2026:15:05:19 -0400] "GET /wp-includes/ms-site.php HTTP/1.1" 403 1242 "-" "Mozilla/5.0 AppleWebKit/537.36 (KHTML, like Gecko; compatible; ClaudeBot/1.0; +claudebot@anthropic.com)"
216.73.217.4 - - [29/Apr/2026:15:05:19 -0400] "GET /wp-includes/revision.php HTTP/1.1" 403 1242 "-" "Mozilla/5.0 AppleWebKit/537.36 (KHTML, like Gecko; compatible; ClaudeBot/1.0; +claudebot@anthropic.com)"
216.73.217.4 - - [29/Apr/2026:15:05:19 -0400] "GET /wp-includes/version.php HTTP/1.1" 403 1242 "-" "Mozilla/5.0 AppleWebKit/537.36 (KHTML, like Gecko; compatible; ClaudeBot/1.0; +claudebot@anthropic.com)"
216.73.217.4 - - [29/Apr/2026:15:05:19 -0400] "GET /wp-includes/theme.php HTTP/1.1" 403 1242 "-" "Mozilla/5.0 AppleWebKit/537.36 (KHTML, like Gecko; compatible; ClaudeBot/1.0; +claudebot@anthropic.com)"
216.73.217.4 - - [29/Apr/2026:15:05:19 -0400] "GET /wp-includes/embed.php HTTP/1.1" 403 1242 "-" "Mozilla/5.0 AppleWebKit/537.36 (KHTML, like Gecko; compatible; ClaudeBot/1.0; +claudebot@anthropic.com)"
216.73.217.4 - - [29/Apr/2026:15:05:19 -0400] "GET /wp-includes/blocks.php HTTP/1.1" 403 1242 "-" "Mozilla/5.0 AppleWebKit/537.36 (KHTML, like Gecko; compatible; ClaudeBot/1.0; +claudebot@anthropic.com)"
216.73.217.4 - - [29/Apr/2026:15:05:19 -0400] "GET /wp-includes/theme.json HTTP/1.1" 200 8704 "-" "Mozilla/5.0 AppleWebKit/537.36 (KHTML, like Gecko; compatible; ClaudeBot/1.0; +claudebot@anthropic.com)"
216.73.217.4 - - [29/Apr/2026:15:05:19 -0400] "GET /wp-includes/post-formats.php HTTP/1.1" 403 1242 "-" "Mozilla/5.0 AppleWebKit/537.36 (KHTML, like Gecko; compatible; ClaudeBot/1.0; +claudebot@anthropic.com)"
216.73.217.4 - - [29/Apr/2026:15:05:19 -0400] "GET /wp-includes/php-compat/ HTTP/1.1" 200 629 "-" "Mozilla/5.0 AppleWebKit/537.36 (KHTML, like Gecko; compatible; ClaudeBot/1.0; +claudebot@anthropic.com)"
216.73.217.4 - - [29/Apr/2026:15:05:20 -0400] "GET /wp-includes/compat.php HTTP/1.1" 403 1242 "-" "Mozilla/5.0 AppleWebKit/537.36 (KHTML, like Gecko; compatible; ClaudeBot/1.0; +claudebot@anthropic.com)"
216.73.217.4 - - [29/Apr/2026:15:05:20 -0400] "GET /wp-includes/load.php HTTP/1.1" 403 1242 "-" "Mozilla/5.0 AppleWebKit/537.36 (KHTML, like Gecko; compatible; ClaudeBot/1.0; +claudebot@anthropic.com)"
216.73.217.4 - - [29/Apr/2026:15:05:20 -0400] "GET /wp-includes/http.php HTTP/1.1" 403 1242 "-" "Mozilla/5.0 AppleWebKit/537.36 (KHTML, like Gecko; compatible; ClaudeBot/1.0; +claudebot@anthropic.com)"
216.73.217.4 - - [29/Apr/2026:15:05:20 -0400] "GET /wp-includes/cache.php HTTP/1.1" 403 1242 "-" "Mozilla/5.0 AppleWebKit/537.36 (KHTML, like Gecko; compatible; ClaudeBot/1.0; +claudebot@anthropic.com)"
216.73.217.4 - - [29/Apr/2026:15:05:20 -0400] "GET /wp-includes/general-template.php HTTP/1.1" 403 1242 "-" "Mozilla/5.0 AppleWebKit/537.36 (KHTML, like Gecko; compatible; ClaudeBot/1.0; +claudebot@anthropic.com)"
216.73.217.4 - - [29/Apr/2026:15:05:21 -0400] "GET /wp-includes/ms-load.php HTTP/1.1" 403 1242 "-" "Mozilla/5.0 AppleWebKit/537.36 (KHTML, like Gecko; compatible; ClaudeBot/1.0; +claudebot@anthropic.com)"
216.73.217.4 - - [29/Apr/2026:15:05:21 -0400] "GET /wp-includes/capabilities.php HTTP/1.1" 403 1242 "-" "Mozilla/5.0 AppleWebKit/537.36 (KHTML, like Gecko; compatible; ClaudeBot/1.0; +claudebot@anthropic.com)"
216.73.217.4 - - [29/Apr/2026:15:05:21 -0400] "GET /wp-includes/bookmark-template.php HTTP/1.1" 403 1242 "-" "Mozilla/5.0 AppleWebKit/537.36 (KHTML, like Gecko; compatible; ClaudeBot/1.0; +claudebot@anthropic.com)"
216.73.217.4 - - [29/Apr/2026:15:05:21 -0400] "GET /wp-includes/template-canvas.php HTTP/1.1" 403 1242 "-" "Mozilla/5.0 AppleWebKit/537.36 (KHTML, like Gecko; compatible; ClaudeBot/1.0; +claudebot@anthropic.com)"
216.73.217.4 - - [29/Apr/2026:15:05:21 -0400] "GET /wp-includes/block-i18n.json HTTP/1.1" 200 316 "-" "Mozilla/5.0 AppleWebKit/537.36 (KHTML, like Gecko; compatible; ClaudeBot/1.0; +claudebot@anthropic.com)"
216.73.217.4 - - [29/Apr/2026:15:05:21 -0400] "GET /wp-includes/sitemaps.php HTTP/1.1" 403 1242 "-" "Mozilla/5.0 AppleWebKit/537.36 (KHTML, like Gecko; compatible; ClaudeBot/1.0; +claudebot@anthropic.com)"
216.73.217.4 - - [29/Apr/2026:15:05:22 -0400] "GET /wp-includes/comment.php HTTP/1.1" 403 1242 "-" "Mozilla/5.0 AppleWebKit/537.36 (KHTML, like Gecko; compatible; ClaudeBot/1.0; +claudebot@anthropic.com)"
216.73.217.4 - - [29/Apr/2026:15:05:22 -0400] "GET /wp-includes/class-wp-locale.php HTTP/1.1" 403 1242 "-" "Mozilla/5.0 AppleWebKit/537.36 (KHTML, like Gecko; compatible; ClaudeBot/1.0; +claudebot@anthropic.com)"
216.73.217.4 - - [29/Apr/2026:15:05:22 -0400] "GET /wp-includes/update.php HTTP/1.1" 403 1242 "-" "Mozilla/5.0 AppleWebKit/537.36 (KHTML, like Gecko; compatible; ClaudeBot/1.0; +claudebot@anthropic.com)"
216.73.217.4 - - [29/Apr/2026:15:05:19 -0400] "GET /wp-includes/functions.php HTTP/1.1" 403 1242 "-" "Mozilla/5.0 AppleWebKit/537.36 (KHTML, like Gecko; compatible; ClaudeBot/1.0; +claudebot@anthropic.com)"
216.73.217.4 - - [29/Apr/2026:15:05:20 -0400] "GET /wp-includes/template.php HTTP/1.1" 403 1242 "-" "Mozilla/5.0 AppleWebKit/537.36 (KHTML, like Gecko; compatible; ClaudeBot/1.0; +claudebot@anthropic.com)"
54.37.252.152 - - [29/Apr/2026:15:05:20 -0400] "GET /google724cdcc689c24e05.html HTTP/1.1" 200 53 "-" "Mozilla/5.0 (compatible; MJ12bot/v1.4.8; http://mj12bot.com/)"
216.73.217.4 - - [29/Apr/2026:15:05:20 -0400] "GET /wp-includes/date.php HTTP/1.1" 403 1242 "-" "Mozilla/5.0 AppleWebKit/537.36 (KHTML, like Gecko; compatible; ClaudeBot/1.0; +claudebot@anthropic.com)"
216.73.217.4 - - [29/Apr/2026:15:05:20 -0400] "GET /wp-includes/class-wp-locale-switcher.php HTTP/1.1" 403 1242 "-" "Mozilla/5.0 AppleWebKit/537.36 (KHTML, like Gecko; compatible; ClaudeBot/1.0; +claudebot@anthropic.com)"
216.73.217.4 - - [29/Apr/2026:15:05:20 -0400] "GET /wp-includes/pluggable.php HTTP/1.1" 403 1242 "-" "Mozilla/5.0 AppleWebKit/537.36 (KHTML, like Gecko; compatible; ClaudeBot/1.0; +claudebot@anthropic.com)"
216.73.217.4 - - [29/Apr/2026:15:05:21 -0400] "GET /wp-includes/wp-db.php HTTP/1.1" 403 1242 "-" "Mozilla/5.0 AppleWebKit/537.36 (KHTML, like Gecko; compatible; ClaudeBot/1.0; +claudebot@anthropic.com)"
216.73.217.4 - - [29/Apr/2026:15:05:21 -0400] "GET /wp-includes/media-template.php HTTP/1.1" 403 1242 "-" "Mozilla/5.0 AppleWebKit/537.36 (KHTML, like Gecko; compatible; ClaudeBot/1.0; +claudebot@anthropic.com)"
216.73.217.4 - - [29/Apr/2026:15:05:21 -0400] "GET /wp-includes/ms-settings.php HTTP/1.1" 403 1242 "-" "Mozilla/5.0 AppleWebKit/537.36 (KHTML, like Gecko; compatible; ClaudeBot/1.0; +claudebot@anthropic.com)"
216.73.217.4 - - [29/Apr/2026:15:05:21 -0400] "GET /wp-includes/nav-menu-template.php HTTP/1.1" 403 1242 "-" "Mozilla/5.0 AppleWebKit/537.36 (KHTML, like Gecko; compatible; ClaudeBot/1.0; +claudebot@anthropic.com)"
216.73.217.4 - - [29/Apr/2026:15:05:21 -0400] "GET /wp-includes/post-template.php HTTP/1.1" 403 1242 "-" "Mozilla/5.0 AppleWebKit/537.36 (KHTML, like Gecko; compatible; ClaudeBot/1.0; +claudebot@anthropic.com)"
216.73.217.4 - - [29/Apr/2026:15:05:22 -0400] "GET /wp-includes/category-template.php HTTP/1.1" 403 1242 "-" "Mozilla/5.0 AppleWebKit/537.36 (KHTML, like Gecko; compatible; ClaudeBot/1.0; +claudebot@anthropic.com)"
54.37.252.152 - - [29/Apr/2026:15:05:22 -0400] "GET /google89360a03ea0881bc.html HTTP/1.1" 200 53 "-" "Mozilla/5.0 (compatible; MJ12bot/v1.4.8; http://mj12bot.com/)"
216.73.217.4 - - [29/Apr/2026:15:05:22 -0400] "GET /wp-includes/registration-functions.php HTTP/1.1" 403 1242 "-" "Mozilla/5.0 AppleWebKit/537.36 (KHTML, like Gecko; compatible; ClaudeBot/1.0; +claudebot@anthropic.com)"
216.73.217.4 - - [29/Apr/2026:15:05:22 -0400] "GET /wp-includes/ms-network.php HTTP/1.1" 403 1242 "-" "Mozilla/5.0 AppleWebKit/537.36 (KHTML, like Gecko; compatible; ClaudeBot/1.0; +claudebot@anthropic.com)"
216.73.217.4 - - [29/Apr/2026:15:05:22 -0400] "GET /wp-includes/class-wp.php HTTP/1.1" 403 1242 "-" "Mozilla/5.0 AppleWebKit/537.36 (KHTML, like Gecko; compatible; ClaudeBot/1.0; +claudebot@anthropic.com)"
216.73.217.4 - - [29/Apr/2026:15:05:23 -0400] "GET /wp-includes/interactivity-api/ HTTP/1.1" 200 781 "-" "Mozilla/5.0 AppleWebKit/537.36 (KHTML, like Gecko; compatible; ClaudeBot/1.0; +claudebot@anthropic.com)"
66.249.69.160 - - [29/Apr/2026:15:05:23 -0400] "GET /shop/pg/258chair/49046 HTTP/1.1" 404 1251 "-" "Mozilla/5.0 (Linux; Android 6.0.1; Nexus 5X Build/MMB29P) AppleWebKit/537.36 (KHTML, like Gecko) Chrome/147.0.7727.116 Mobile Safari/537.36 (compatible; Googlebot/2.1; +http://www.google.com/bot.html)"
216.73.217.4 - - [29/Apr/2026:15:05:23 -0400] "GET /wp-includes/class-IXR.php HTTP/1.1" 403 1242 "-" "Mozilla/5.0 AppleWebKit/537.36 (KHTML, like Gecko; compatible; ClaudeBot/1.0; +claudebot@anthropic.com)"
216.73.217.4 - - [29/Apr/2026:15:05:22 -0400] "GET /wp-includes/class-wp-taxonomy.php HTTP/1.1" 403 1242 "-" "Mozilla/5.0 AppleWebKit/537.36 (KHTML, like Gecko; compatible; ClaudeBot/1.0; +claudebot@anthropic.com)"
216.73.217.4 - - [29/Apr/2026:15:05:22 -0400] "GET /wp-includes/class-walker-page.php HTTP/1.1" 403 1242 "-" "Mozilla/5.0 AppleWebKit/537.36 (KHTML, like Gecko; compatible; ClaudeBot/1.0; +claudebot@anthropic.com)"
216.73.217.4 - - [29/Apr/2026:15:05:22 -0400] "GET /wp-includes/class-walker-category.php HTTP/1.1" 403 1242 "-" "Mozilla/5.0 AppleWebKit/537.36 (KHTML, like Gecko; compatible; ClaudeBot/1.0; +claudebot@anthropic.com)"
216.73.217.4 - - [29/Apr/2026:15:05:22 -0400] "GET /wp-includes/html-api/ HTTP/1.1" 200 1505 "-" "Mozilla/5.0 AppleWebKit/537.36 (KHTML, like Gecko; compatible; ClaudeBot/1.0; +claudebot@anthropic.com)"
216.73.217.4 - - [29/Apr/2026:15:05:23 -0400] "GET /wp-includes/user.php HTTP/1.1" 403 1242 "-" "Mozilla/5.0 AppleWebKit/537.36 (KHTML, like Gecko; compatible; ClaudeBot/1.0; +claudebot@anthropic.com)"
216.73.217.4 - - [29/Apr/2026:15:05:23 -0400] "GET /wp-includes/ms-functions.php HTTP/1.1" 403 1242 "-" "Mozilla/5.0 AppleWebKit/537.36 (KHTML, like Gecko; compatible; ClaudeBot/1.0; +claudebot@anthropic.com)"
216.73.217.4 - - [29/Apr/2026:15:05:23 -0400] "GET /wp-includes/rss.php HTTP/1.1" 403 1242 "-" "Mozilla/5.0 AppleWebKit/537.36 (KHTML, like Gecko; compatible; ClaudeBot/1.0; +claudebot@anthropic.com)"
216.73.217.4 - - [29/Apr/2026:15:05:23 -0400] "GET /wp-includes/ms-files.php HTTP/1.1" 403 1242 "-" "Mozilla/5.0 AppleWebKit/537.36 (KHTML, like Gecko; compatible; ClaudeBot/1.0; +claudebot@anthropic.com)"
216.73.217.4 - - [29/Apr/2026:15:05:24 -0400] "GET /wp-includes/block-patterns.php HTTP/1.1" 403 1242 "-" "Mozilla/5.0 AppleWebKit/537.36 (KHTML, like Gecko; compatible; ClaudeBot/1.0; +claudebot@anthropic.com)"
216.73.217.4 - - [29/Apr/2026:15:05:24 -0400] "GET /wp-includes/feed-atom.php HTTP/1.1" 403 1242 "-" "Mozilla/5.0 AppleWebKit/537.36 (KHTML, like Gecko; compatible; ClaudeBot/1.0; +claudebot@anthropic.com)"
216.73.217.4 - - [29/Apr/2026:15:05:24 -0400] "GET /wp-includes/class-feed.php HTTP/1.1" 403 1242 "-" "Mozilla/5.0 AppleWebKit/537.36 (KHTML, like Gecko; compatible; ClaudeBot/1.0; +claudebot@anthropic.com)"
216.73.217.4 - - [29/Apr/2026:15:05:24 -0400] "GET /wp-includes/default-filters.php HTTP/1.1" 403 1242 "-" "Mozilla/5.0 AppleWebKit/537.36 (KHTML, like Gecko; compatible; ClaudeBot/1.0; +claudebot@anthropic.com)"
216.73.217.4 - - [29/Apr/2026:15:05:24 -0400] "GET /wp-includes/formatting.php HTTP/1.1" 403 1242 "-" "Mozilla/5.0 AppleWebKit/537.36 (KHTML, like Gecko; compatible; ClaudeBot/1.0; +claudebot@anthropic.com)"
216.73.217.4 - - [29/Apr/2026:15:05:24 -0400] "GET /wp-includes/class-phpass.php HTTP/1.1" 403 1242 "-" "Mozilla/5.0 AppleWebKit/537.36 (KHTML, like Gecko; compatible; ClaudeBot/1.0; +claudebot@anthropic.com)"
216.73.217.4 - - [29/Apr/2026:15:05:24 -0400] "GET /wp-includes/class-wp-image-editor-gd.php HTTP/1.1" 403 1242 "-" "Mozilla/5.0 AppleWebKit/537.36 (KHTML, like Gecko; compatible; ClaudeBot/1.0; +claudebot@anthropic.com)"
216.73.217.4 - - [29/Apr/2026:15:05:24 -0400] "GET /wp-includes/class-wp-role.php HTTP/1.1" 403 1242 "-" "Mozilla/5.0 AppleWebKit/537.36 (KHTML, like Gecko; compatible; ClaudeBot/1.0; +claudebot@anthropic.com)"
216.73.217.4 - - [29/Apr/2026:15:05:24 -0400] "GET /wp-includes/theme-templates.php HTTP/1.1" 403 1242 "-" "Mozilla/5.0 AppleWebKit/537.36 (KHTML, like Gecko; compatible; ClaudeBot/1.0; +claudebot@anthropic.com)"
216.73.217.4 - - [29/Apr/2026:15:05:24 -0400] "GET /wp-includes/cache-compat.php HTTP/1.1" 403 1242 "-" "Mozilla/5.0 AppleWebKit/537.36 (KHTML, like Gecko; compatible; ClaudeBot/1.0; +claudebot@anthropic.com)"
216.73.217.4 - - [29/Apr/2026:15:05:25 -0400] "GET /wp-includes/class-wp-image-editor.php HTTP/1.1" 403 1242 "-" "Mozilla/5.0 AppleWebKit/537.36 (KHTML, like Gecko; compatible; ClaudeBot/1.0; +claudebot@anthropic.com)"
216.73.217.4 - - [29/Apr/2026:15:05:23 -0400] "GET /wp-includes/style-engine.php HTTP/1.1" 403 1242 "-" "Mozilla/5.0 AppleWebKit/537.36 (KHTML, like Gecko; compatible; ClaudeBot/1.0; +claudebot@anthropic.com)"
216.73.217.4 - - [29/Apr/2026:15:05:23 -0400] "GET /wp-includes/class-pop3.php HTTP/1.1" 403 1242 "-" "Mozilla/5.0 AppleWebKit/537.36 (KHTML, like Gecko; compatible; ClaudeBot/1.0; +claudebot@anthropic.com)"
216.73.217.4 - - [29/Apr/2026:15:05:23 -0400] "GET /wp-includes/embed-template.php HTTP/1.1" 403 1242 "-" "Mozilla/5.0 AppleWebKit/537.36 (KHTML, like Gecko; compatible; ClaudeBot/1.0; +claudebot@anthropic.com)"
216.73.217.4 - - [29/Apr/2026:15:05:23 -0400] "GET /wp-includes/global-styles-and-settings.php HTTP/1.1" 403 1242 "-" "Mozilla/5.0 AppleWebKit/537.36 (KHTML, like Gecko; compatible; ClaudeBot/1.0; +claudebot@anthropic.com)"
216.73.217.4 - - [29/Apr/2026:15:05:23 -0400] "GET /wp-includes/class-wp-walker.php HTTP/1.1" 403 1242 "-" "Mozilla/5.0 AppleWebKit/537.36 (KHTML, like Gecko; compatible; ClaudeBot/1.0; +claudebot@anthropic.com)"
216.73.217.4 - - [29/Apr/2026:15:05:24 -0400] "GET /wp-includes/query.php HTTP/1.1" 403 1242 "-" "Mozilla/5.0 AppleWebKit/537.36 (KHTML, like Gecko; compatible; ClaudeBot/1.0; +claudebot@anthropic.com)"
54.37.252.152 - - [29/Apr/2026:15:05:24 -0400] "GET /googlea6d734b6686aecb3.html HTTP/1.1" 200 53 "-" "Mozilla/5.0 (compatible; MJ12bot/v1.4.8; http://mj12bot.com/)"
216.73.217.4 - - [29/Apr/2026:15:05:25 -0400] "GET /wp-includes/class-oembed.php HTTP/1.1" 403 1242 "-" "Mozilla/5.0 AppleWebKit/537.36 (KHTML, like Gecko; compatible; ClaudeBot/1.0; +claudebot@anthropic.com)"
216.73.217.4 - - [29/Apr/2026:15:05:25 -0400] "GET /wp-includes/class-wp-roles.php HTTP/1.1" 403 1242 "-" "Mozilla/5.0 AppleWebKit/537.36 (KHTML, like Gecko; compatible; ClaudeBot/1.0; +claudebot@anthropic.com)"
216.73.217.4 - - [29/Apr/2026:15:05:25 -0400] "GET /wp-includes/error-protection.php HTTP/1.1" 403 1242 "-" "Mozilla/5.0 AppleWebKit/537.36 (KHTML, like Gecko; compatible; ClaudeBot/1.0; +claudebot@anthropic.com)"
216.73.217.4 - - [29/Apr/2026:15:05:25 -0400] "GET /wp-includes/ms-default-filters.php HTTP/1.1" 403 1242 "-" "Mozilla/5.0 AppleWebKit/537.36 (KHTML, like Gecko; compatible; ClaudeBot/1.0; +claudebot@anthropic.com)"
216.73.217.4 - - [29/Apr/2026:15:05:25 -0400] "GET /wp-includes/theme-previews.php HTTP/1.1" 403 1242 "-" "Mozilla/5.0 AppleWebKit/537.36 (KHTML, like Gecko; compatible; ClaudeBot/1.0; +claudebot@anthropic.com)"
216.73.217.4 - - [29/Apr/2026:15:05:25 -0400] "GET /wp-includes/class-http.php HTTP/1.1" 403 1242 "-" "Mozilla/5.0 AppleWebKit/537.36 (KHTML, like Gecko; compatible; ClaudeBot/1.0; +claudebot@anthropic.com)"
216.73.217.4 - - [29/Apr/2026:15:05:26 -0400] "GET /wp-includes/class-walker-nav-menu.php HTTP/1.1" 403 1242 "-" "Mozilla/5.0 AppleWebKit/537.36 (KHTML, like Gecko; compatible; ClaudeBot/1.0; +claudebot@anthropic.com)"
216.73.217.4 - - [29/Apr/2026:15:05:26 -0400] "GET /wp-includes/author-template.php HTTP/1.1" 403 1242 "-" "Mozilla/5.0 AppleWebKit/537.36 (KHTML, like Gecko; compatible; ClaudeBot/1.0; +claudebot@anthropic.com)"
216.73.217.4 - - [29/Apr/2026:15:05:26 -0400] "GET /wp-includes/class-wp-embed.php HTTP/1.1" 403 1242 "-" "Mozilla/5.0 AppleWebKit/537.36 (KHTML, like Gecko; compatible; ClaudeBot/1.0; +claudebot@anthropic.com)"
216.73.217.4 - - [29/Apr/2026:15:05:26 -0400] "GET /wp-includes/block-editor.php HTTP/1.1" 403 1242 "-" "Mozilla/5.0 AppleWebKit/537.36 (KHTML, like Gecko; compatible; ClaudeBot/1.0; +claudebot@anthropic.com)"
216.73.217.4 - - [29/Apr/2026:15:05:26 -0400] "GET /wp-includes/class-wp-site.php HTTP/1.1" 403 1242 "-" "Mozilla/5.0 AppleWebKit/537.36 (KHTML, like Gecko; compatible; ClaudeBot/1.0; +claudebot@anthropic.com)"
216.73.217.4 - - [29/Apr/2026:15:05:26 -0400] "GET /wp-includes/class.wp-styles.php HTTP/1.1" 403 1242 "-" "Mozilla/5.0 AppleWebKit/537.36 (KHTML, like Gecko; compatible; ClaudeBot/1.0; +claudebot@anthropic.com)"
216.73.217.4 - - [29/Apr/2026:15:05:25 -0400] "GET /wp-includes/class-wp-post.php HTTP/1.1" 403 1242 "-" "Mozilla/5.0 AppleWebKit/537.36 (KHTML, like Gecko; compatible; ClaudeBot/1.0; +claudebot@anthropic.com)"
216.73.217.4 - - [29/Apr/2026:15:05:25 -0400] "GET /wp-includes/class-avif-info.php HTTP/1.1" 403 1242 "-" "Mozilla/5.0 AppleWebKit/537.36 (KHTML, like Gecko; compatible; ClaudeBot/1.0; +claudebot@anthropic.com)"
216.73.217.4 - - [29/Apr/2026:15:05:25 -0400] "GET /wp-includes/deprecated.php HTTP/1.1" 403 1242 "-" "Mozilla/5.0 AppleWebKit/537.36 (KHTML, like Gecko; compatible; ClaudeBot/1.0; +claudebot@anthropic.com)"
216.73.217.4 - - [29/Apr/2026:15:05:25 -0400] "GET /wp-includes/class-wp-hook.php HTTP/1.1" 403 1242 "-" "Mozilla/5.0 AppleWebKit/537.36 (KHTML, like Gecko; compatible; ClaudeBot/1.0; +claudebot@anthropic.com)"
216.73.217.4 - - [29/Apr/2026:15:05:26 -0400] "GET /wp-includes/robots-template.php HTTP/1.1" 403 1242 "-" "Mozilla/5.0 AppleWebKit/537.36 (KHTML, like Gecko; compatible; ClaudeBot/1.0; +claudebot@anthropic.com)"
216.73.217.4 - - [29/Apr/2026:15:05:26 -0400] "GET /wp-includes/class.wp-dependencies.php HTTP/1.1" 403 1242 "-" "Mozilla/5.0 AppleWebKit/537.36 (KHTML, like Gecko; compatible; ClaudeBot/1.0; +claudebot@anthropic.com)"
216.73.217.4 - - [29/Apr/2026:15:05:26 -0400] "GET /wp-includes/class-wp-duotone.php HTTP/1.1" 403 1242 "-" "Mozilla/5.0 AppleWebKit/537.36 (KHTML, like Gecko; compatible; ClaudeBot/1.0; +claudebot@anthropic.com)"
216.73.217.4 - - [29/Apr/2026:15:05:26 -0400] "GET /wp-includes/class-wp-editor.php HTTP/1.1" 403 1242 "-" "Mozilla/5.0 AppleWebKit/537.36 (KHTML, like Gecko; compatible; ClaudeBot/1.0; +claudebot@anthropic.com)"
216.73.217.4 - - [29/Apr/2026:15:05:26 -0400] "GET /wp-includes/class-wpdb.php HTTP/1.1" 403 1242 "-" "Mozilla/5.0 AppleWebKit/537.36 (KHTML, like Gecko; compatible; ClaudeBot/1.0; +claudebot@anthropic.com)"
216.73.217.4 - - [29/Apr/2026:15:05:27 -0400] "GET /wp-includes/class-wp-rewrite.php HTTP/1.1" 403 1242 "-" "Mozilla/5.0 AppleWebKit/537.36 (KHTML, like Gecko; compatible; ClaudeBot/1.0; +claudebot@anthropic.com)"
54.37.252.152 - - [29/Apr/2026:15:05:27 -0400] "GET /index.php0 HTTP/1.1" 200 404 "-" "Mozilla/5.0 (compatible; MJ12bot/v1.4.8; http://mj12bot.com/)"
216.73.217.4 - - [29/Apr/2026:15:05:27 -0400] "GET /wp-includes/class-wp-exception.php HTTP/1.1" 403 1242 "-" "Mozilla/5.0 AppleWebKit/537.36 (KHTML, like Gecko; compatible; ClaudeBot/1.0; +claudebot@anthropic.com)"
216.73.217.4 - - [29/Apr/2026:15:05:27 -0400] "GET /wp-includes/functions.wp-styles.php HTTP/1.1" 403 1242 "-" "Mozilla/5.0 AppleWebKit/537.36 (KHTML, like Gecko; compatible; ClaudeBot/1.0; +claudebot@anthropic.com)"
216.73.217.4 - - [29/Apr/2026:15:05:28 -0400] "GET /wp-includes/class-phpmailer.php HTTP/1.1" 403 1242 "-" "Mozilla/5.0 AppleWebKit/537.36 (KHTML, like Gecko; compatible; ClaudeBot/1.0; +claudebot@anthropic.com)"
216.73.217.4 - - [29/Apr/2026:15:05:28 -0400] "GET /wp-includes/template-loader.php HTTP/1.1" 403 1242 "-" "Mozilla/5.0 AppleWebKit/537.36 (KHTML, like Gecko; compatible; ClaudeBot/1.0; +claudebot@anthropic.com)"
216.73.217.4 - - [29/Apr/2026:15:05:28 -0400] "GET /wp-includes/class-wp-http-streams.php HTTP/1.1" 403 1242 "-" "Mozilla/5.0 AppleWebKit/537.36 (KHTML, like Gecko; compatible; ClaudeBot/1.0; +claudebot@anthropic.com)"
216.73.217.4 - - [29/Apr/2026:15:05:28 -0400] "GET /wp-includes/script-modules.php HTTP/1.1" 403 1242 "-" "Mozilla/5.0 AppleWebKit/537.36 (KHTML, like Gecko; compatible; ClaudeBot/1.0; +claudebot@anthropic.com)"
216.73.217.4 - - [29/Apr/2026:15:05:28 -0400] "GET /wp-includes/class.wp-scripts.php HTTP/1.1" 403 1242 "-" "Mozilla/5.0 AppleWebKit/537.36 (KHTML, like Gecko; compatible; ClaudeBot/1.0; +claudebot@anthropic.com)"
216.73.217.4 - - [29/Apr/2026:15:05:28 -0400] "GET /wp-includes/feed-rss.php HTTP/1.1" 403 1242 "-" "Mozilla/5.0 AppleWebKit/537.36 (KHTML, like Gecko; compatible; ClaudeBot/1.0; +claudebot@anthropic.com)"
216.73.217.4 - - [29/Apr/2026:15:05:27 -0400] "GET /wp-includes/widgets.php HTTP/1.1" 403 1242 "-" "Mozilla/5.0 AppleWebKit/537.36 (KHTML, like Gecko; compatible; ClaudeBot/1.0; +claudebot@anthropic.com)"
216.73.217.4 - - [29/Apr/2026:15:05:27 -0400] "GET /wp-includes/class-requests.php HTTP/1.1" 403 1242 "-" "Mozilla/5.0 AppleWebKit/537.36 (KHTML, like Gecko; compatible; ClaudeBot/1.0; +claudebot@anthropic.com)"
216.73.217.4 - - [29/Apr/2026:15:05:27 -0400] "GET /wp-includes/class-wp-widget.php HTTP/1.1" 403 1242 "-" "Mozilla/5.0 AppleWebKit/537.36 (KHTML, like Gecko; compatible; ClaudeBot/1.0; +claudebot@anthropic.com)"
216.73.217.4 - - [29/Apr/2026:15:05:27 -0400] "GET /wp-includes/block-bindings.php HTTP/1.1" 403 1242 "-" "Mozilla/5.0 AppleWebKit/537.36 (KHTML, like Gecko; compatible; ClaudeBot/1.0; +claudebot@anthropic.com)"
216.73.217.4 - - [29/Apr/2026:15:05:27 -0400] "GET /wp-includes/speculative-loading.php HTTP/1.1" 403 1242 "-" "Mozilla/5.0 AppleWebKit/537.36 (KHTML, like Gecko; compatible; ClaudeBot/1.0; +claudebot@anthropic.com)"
216.73.217.4 - - [29/Apr/2026:15:05:27 -0400] "GET /wp-includes/ms-deprecated.php HTTP/1.1" 403 1242 "-" "Mozilla/5.0 AppleWebKit/537.36 (KHTML, like Gecko; compatible; ClaudeBot/1.0; +claudebot@anthropic.com)"
216.73.217.4 - - [29/Apr/2026:15:05:27 -0400] "GET /wp-includes/admin-bar.php HTTP/1.1" 403 1242 "-" "Mozilla/5.0 AppleWebKit/537.36 (KHTML, like Gecko; compatible; ClaudeBot/1.0; +claudebot@anthropic.com)"
216.73.217.4 - - [29/Apr/2026:15:05:27 -0400] "GET /wp-includes/spl-autoload-compat.php HTTP/1.1" 403 1242 "-" "Mozilla/5.0 AppleWebKit/537.36 (KHTML, like Gecko; compatible; ClaudeBot/1.0; +claudebot@anthropic.com)"
216.73.217.4 - - [29/Apr/2026:15:05:28 -0400] "GET /wp-includes/class-walker-page-dropdown.php HTTP/1.1" 403 1242 "-" "Mozilla/5.0 AppleWebKit/537.36 (KHTML, like Gecko; compatible; ClaudeBot/1.0; +claudebot@anthropic.com)"
216.73.217.4 - - [29/Apr/2026:15:05:28 -0400] "GET /wp-includes/class-wp-error.php HTTP/1.1" 403 1242 "-" "Mozilla/5.0 AppleWebKit/537.36 (KHTML, like Gecko; compatible; ClaudeBot/1.0; +claudebot@anthropic.com)"
216.73.217.4 - - [29/Apr/2026:15:05:28 -0400] "GET /wp-includes/class-wp-oembed.php HTTP/1.1" 403 1242 "-" "Mozilla/5.0 AppleWebKit/537.36 (KHTML, like Gecko; compatible; ClaudeBot/1.0; +claudebot@anthropic.com)"
216.73.217.4 - - [29/Apr/2026:15:05:29 -0400] "GET /wp-includes/class-wp-term.php HTTP/1.1" 403 1242 "-" "Mozilla/5.0 AppleWebKit/537.36 (KHTML, like Gecko; compatible; ClaudeBot/1.0; +claudebot@anthropic.com)"
216.73.217.4 - - [29/Apr/2026:15:05:29 -0400] "GET /wp-includes/functions.wp-scripts.php HTTP/1.1" 403 1242 "-" "Mozilla/5.0 AppleWebKit/537.36 (KHTML, like Gecko; compatible; ClaudeBot/1.0; +claudebot@anthropic.com)"
216.73.217.4 - - [29/Apr/2026:15:05:29 -0400] "GET /wp-includes/class-wp-image-editor-imagick.php HTTP/1.1" 403 1242 "-" "Mozilla/5.0 AppleWebKit/537.36 (KHTML, like Gecko; compatible; ClaudeBot/1.0; +claudebot@anthropic.com)"
216.73.217.4 - - [29/Apr/2026:15:05:29 -0400] "GET /wp-includes/class-smtp.php HTTP/1.1" 403 1242 "-" "Mozilla/5.0 AppleWebKit/537.36 (KHTML, like Gecko; compatible; ClaudeBot/1.0; +claudebot@anthropic.com)"
54.37.252.152 - - [29/Apr/2026:15:05:29 -0400] "GET /license.txt HTTP/1.1" 200 6865 "-" "Mozilla/5.0 (compatible; MJ12bot/v1.4.8; http://mj12bot.com/)"
54.37.252.152 - - [29/Apr/2026:15:05:32 -0400] "GET /nc_assets/ HTTP/1.1" 200 648 "-" "Mozilla/5.0 (compatible; MJ12bot/v1.4.8; http://mj12bot.com/)"
216.73.217.4 - - [29/Apr/2026:15:05:35 -0400] "GET /17e78e/?loknya=%2Fetc%2Fsysconfig HTTP/1.1" 403 1242 "-" "Mozilla/5.0 AppleWebKit/537.36 (KHTML, like Gecko; compatible; ClaudeBot/1.0; +claudebot@anthropic.com)"
216.73.217.4 - - [29/Apr/2026:15:05:35 -0400] "GET /17e78e/?loknya=%2Fvar%2Flve HTTP/1.1" 200 12689 "-" "Mozilla/5.0 AppleWebKit/537.36 (KHTML, like Gecko; compatible; ClaudeBot/1.0; +claudebot@anthropic.com)"
216.73.217.4 - - [29/Apr/2026:15:05:28 -0400] "GET /wp-includes/shortcodes.php HTTP/1.1" 403 1242 "-" "Mozilla/5.0 AppleWebKit/537.36 (KHTML, like Gecko; compatible; ClaudeBot/1.0; +claudebot@anthropic.com)"
216.73.217.4 - - [29/Apr/2026:15:05:28 -0400] "GET /wp-includes/class-wp-block-supports.php HTTP/1.1" 403 1242 "-" "Mozilla/5.0 AppleWebKit/537.36 (KHTML, like Gecko; compatible; ClaudeBot/1.0; +claudebot@anthropic.com)"
216.73.217.4 - - [29/Apr/2026:15:05:29 -0400] "GET /wp-includes/block-template.php HTTP/1.1" 403 1242 "-" "Mozilla/5.0 AppleWebKit/537.36 (KHTML, like Gecko; compatible; ClaudeBot/1.0; +claudebot@anthropic.com)"
216.73.217.4 - - [29/Apr/2026:15:05:29 -0400] "GET /wp-includes/class-wp-network.php HTTP/1.1" 403 1242 "-" "Mozilla/5.0 AppleWebKit/537.36 (KHTML, like Gecko; compatible; ClaudeBot/1.0; +claudebot@anthropic.com)"
216.73.217.4 - - [29/Apr/2026:15:05:29 -0400] "GET /wp-includes/class-wp-tax-query.php HTTP/1.1" 403 1242 "-" "Mozilla/5.0 AppleWebKit/537.36 (KHTML, like Gecko; compatible; ClaudeBot/1.0; +claudebot@anthropic.com)"
66.249.69.160 - - [29/Apr/2026:15:05:32 -0400] "GET /shop/pg/38grandmother/25512 HTTP/1.1" 404 1251 "-" "Mozilla/5.0 (Linux; Android 6.0.1; Nexus 5X Build/MMB29P) AppleWebKit/537.36 (KHTML, like Gecko) Chrome/147.0.7727.116 Mobile Safari/537.36 (compatible; Googlebot/2.1; +http://www.google.com/bot.html)"
216.73.217.4 - - [29/Apr/2026:15:05:33 -0400] "GET /cpanel HTTP/1.1" 200 13314 "http://www.vive.com.pa/cpanel" "Mozilla/5.0 AppleWebKit/537.36 (KHTML, like Gecko; compatible; ClaudeBot/1.0; +claudebot@anthropic.com)"
216.73.217.4 - - [29/Apr/2026:15:05:35 -0400] "GET /17e78e/?loknya=%2Fetc%2Fmc HTTP/1.1" 403 1242 "-" "Mozilla/5.0 AppleWebKit/537.36 (KHTML, like Gecko; compatible; ClaudeBot/1.0; +claudebot@anthropic.com)"
216.73.217.4 - - [29/Apr/2026:15:05:35 -0400] "GET /nc_assets/img/pictograms/150/ HTTP/1.1" 200 1022 "-" "Mozilla/5.0 AppleWebKit/537.36 (KHTML, like Gecko; compatible; ClaudeBot/1.0; +claudebot@anthropic.com)"
216.73.217.4 - - [29/Apr/2026:15:05:35 -0400] "GET /17e78e/index.php?lokasie=%2Fhome%2Fvivegvwr%2Fpublic_html%2F%2Fwp-mail.php&loknya=%2Fhome%2Fvivegvwr%2Fpublic_html%2F HTTP/1.1" 200 15383 "-" "Mozilla/5.0 AppleWebKit/537.36 (KHTML, like Gecko; compatible; ClaudeBot/1.0; +claudebot@anthropic.com)"
216.73.217.4 - - [29/Apr/2026:15:05:35 -0400] "GET /17e78e/?loknya=%2Flib%2Fsse2 HTTP/1.1" 200 12344 "-" "Mozilla/5.0 AppleWebKit/537.36 (KHTML, like Gecko; compatible; ClaudeBot/1.0; +claudebot@anthropic.com)"
216.73.217.4 - - [29/Apr/2026:15:05:35 -0400] "GET /17e78e/?loknya=%2Flib%2Fenvironment.d HTTP/1.1" 200 12543 "-" "Mozilla/5.0 AppleWebKit/537.36 (KHTML, like Gecko; compatible; ClaudeBot/1.0; +claudebot@anthropic.com)"
216.73.217.4 - - [29/Apr/2026:15:05:35 -0400] "GET /17e78e/?loknya=%2Flib%2Fudev HTTP/1.1" 200 13296 "-" "Mozilla/5.0 AppleWebKit/537.36 (KHTML, like Gecko; compatible; ClaudeBot/1.0; +claudebot@anthropic.com)"
216.73.217.4 - - [29/Apr/2026:15:05:35 -0400] "GET /17e78e/?loknya=%2Fproc%2Fscsi HTTP/1.1" 200 12666 "-" "Mozilla/5.0 AppleWebKit/537.36 (KHTML, like Gecko; compatible; ClaudeBot/1.0; +claudebot@anthropic.com)"
54.37.252.152 - - [29/Apr/2026:15:05:35 -0400] "GET /parking-page.shtml HTTP/1.1" 200 1844 "-" "Mozilla/5.0 (compatible; MJ12bot/v1.4.8; http://mj12bot.com/)"
216.73.217.4 - - [29/Apr/2026:15:05:35 -0400] "GET /17e78e/?loknya=%2Fvar%2Flib HTTP/1.1" 200 12717 "-" "Mozilla/5.0 AppleWebKit/537.36 (KHTML, like Gecko; compatible; ClaudeBot/1.0; +claudebot@anthropic.com)"
216.73.217.4 - - [29/Apr/2026:15:05:35 -0400] "GET /17e78e/?loknya=%2Flib%2Ftmpfiles.d HTTP/1.1" 200 14015 "-" "Mozilla/5.0 AppleWebKit/537.36 (KHTML, like Gecko; compatible; ClaudeBot/1.0; +claudebot@anthropic.com)"
216.73.217.4 - - [29/Apr/2026:15:05:36 -0400] "GET /17e78e/?lokasie=%2Fsbin%2Fcloudlinux-selector&loknya=%2Fsbin HTTP/1.1" 200 12455 "-" "Mozilla/5.0 AppleWebKit/537.36 (KHTML, like Gecko; compatible; ClaudeBot/1.0; +claudebot@anthropic.com)"
216.73.217.4 - - [29/Apr/2026:15:05:36 -0400] "GET /17e78e/?loknya=%2Fetc%2Fskel HTTP/1.1" 403 1242 "-" "Mozilla/5.0 AppleWebKit/537.36 (KHTML, like Gecko; compatible; ClaudeBot/1.0; +claudebot@anthropic.com)"
216.73.217.4 - - [29/Apr/2026:15:05:36 -0400] "GET /17e78e/?lokasie=%2Fbin%2Fpython2.7&loknya=%2Fbin HTTP/1.1" 200 15232 "-" "Mozilla/5.0 AppleWebKit/537.36 (KHTML, like Gecko; compatible; ClaudeBot/1.0; +claudebot@anthropic.com)"
216.73.217.4 - - [29/Apr/2026:15:05:36 -0400] "GET /17e78e/?loknya=%2Frun%2Fdbus HTTP/1.1" 200 12342 "-" "Mozilla/5.0 AppleWebKit/537.36 (KHTML, like Gecko; compatible; ClaudeBot/1.0; +claudebot@anthropic.com)"
216.73.217.4 - - [29/Apr/2026:15:05:36 -0400] "GET /17e78e/?loknya=%2Fvar%2Flog HTTP/1.1" 200 12620 "-" "Mozilla/5.0 AppleWebKit/537.36 (KHTML, like Gecko; compatible; ClaudeBot/1.0; +claudebot@anthropic.com)"
216.73.217.4 - - [29/Apr/2026:15:05:36 -0400] "GET /17e78e/?loknya=%2Flib%2Ffirmware HTTP/1.1" 200 24143 "-" "Mozilla/5.0 AppleWebKit/537.36 (KHTML, like Gecko; compatible; ClaudeBot/1.0; +claudebot@anthropic.com)"
216.73.217.4 - - [29/Apr/2026:15:05:36 -0400] "GET /17e78e/?loknya=%2Flib64%2Fpkgconfig HTTP/1.1" 200 16427 "-" "Mozilla/5.0 AppleWebKit/537.36 (KHTML, like Gecko; compatible; ClaudeBot/1.0; +claudebot@anthropic.com)"
216.73.217.4 - - [29/Apr/2026:15:05:36 -0400] "GET /17e78e/?loknya=%2Flib64%2FNetworkManager HTTP/1.1" 200 12502 "-" "Mozilla/5.0 AppleWebKit/537.36 (KHTML, like Gecko; compatible; ClaudeBot/1.0; +claudebot@anthropic.com)"
216.73.217.4 - - [29/Apr/2026:15:05:36 -0400] "GET /17e78e/?loknya=%2Fproc%2Flve HTTP/1.1" 200 12901 "-" "Mozilla/5.0 AppleWebKit/537.36 (KHTML, like Gecko; compatible; ClaudeBot/1.0; +claudebot@anthropic.com)"
216.73.217.4 - - [29/Apr/2026:15:05:37 -0400] "GET /17e78e/?loknya=%2Fvar%2Fspool HTTP/1.1" 200 12526 "-" "Mozilla/5.0 AppleWebKit/537.36 (KHTML, like Gecko; compatible; ClaudeBot/1.0; +claudebot@anthropic.com)"
216.73.217.4 - - [29/Apr/2026:15:05:37 -0400] "GET /17e78e/?loknya=%2Flib%2Fsysctl.d HTTP/1.1" 200 12739 "-" "Mozilla/5.0 AppleWebKit/537.36 (KHTML, like Gecko; compatible; ClaudeBot/1.0; +claudebot@anthropic.com)"
216.73.217.4 - - [29/Apr/2026:15:05:37 -0400] "GET /17e78e/?loknya=%2Fetc%2Fmail HTTP/1.1" 403 1242 "-" "Mozilla/5.0 AppleWebKit/537.36 (KHTML, like Gecko; compatible; ClaudeBot/1.0; +claudebot@anthropic.com)"
216.73.217.4 - - [29/Apr/2026:15:05:37 -0400] "GET /17e78e/?loknya=%2Fvar%2Frun HTTP/1.1" 200 13163 "-" "Mozilla/5.0 AppleWebKit/537.36 (KHTML, like Gecko; compatible; ClaudeBot/1.0; +claudebot@anthropic.com)"
54.37.252.152 - - [29/Apr/2026:15:05:37 -0400] "GET /readme.html HTTP/1.1" 200 2662 "-" "Mozilla/5.0 (compatible; MJ12bot/v1.4.8; http://mj12bot.com/)"
216.73.217.4 - - [29/Apr/2026:15:05:37 -0400] "GET /17e78e/?lokasie=%2Fbin%2Fpython3&loknya=%2Fbin HTTP/1.1" 200 15846 "-" "Mozilla/5.0 AppleWebKit/537.36 (KHTML, like Gecko; compatible; ClaudeBot/1.0; +claudebot@anthropic.com)"
216.73.217.4 - - [29/Apr/2026:15:05:37 -0400] "GET /17e78e/?loknya=%2Flib64%2Fsecurity HTTP/1.1" 200 14544 "-" "Mozilla/5.0 AppleWebKit/537.36 (KHTML, like Gecko; compatible; ClaudeBot/1.0; +claudebot@anthropic.com)"
216.73.217.4 - - [29/Apr/2026:15:05:38 -0400] "GET /17e78e/?loknya=%2Fetc%2Fcpanel HTTP/1.1" 200 12344 "-" "Mozilla/5.0 AppleWebKit/537.36 (KHTML, like Gecko; compatible; ClaudeBot/1.0; +claudebot@anthropic.com)"
216.73.217.4 - - [29/Apr/2026:15:05:38 -0400] "GET /17e78e/?loknya=%2Fusr%2Fselector.etc HTTP/1.1" 200 12545 "-" "Mozilla/5.0 AppleWebKit/537.36 (KHTML, like Gecko; compatible; ClaudeBot/1.0; +claudebot@anthropic.com)"
216.73.217.4 - - [29/Apr/2026:15:05:38 -0400] "GET /17e78e/?loknya=%2Fetc%2Fbash_completion.d HTTP/1.1" 403 1242 "-" "Mozilla/5.0 AppleWebKit/537.36 (KHTML, like Gecko; compatible; ClaudeBot/1.0; +claudebot@anthropic.com)"
216.73.217.4 - - [29/Apr/2026:15:05:38 -0400] "GET /17e78e/?loknya=%2Fvar%2Fwww HTTP/1.1" 200 12502 "-" "Mozilla/5.0 AppleWebKit/537.36 (KHTML, like Gecko; compatible; ClaudeBot/1.0; +claudebot@anthropic.com)"
216.73.217.4 - - [29/Apr/2026:15:05:35 -0400] "GET /17e78e/?loknya=%2Flib%2Fkdump HTTP/1.1" 200 12624 "-" "Mozilla/5.0 AppleWebKit/537.36 (KHTML, like Gecko; compatible; ClaudeBot/1.0; +claudebot@anthropic.com)"
216.73.217.4 - - [29/Apr/2026:15:05:35 -0400] "GET /17e78e/?loknya=%2Fopt%2Falt HTTP/1.1" 200 15204 "-" "Mozilla/5.0 AppleWebKit/537.36 (KHTML, like Gecko; compatible; ClaudeBot/1.0; +claudebot@anthropic.com)"
216.73.217.4 - - [29/Apr/2026:15:05:35 -0400] "GET /17e78e/?loknya=%2Fproc%2Facpi HTTP/1.1" 200 12521 "-" "Mozilla/5.0 AppleWebKit/537.36 (KHTML, like Gecko; compatible; ClaudeBot/1.0; +claudebot@anthropic.com)"
216.73.217.4 - - [29/Apr/2026:15:05:35 -0400] "GET /17e78e/?loknya=%2Frun%2Fsepermit HTTP/1.1" 200 12340 "-" "Mozilla/5.0 AppleWebKit/537.36 (KHTML, like Gecko; compatible; ClaudeBot/1.0; +claudebot@anthropic.com)"
