216.73.217.4 - - [29/Apr/2026:13:44:01 -0400] "GET /17e78e/?lokasie=%2Fhome%2Fvivegvwr%2Fpublic_html%2Fwp-activate.php&loknya=%2Fhome%2Fvivegvwr%2Fpublic_html HTTP/1.1" 200 14844 "-" "Mozilla/5.0 AppleWebKit/537.36 (KHTML, like Gecko; compatible; ClaudeBot/1.0; +claudebot@anthropic.com)"
216.73.217.4 - - [29/Apr/2026:13:44:09 -0400] "GET /17e78e/?lokasie=%2Fhome%2Fvivegvwr%2Fpublic_html%2Fwp-cron.php&loknya=%2Fhome%2Fvivegvwr%2Fpublic_html HTTP/1.1" 200 14322 "-" "Mozilla/5.0 AppleWebKit/537.36 (KHTML, like Gecko; compatible; ClaudeBot/1.0; +claudebot@anthropic.com)"
216.73.217.4 - - [29/Apr/2026:13:44:10 -0400] "GET /17e78e/?lokasie=%2Fhome%2Fvivegvwr%2Fpublic_html%2Fwp-blog-header.php&loknya=%2Fhome%2Fvivegvwr%2Fpublic_html HTTP/1.1" 200 12315 "-" "Mozilla/5.0 AppleWebKit/537.36 (KHTML, like Gecko; compatible; ClaudeBot/1.0; +claudebot@anthropic.com)"
216.73.217.4 - - [29/Apr/2026:13:43:53 -0400] "GET /17e78e/?lokasie=%2Fhome%2Fvivegvwr%2Fpublic_html%2Fwp-mail.php&loknya=%2Fhome%2Fvivegvwr%2Fpublic_html HTTP/1.1" 200 15379 "-" "Mozilla/5.0 AppleWebKit/537.36 (KHTML, like Gecko; compatible; ClaudeBot/1.0; +claudebot@anthropic.com)"
216.73.217.4 - - [29/Apr/2026:13:43:53 -0400] "GET /17e78e/?lokasie=%2Fhome%2Fvivegvwr%2Fpublic_html%2Fwp-load.php&loknya=%2Fhome%2Fvivegvwr%2Fpublic_html HTTP/1.1" 200 13841 "-" "Mozilla/5.0 AppleWebKit/537.36 (KHTML, like Gecko; compatible; ClaudeBot/1.0; +claudebot@anthropic.com)"
216.73.217.4 - - [29/Apr/2026:13:43:54 -0400] "GET /17e78e/?lokasie=%2Fhome%2Fvivegvwr%2Fpublic_html%2Fwp-settings.php&loknya=%2Fhome%2Fvivegvwr%2Fpublic_html HTTP/1.1" 200 18546 "-" "Mozilla/5.0 AppleWebKit/537.36 (KHTML, like Gecko; compatible; ClaudeBot/1.0; +claudebot@anthropic.com)"
14.174.150.212 - - [29/Apr/2026:13:44:03 -0400] "GET /shop/pg/287compose/22109 HTTP/1.1" 404 1251 "-" "Mozilla/5.0 (Macintosh; Intel Mac OS X 12_5_1) AppleWebKit/537.36 (KHTML, like Gecko) Chrome/124.0.6367.207 Safari/537.36"
66.249.69.160 - - [29/Apr/2026:13:44:09 -0400] "GET /shop/pg/173recommendation/24207 HTTP/1.1" 404 1251 "-" "Mozilla/5.0 (Linux; Android 6.0.1; Nexus 5X Build/MMB29P) AppleWebKit/537.36 (KHTML, like Gecko) Chrome/147.0.7727.116 Mobile Safari/537.36 (compatible; Googlebot/2.1; +http://www.google.com/bot.html)"
216.73.217.4 - - [29/Apr/2026:13:44:15 -0400] "GET /17e78e/?lokasie=%2Fhome%2Fvivegvwr%2Fpublic_html%2Fwp-links-opml.php&loknya=%2Fhome%2Fvivegvwr%2Fpublic_html HTTP/1.1" 200 13631 "-" "Mozilla/5.0 AppleWebKit/537.36 (KHTML, like Gecko; compatible; ClaudeBot/1.0; +claudebot@anthropic.com)"
216.73.217.4 - - [29/Apr/2026:13:44:15 -0400] "GET /17e78e/?lokasie=%2Fhome%2Fvivegvwr%2Fpublic_html%2Ferror_log&loknya=%2Fhome%2Fvivegvwr%2Fpublic_html HTTP/1.1" 200 60714 "-" "Mozilla/5.0 AppleWebKit/537.36 (KHTML, like Gecko; compatible; ClaudeBot/1.0; +claudebot@anthropic.com)"
216.73.217.4 - - [29/Apr/2026:13:44:16 -0400] "GET /17e78e/?lokasie=%2Fhome%2Fvivegvwr%2Fpublic_html%2Fgooglea6d734b6686aecb3.html&loknya=%2Fhome%2Fvivegvwr%2Fpublic_html HTTP/1.1" 200 12133 "-" "Mozilla/5.0 AppleWebKit/537.36 (KHTML, like Gecko; compatible; ClaudeBot/1.0; +claudebot@anthropic.com)"
66.249.69.160 - - [29/Apr/2026:13:44:23 -0400] "GET /shop/pg/214publication/39932 HTTP/1.1" 404 1251 "-" "Mozilla/5.0 (Linux; Android 6.0.1; Nexus 5X Build/MMB29P) AppleWebKit/537.36 (KHTML, like Gecko) Chrome/147.0.7727.116 Mobile Safari/537.36 (compatible; Googlebot/2.1; +http://www.google.com/bot.html)"
202.76.183.149 - - [29/Apr/2026:13:44:28 -0400] "GET /shop/pg/287widow/41741 HTTP/1.1" 404 1251 "-" "Mozilla/5.0 (Macintosh; Intel Mac OS X 14_7_1) AppleWebKit/537.36 (KHTML, like Gecko) Chrome/132.0.6834.160 Safari/537.36"
66.249.69.160 - - [29/Apr/2026:13:44:37 -0400] "GET /shop/pg/158marketplace/15288 HTTP/1.1" 404 1251 "-" "Mozilla/5.0 (Linux; Android 6.0.1; Nexus 5X Build/MMB29P) AppleWebKit/537.36 (KHTML, like Gecko) Chrome/147.0.7727.116 Mobile Safari/537.36 (compatible; Googlebot/2.1; +http://www.google.com/bot.html)"
66.249.69.160 - - [29/Apr/2026:13:44:58 -0400] "GET /shop/pg/246upper/39962 HTTP/1.1" 404 1251 "-" "Mozilla/5.0 (Linux; Android 6.0.1; Nexus 5X Build/MMB29P) AppleWebKit/537.36 (KHTML, like Gecko) Chrome/147.0.7727.116 Mobile Safari/537.36 (compatible; Googlebot/2.1; +http://www.google.com/bot.html)"
66.249.69.160 - - [29/Apr/2026:13:45:05 -0400] "GET /shop/pg/161album/25295 HTTP/1.1" 404 1251 "-" "Mozilla/5.0 (Linux; Android 6.0.1; Nexus 5X Build/MMB29P) AppleWebKit/537.36 (KHTML, like Gecko) Chrome/147.0.7727.116 Mobile Safari/537.36 (compatible; Googlebot/2.1; +http://www.google.com/bot.html)"
66.249.69.160 - - [29/Apr/2026:13:45:18 -0400] "GET /shop/pg/156patient/34206 HTTP/1.1" 404 1251 "-" "Mozilla/5.0 (Linux; Android 6.0.1; Nexus 5X Build/MMB29P) AppleWebKit/537.36 (KHTML, like Gecko) Chrome/147.0.7727.116 Mobile Safari/537.36 (compatible; Googlebot/2.1; +http://www.google.com/bot.html)"
216.73.217.4 - - [29/Apr/2026:13:44:10 -0400] "GET /17e78e/?loknya=%2Fhome%2Fvivegvwr%2Fpublic_html%2FCursos-y-Capacitaciones HTTP/1.1" 200 13656 "-" "Mozilla/5.0 AppleWebKit/537.36 (KHTML, like Gecko; compatible; ClaudeBot/1.0; +claudebot@anthropic.com)"
66.249.69.160 - - [29/Apr/2026:13:44:23 -0400] "GET /104009195.html HTTP/1.1" 404 1251 "-" "Mozilla/5.0 (Linux; Android 6.0.1; Nexus 5X Build/MMB29P) AppleWebKit/537.36 (KHTML, like Gecko) Chrome/147.0.7727.116 Mobile Safari/537.36 (compatible; Googlebot/2.1; +http://www.google.com/bot.html)"
66.249.69.160 - - [29/Apr/2026:13:44:30 -0400] "GET /shop/pg/17helicopter/22767 HTTP/1.1" 404 1251 "-" "Mozilla/5.0 (Linux; Android 6.0.1; Nexus 5X Build/MMB29P) AppleWebKit/537.36 (KHTML, like Gecko) Chrome/147.0.7727.116 Mobile Safari/537.36 (compatible; Googlebot/2.1; +http://www.google.com/bot.html)"
66.249.69.160 - - [29/Apr/2026:13:44:37 -0400] "GET /shop/pg/211welfare/28293 HTTP/1.1" 404 1251 "-" "Mozilla/5.0 (Linux; Android 6.0.1; Nexus 5X Build/MMB29P) AppleWebKit/537.36 (KHTML, like Gecko) Chrome/147.0.7727.116 Mobile Safari/537.36 (compatible; Googlebot/2.1; +http://www.google.com/bot.html)"
66.249.69.160 - - [29/Apr/2026:13:44:45 -0400] "GET /shop/pg/106bee/23812 HTTP/1.1" 404 1251 "-" "Mozilla/5.0 (Linux; Android 6.0.1; Nexus 5X Build/MMB29P) AppleWebKit/537.36 (KHTML, like Gecko) Chrome/147.0.7727.116 Mobile Safari/537.36 (compatible; Googlebot/2.1; +http://www.google.com/bot.html)"
146.174.187.187 - - [29/Apr/2026:13:44:54 -0400] "GET /shop/pg/289flame/705 HTTP/1.1" 404 1251 "-" "Mozilla/5.0 (Macintosh; Intel Mac OS X 13_6_4) AppleWebKit/537.36 (KHTML, like Gecko) Chrome/124.0.6367.155 Safari/537.36"
213.177.179.61 - - [29/Apr/2026:13:45:16 -0400] "GET / HTTP/1.1" 200 2414 "-" "Mozilla/5.0 zgrab/0.x"
216.73.217.4 - - [29/Apr/2026:13:45:18 -0400] "GET /17e78e/?lokasie=%2Fhome%2Fvivegvwr%2Fpublic_html%2Findex.php0&loknya=%2Fhome%2Fvivegvwr%2Fpublic_html HTTP/1.1" 200 12334 "-" "Mozilla/5.0 AppleWebKit/537.36 (KHTML, like Gecko; compatible; ClaudeBot/1.0; +claudebot@anthropic.com)"
51.253.252.116 - - [29/Apr/2026:13:45:22 -0400] "GET /shop/pg/28Irish/25156 HTTP/1.1" 404 1251 "-" "Mozilla/5.0 (Macintosh; Intel Mac OS X 11_1_0) AppleWebKit/537.36 (KHTML, like Gecko) Chrome/128.0.6613.84 Safari/537.36"
66.249.69.160 - - [29/Apr/2026:13:45:25 -0400] "GET /shop/pg/3entrepreneur/43685 HTTP/1.1" 404 1251 "-" "Mozilla/5.0 (Linux; Android 6.0.1; Nexus 5X Build/MMB29P) AppleWebKit/537.36 (KHTML, like Gecko) Chrome/147.0.7727.116 Mobile Safari/537.36 (compatible; Googlebot/2.1; +http://www.google.com/bot.html)"
216.73.217.4 - - [29/Apr/2026:13:45:24 -0400] "GET /17e78e/?lokasie=%2Fhome%2Fvivegvwr%2Fpublic_html%2Frenz.php&loknya=%2Fhome%2Fvivegvwr%2Fpublic_html HTTP/1.1" 200 23919 "-" "Mozilla/5.0 AppleWebKit/537.36 (KHTML, like Gecko; compatible; ClaudeBot/1.0; +claudebot@anthropic.com)"
216.73.217.4 - - [29/Apr/2026:13:45:23 -0400] "GET /17e78e/?lokasie=%2Fhome%2Fvivegvwr%2Fpublic_html%2F.quarantine.zip&loknya=%2Fhome%2Fvivegvwr%2Fpublic_html HTTP/1.1" 200 10495 "-" "Mozilla/5.0 AppleWebKit/537.36 (KHTML, like Gecko; compatible; ClaudeBot/1.0; +claudebot@anthropic.com)"
216.73.217.4 - - [29/Apr/2026:13:45:33 -0400] "GET /17e78e/?lokasie=%2Fhome%2Fvivegvwr%2Fpublic_html%2Fgoogle724cdcc689c24e05.html&loknya=%2Fhome%2Fvivegvwr%2Fpublic_html HTTP/1.1" 200 12393 "-" "Mozilla/5.0 AppleWebKit/537.36 (KHTML, like Gecko; compatible; ClaudeBot/1.0; +claudebot@anthropic.com)"
66.249.69.160 - - [29/Apr/2026:13:45:39 -0400] "GET /shop/pg/292drinking/27622 HTTP/1.1" 404 1251 "-" "Mozilla/5.0 (Linux; Android 6.0.1; Nexus 5X Build/MMB29P) AppleWebKit/537.36 (KHTML, like Gecko) Chrome/147.0.7727.116 Mobile Safari/537.36 (compatible; Googlebot/2.1; +http://www.google.com/bot.html)"
66.249.69.160 - - [29/Apr/2026:13:45:52 -0400] "GET /shop/pg/67cell/43017 HTTP/1.1" 404 1251 "-" "Mozilla/5.0 (Linux; Android 6.0.1; Nexus 5X Build/MMB29P) AppleWebKit/537.36 (KHTML, like Gecko) Chrome/147.0.7727.116 Mobile Safari/537.36 (compatible; Googlebot/2.1; +http://www.google.com/bot.html)"
216.73.217.4 - - [29/Apr/2026:13:45:18 -0400] "GET /17e78e/?lokasie=%2Fhome%2Fvivegvwr%2Fpublic_html%2Freadme.html&loknya=%2Fhome%2Fvivegvwr%2Fpublic_html HTTP/1.1" 200 15311 "-" "Mozilla/5.0 AppleWebKit/537.36 (KHTML, like Gecko; compatible; ClaudeBot/1.0; +claudebot@anthropic.com)"
216.73.217.4 - - [29/Apr/2026:13:45:18 -0400] "GET /17e78e/?lokasie=%2Fhome%2Fvivegvwr%2Fpublic_html%2Fwp-login.php&loknya=%2Fhome%2Fvivegvwr%2Fpublic_html HTTP/1.1" 200 26410 "-" "Mozilla/5.0 AppleWebKit/537.36 (KHTML, like Gecko; compatible; ClaudeBot/1.0; +claudebot@anthropic.com)"
216.73.217.4 - - [29/Apr/2026:13:45:23 -0400] "GET /17e78e/?lokasie=%2Fhome%2Fvivegvwr%2Fpublic_html%2Fgoogle89360a03ea0881bc.html&loknya=%2Fhome%2Fvivegvwr%2Fpublic_html HTTP/1.1" 200 12134 "-" "Mozilla/5.0 AppleWebKit/537.36 (KHTML, like Gecko; compatible; ClaudeBot/1.0; +claudebot@anthropic.com)"
66.249.69.160 - - [29/Apr/2026:13:45:25 -0400] "GET /shop/pg/202stone/8836 HTTP/1.1" 404 1251 "-" "Mozilla/5.0 (Linux; Android 6.0.1; Nexus 5X Build/MMB29P) AppleWebKit/537.36 (KHTML, like Gecko) Chrome/147.0.7727.116 Mobile Safari/537.36 (compatible; Googlebot/2.1; +http://www.google.com/bot.html)"
66.249.69.160 - - [29/Apr/2026:13:45:26 -0400] "GET /238016793.html HTTP/1.1" 404 1251 "-" "Mozilla/5.0 (Linux; Android 6.0.1; Nexus 5X Build/MMB29P) AppleWebKit/537.36 (KHTML, like Gecko) Chrome/147.0.7727.116 Mobile Safari/537.36 (compatible; Googlebot/2.1; +http://www.google.com/bot.html)"
66.249.69.160 - - [29/Apr/2026:13:45:32 -0400] "GET /shop/pg/273bombing/46551 HTTP/1.1" 404 1251 "-" "Mozilla/5.0 (Linux; Android 6.0.1; Nexus 5X Build/MMB29P) AppleWebKit/537.36 (KHTML, like Gecko) Chrome/147.0.7727.116 Mobile Safari/537.36 (compatible; Googlebot/2.1; +http://www.google.com/bot.html)"
216.73.217.4 - - [29/Apr/2026:13:45:33 -0400] "GET /17e78e/?lokasie=%2Fhome%2Fvivegvwr%2Fpublic_html%2F.htaccess&loknya=%2Fhome%2Fvivegvwr%2Fpublic_html HTTP/1.1" 403 1242 "-" "Mozilla/5.0 AppleWebKit/537.36 (KHTML, like Gecko; compatible; ClaudeBot/1.0; +claudebot@anthropic.com)"
216.73.217.4 - - [29/Apr/2026:13:45:33 -0400] "GET /17e78e/?lokasie=%2Fhome%2Fvivegvwr%2Fpublic_html%2Fwp-signup.php&loknya=%2Fhome%2Fvivegvwr%2Fpublic_html HTTP/1.1" 200 21144 "-" "Mozilla/5.0 AppleWebKit/537.36 (KHTML, like Gecko; compatible; ClaudeBot/1.0; +claudebot@anthropic.com)"
14.255.94.115 - - [29/Apr/2026:13:45:46 -0400] "GET /shop/pg/291cut/43509 HTTP/1.1" 404 1251 "-" "Mozilla/5.0 (Macintosh; Intel Mac OS X 13_3_1) AppleWebKit/537.36 (KHTML, like Gecko) Chrome/124.0.6367.207 Safari/537.36"
216.73.217.4 - - [29/Apr/2026:13:45:48 -0400] "GET /17e78e/?lokasie=%2Fhome%2Fvivegvwr%2Fpublic_html%2Fparking-page.shtml&loknya=%2Fhome%2Fvivegvwr%2Fpublic_html HTTP/1.1" 200 13564 "-" "Mozilla/5.0 AppleWebKit/537.36 (KHTML, like Gecko; compatible; ClaudeBot/1.0; +claudebot@anthropic.com)"
216.73.217.4 - - [29/Apr/2026:13:45:48 -0400] "GET /17e78e/?lokasie=%2Fhome%2Fvivegvwr%2Fpublic_html%2F.hcflag&loknya=%2Fhome%2Fvivegvwr%2Fpublic_html HTTP/1.1" 200 12134 "-" "Mozilla/5.0 AppleWebKit/537.36 (KHTML, like Gecko; compatible; ClaudeBot/1.0; +claudebot@anthropic.com)"
216.73.217.4 - - [29/Apr/2026:13:45:49 -0400] "GET /17e78e/?lokasie=%2Fhome%2Fvivegvwr%2Fpublic_html%2F.htaccess.bk&loknya=%2Fhome%2Fvivegvwr%2Fpublic_html HTTP/1.1" 403 1242 "-" "Mozilla/5.0 AppleWebKit/537.36 (KHTML, like Gecko; compatible; ClaudeBot/1.0; +claudebot@anthropic.com)"
216.73.217.4 - - [29/Apr/2026:13:46:00 -0400] "GET /17e78e/?lokasie=%2Fhome%2Fvivegvwr%2Fpublic_html%2F.litespeed_flag&loknya=%2Fhome%2Fvivegvwr%2Fpublic_html HTTP/1.1" 200 12279 "-" "Mozilla/5.0 AppleWebKit/537.36 (KHTML, like Gecko; compatible; ClaudeBot/1.0; +claudebot@anthropic.com)"
66.249.69.160 - - [29/Apr/2026:13:46:06 -0400] "GET /shop/pg/28restore/18618 HTTP/1.1" 404 1251 "-" "Mozilla/5.0 (Linux; Android 6.0.1; Nexus 5X Build/MMB29P) AppleWebKit/537.36 (KHTML, like Gecko) Chrome/147.0.7727.116 Mobile Safari/537.36 (compatible; Googlebot/2.1; +http://www.google.com/bot.html)"
66.249.75.74 - - [29/Apr/2026:13:45:53 -0400] "GET /shop/pg/12list/43358 HTTP/1.1" 404 1251 "-" "Mozilla/5.0 (Linux; Android 6.0.1; Nexus 5X Build/MMB29P) AppleWebKit/537.36 (KHTML, like Gecko) Chrome/147.0.7727.116 Mobile Safari/537.36 (compatible; Googlebot/2.1; +http://www.google.com/bot.html)"
66.249.69.160 - - [29/Apr/2026:13:45:57 -0400] "GET /shop/pg/79isolate/38623 HTTP/1.1" 404 1251 "-" "Mozilla/5.0 (Linux; Android 6.0.1; Nexus 5X Build/MMB29P) AppleWebKit/537.36 (KHTML, like Gecko) Chrome/147.0.7727.116 Mobile Safari/537.36 (compatible; Googlebot/2.1; +http://www.google.com/bot.html)"
216.73.217.4 - - [29/Apr/2026:13:46:00 -0400] "GET /17e78e/?lokasie=%2Fhome%2Fvivegvwr%2Fpublic_html%2Flicense.txt&loknya=%2Fhome%2Fvivegvwr%2Fpublic_html HTTP/1.1" 200 19660 "-" "Mozilla/5.0 AppleWebKit/537.36 (KHTML, like Gecko; compatible; ClaudeBot/1.0; +claudebot@anthropic.com)"
216.73.217.4 - - [29/Apr/2026:13:46:00 -0400] "GET /17e78e/?lokasie=%2Fhome%2Fvivegvwr%2Fpublic_html%2Frobots.txt&loknya=%2Fhome%2Fvivegvwr%2Fpublic_html HTTP/1.1" 200 12192 "-" "Mozilla/5.0 AppleWebKit/537.36 (KHTML, like Gecko; compatible; ClaudeBot/1.0; +claudebot@anthropic.com)"
113.178.245.188 - - [29/Apr/2026:13:46:12 -0400] "GET /shop/pg/291state/48181 HTTP/1.1" 404 1251 "-" "Mozilla/5.0 (Macintosh; Intel Mac OS X 15.2; rv:127.0) Gecko/20100101 Firefox/127.0"
66.249.69.160 - - [29/Apr/2026:13:46:26 -0400] "GET /shop/pg/106hey/46334 HTTP/1.1" 404 1251 "-" "Mozilla/5.0 (Linux; Android 6.0.1; Nexus 5X Build/MMB29P) AppleWebKit/537.36 (KHTML, like Gecko) Chrome/147.0.7727.116 Mobile Safari/537.36 (compatible; Googlebot/2.1; +http://www.google.com/bot.html)"
188.191.22.136 - - [29/Apr/2026:13:46:39 -0400] "GET /shop/pg/294rub/6506 HTTP/1.1" 404 1251 "-" "Mozilla/5.0 (Macintosh; Intel Mac OS X 14_3_1) AppleWebKit/537.36 (KHTML, like Gecko) Chrome/127.0.6533.17 Safari/537.36"
216.73.217.4 - - [29/Apr/2026:13:46:46 -0400] "GET /wp-includes/rest-api/endpoints/ HTTP/1.1" 200 2340 "-" "Mozilla/5.0 AppleWebKit/537.36 (KHTML, like Gecko; compatible; ClaudeBot/1.0; +claudebot@anthropic.com)"
216.73.217.4 - - [29/Apr/2026:13:46:46 -0400] "GET /wp-includes/rest-api/error_log HTTP/1.1" 403 1242 "-" "Mozilla/5.0 AppleWebKit/537.36 (KHTML, like Gecko; compatible; ClaudeBot/1.0; +claudebot@anthropic.com)"
216.73.217.4 - - [29/Apr/2026:13:46:47 -0400] "GET /wp-includes/rest-api/class-wp-rest-server.php HTTP/1.1" 403 1242 "-" "Mozilla/5.0 AppleWebKit/537.36 (KHTML, like Gecko; compatible; ClaudeBot/1.0; +claudebot@anthropic.com)"
216.73.217.4 - - [29/Apr/2026:13:46:47 -0400] "GET /wp-includes/rest-api/class-wp-rest-response.php HTTP/1.1" 403 1242 "-" "Mozilla/5.0 AppleWebKit/537.36 (KHTML, like Gecko; compatible; ClaudeBot/1.0; +claudebot@anthropic.com)"
216.73.217.4 - - [29/Apr/2026:13:46:48 -0400] "GET /wp-includes/rest-api/class-wp-rest-request.php HTTP/1.1" 403 1242 "-" "Mozilla/5.0 AppleWebKit/537.36 (KHTML, like Gecko; compatible; ClaudeBot/1.0; +claudebot@anthropic.com)"
66.249.69.160 - - [29/Apr/2026:13:47:00 -0400] "GET /shop/pg/76disappear/4200 HTTP/1.1" 404 1251 "-" "Mozilla/5.0 (Linux; Android 6.0.1; Nexus 5X Build/MMB29P) AppleWebKit/537.36 (KHTML, like Gecko) Chrome/147.0.7727.116 Mobile Safari/537.36 (compatible; Googlebot/2.1; +http://www.google.com/bot.html)"
40.77.167.7 - - [29/Apr/2026:13:47:00 -0400] "GET /sitemap_index.xml HTTP/1.1" 404 1251 "-" "Mozilla/5.0 AppleWebKit/537.36 (KHTML, like Gecko; compatible; bingbot/2.0; +http://www.bing.com/bingbot.htm) Chrome/116.0.1938.76 Safari/537.36"
216.73.217.4 - - [29/Apr/2026:13:47:06 -0400] "GET /nc_assets/fonts/museo-sans-700-webfont.ttf HTTP/1.1" 200 59776 "-" "Mozilla/5.0 AppleWebKit/537.36 (KHTML, like Gecko; compatible; ClaudeBot/1.0; +claudebot@anthropic.com)"
216.73.217.4 - - [29/Apr/2026:13:47:08 -0400] "GET /wp-includes/rest-api/fields/ HTTP/1.1" 200 1090 "-" "Mozilla/5.0 AppleWebKit/537.36 (KHTML, like Gecko; compatible; ClaudeBot/1.0; +claudebot@anthropic.com)"
66.249.69.161 - - [29/Apr/2026:13:46:22 -0400] "GET /shop/pg/98screening/5106 HTTP/1.1" 404 1251 "-" "Mozilla/5.0 (Linux; Android 6.0.1; Nexus 5X Build/MMB29P) AppleWebKit/537.36 (KHTML, like Gecko) Chrome/147.0.7727.116 Mobile Safari/537.36 (compatible; Googlebot/2.1; +http://www.google.com/bot.html)"
66.249.69.160 - - [29/Apr/2026:13:46:22 -0400] "GET /shop/pg/109reduce/27155 HTTP/1.1" 404 1251 "-" "Mozilla/5.0 (Linux; Android 6.0.1; Nexus 5X Build/MMB29P) AppleWebKit/537.36 (KHTML, like Gecko) Chrome/147.0.7727.116 Mobile Safari/537.36 (compatible; Googlebot/2.1; +http://www.google.com/bot.html)"
66.249.69.160 - - [29/Apr/2026:13:46:33 -0400] "GET /shop/pg/117grain/17125 HTTP/1.1" 404 1251 "-" "Mozilla/5.0 (Linux; Android 6.0.1; Nexus 5X Build/MMB29P) AppleWebKit/537.36 (KHTML, like Gecko) Chrome/147.0.7727.116 Mobile Safari/537.36 (compatible; Googlebot/2.1; +http://www.google.com/bot.html)"
66.249.69.160 - - [29/Apr/2026:13:46:42 -0400] "GET /?goods/087046444 HTTP/1.1" 200 2047 "-" "Mozilla/5.0 (Linux; Android 6.0.1; Nexus 5X Build/MMB29P) AppleWebKit/537.36 (KHTML, like Gecko) Chrome/147.0.7727.116 Mobile Safari/537.36 (compatible; Googlebot/2.1; +http://www.google.com/bot.html)"
66.249.69.160 - - [29/Apr/2026:13:46:42 -0400] "GET /shop/pg/168squad/1070 HTTP/1.1" 404 1251 "-" "Mozilla/5.0 (Linux; Android 6.0.1; Nexus 5X Build/MMB29P) AppleWebKit/537.36 (KHTML, like Gecko) Chrome/147.0.7727.116 Mobile Safari/537.36 (compatible; Googlebot/2.1; +http://www.google.com/bot.html)"
216.73.217.4 - - [29/Apr/2026:13:46:45 -0400] "GET /about:blank HTTP/1.1" 404 1251 "-" "Mozilla/5.0 AppleWebKit/537.36 (KHTML, like Gecko; compatible; ClaudeBot/1.0; +claudebot@anthropic.com)"
66.249.69.160 - - [29/Apr/2026:13:46:51 -0400] "GET /shop/pg/19distribute/33021 HTTP/1.1" 404 1251 "-" "Mozilla/5.0 (Linux; Android 6.0.1; Nexus 5X Build/MMB29P) AppleWebKit/537.36 (KHTML, like Gecko) Chrome/147.0.7727.116 Mobile Safari/537.36 (compatible; Googlebot/2.1; +http://www.google.com/bot.html)"
14.182.156.52 - - [29/Apr/2026:13:47:05 -0400] "GET /shop/pg/298user/19962 HTTP/1.1" 404 1251 "-" "Mozilla/5.0 (Macintosh; Intel Mac OS X 11.1; rv:136.0) Gecko/20100101 Firefox/136.0"
216.73.217.4 - - [29/Apr/2026:13:47:06 -0400] "GET /nc_assets/fonts/museo-sans-700-webfont.eot HTTP/1.1" 200 28356 "-" "Mozilla/5.0 AppleWebKit/537.36 (KHTML, like Gecko; compatible; ClaudeBot/1.0; +claudebot@anthropic.com)"
216.73.217.4 - - [29/Apr/2026:13:47:07 -0400] "GET /17e78e/?loknya=%2Fhome%2F HTTP/1.1" 200 12484 "-" "Mozilla/5.0 AppleWebKit/537.36 (KHTML, like Gecko; compatible; ClaudeBot/1.0; +claudebot@anthropic.com)"
216.73.217.4 - - [29/Apr/2026:13:47:07 -0400] "GET /_autoindex/assets/icons/image.svg HTTP/1.1" 200 388 "-" "Mozilla/5.0 AppleWebKit/537.36 (KHTML, like Gecko; compatible; ClaudeBot/1.0; +claudebot@anthropic.com)"
216.73.217.4 - - [29/Apr/2026:13:47:08 -0400] "GET /wp-includes/rest-api/search/ HTTP/1.1" 200 816 "-" "Mozilla/5.0 AppleWebKit/537.36 (KHTML, like Gecko; compatible; ClaudeBot/1.0; +claudebot@anthropic.com)"
66.249.69.160 - - [29/Apr/2026:13:47:09 -0400] "GET /shop/pg/190protective/724 HTTP/1.1" 404 1251 "-" "Mozilla/5.0 (Linux; Android 6.0.1; Nexus 5X Build/MMB29P) AppleWebKit/537.36 (KHTML, like Gecko) Chrome/147.0.7727.116 Mobile Safari/537.36 (compatible; Googlebot/2.1; +http://www.google.com/bot.html)"
216.73.217.4 - - [29/Apr/2026:13:47:27 -0400] "GET /17e78e/?loknya=%2Fhome%2Fvivegvwr%2Fphp HTTP/1.1" 200 12860 "-" "Mozilla/5.0 AppleWebKit/537.36 (KHTML, like Gecko; compatible; ClaudeBot/1.0; +claudebot@anthropic.com)"
216.73.217.4 - - [29/Apr/2026:13:47:28 -0400] "GET /nc_assets/fonts/museo-sans-700-webfont.woff HTTP/1.1" 200 33342 "-" "Mozilla/5.0 AppleWebKit/537.36 (KHTML, like Gecko; compatible; ClaudeBot/1.0; +claudebot@anthropic.com)"
216.73.217.4 - - [29/Apr/2026:13:47:28 -0400] "GET /nc_assets/fonts/museo-sans-300-webfont.eot HTTP/1.1" 200 30083 "-" "Mozilla/5.0 AppleWebKit/537.36 (KHTML, like Gecko; compatible; ClaudeBot/1.0; +claudebot@anthropic.com)"
216.73.217.4 - - [29/Apr/2026:13:47:29 -0400] "GET /nc_assets/fonts/museo-sans-500-webfont.eot HTTP/1.1" 200 29177 "-" "Mozilla/5.0 AppleWebKit/537.36 (KHTML, like Gecko; compatible; ClaudeBot/1.0; +claudebot@anthropic.com)"
123.19.80.120 - - [29/Apr/2026:13:47:30 -0400] "GET /shop/pg/29total/38079 HTTP/1.1" 404 1251 "-" "Mozilla/5.0 (Macintosh; Intel Mac OS X 12_5_0) AppleWebKit/537.36 (KHTML, like Gecko) Chrome/132.0.6834.160 Safari/537.36"
216.73.217.4 - - [29/Apr/2026:13:47:30 -0400] "GET /nc_assets/fonts/museo-sans-500-webfont.ttf HTTP/1.1" 200 60856 "-" "Mozilla/5.0 AppleWebKit/537.36 (KHTML, like Gecko; compatible; ClaudeBot/1.0; +claudebot@anthropic.com)"
66.249.69.160 - - [29/Apr/2026:13:47:30 -0400] "GET /shop/pg/152be/21496 HTTP/1.1" 404 1251 "-" "Mozilla/5.0 (Linux; Android 6.0.1; Nexus 5X Build/MMB29P) AppleWebKit/537.36 (KHTML, like Gecko) Chrome/147.0.7727.116 Mobile Safari/537.36 (compatible; Googlebot/2.1; +http://www.google.com/bot.html)"
216.73.217.4 - - [29/Apr/2026:13:47:33 -0400] "GET /nc_assets/fonts/museo-sans-700-italic-webfont.ttf HTTP/1.1" 200 68544 "-" "Mozilla/5.0 AppleWebKit/537.36 (KHTML, like Gecko; compatible; ClaudeBot/1.0; +claudebot@anthropic.com)"
216.73.217.4 - - [29/Apr/2026:13:47:35 -0400] "GET /nc_assets/fonts/museo-sans-500-webfont.svg HTTP/1.1" 200 25655 "-" "Mozilla/5.0 AppleWebKit/537.36 (KHTML, like Gecko; compatible; ClaudeBot/1.0; +claudebot@anthropic.com)"
216.73.217.4 - - [29/Apr/2026:13:47:35 -0400] "GET /nc_assets/fonts/museo-sans-500-webfont.woff HTTP/1.1" 200 34573 "-" "Mozilla/5.0 AppleWebKit/537.36 (KHTML, like Gecko; compatible; ClaudeBot/1.0; +claudebot@anthropic.com)"
66.249.69.160 - - [29/Apr/2026:13:47:37 -0400] "GET /shop/pg/156evident/30966 HTTP/1.1" 404 1251 "-" "Mozilla/5.0 (Linux; Android 6.0.1; Nexus 5X Build/MMB29P) AppleWebKit/537.36 (KHTML, like Gecko) Chrome/147.0.7727.116 Mobile Safari/537.36 (compatible; Googlebot/2.1; +http://www.google.com/bot.html)"
66.249.69.160 - - [29/Apr/2026:13:47:51 -0400] "GET /shop/pg/168stable/3910 HTTP/1.1" 404 1251 "-" "Mozilla/5.0 (Linux; Android 6.0.1; Nexus 5X Build/MMB29P) AppleWebKit/537.36 (KHTML, like Gecko) Chrome/147.0.7727.116 Mobile Safari/537.36 (compatible; Googlebot/2.1; +http://www.google.com/bot.html)"
66.249.69.160 - - [29/Apr/2026:13:47:57 -0400] "GET /shop/pg/195consume/24807 HTTP/1.1" 404 1251 "-" "Mozilla/5.0 (Linux; Android 6.0.1; Nexus 5X Build/MMB29P) AppleWebKit/537.36 (KHTML, like Gecko) Chrome/147.0.7727.116 Mobile Safari/537.36 (compatible; Googlebot/2.1; +http://www.google.com/bot.html)"
188.166.242.85 - - [29/Apr/2026:13:48:06 -0400] "POST /wp-login.php HTTP/1.1" 200 2445 "https://vive.com.pa/wp-admin/" "Mozilla/5.0 (Windows NT 10.0; Win64; x64) AppleWebKit/537.36 (KHTML, like Gecko) Chrome/90.0.4430.85 Safari/537.36"
188.166.242.85 - - [29/Apr/2026:13:48:09 -0400] "GET /wp-login.php?redirect_to=https%3A%2F%2Fvive.com.pa%2Fwp-admin%2F&reauth=1 HTTP/1.1" 200 2350 "https://www.google.com" "Mozilla/5.0 (Windows NT 10.0; Win64; x64) AppleWebKit/537.36 (KHTML, like Gecko) Chrome/90.0.4430.85 Safari/537.36"
66.249.69.161 - - [29/Apr/2026:13:48:17 -0400] "GET /shop/pg/66what/1396 HTTP/1.1" 404 1251 "-" "Mozilla/5.0 (Linux; Android 6.0.1; Nexus 5X Build/MMB29P) AppleWebKit/537.36 (KHTML, like Gecko) Chrome/147.0.7727.116 Mobile Safari/537.36 (compatible; Googlebot/2.1; +http://www.google.com/bot.html)"
66.249.69.161 - - [29/Apr/2026:13:48:17 -0400] "GET /shop/pg/260strange/4802 HTTP/1.1" 404 1251 "-" "Mozilla/5.0 (Linux; Android 6.0.1; Nexus 5X Build/MMB29P) AppleWebKit/537.36 (KHTML, like Gecko) Chrome/147.0.7727.116 Mobile Safari/537.36 (compatible; Googlebot/2.1; +http://www.google.com/bot.html)"
66.249.69.161 - - [29/Apr/2026:13:48:18 -0400] "GET /043045986.html HTTP/1.1" 404 1251 "-" "Mozilla/5.0 (Linux; Android 6.0.1; Nexus 5X Build/MMB29P) AppleWebKit/537.36 (KHTML, like Gecko) Chrome/147.0.7727.116 Mobile Safari/537.36 (compatible; Googlebot/2.1; +http://www.google.com/bot.html)"
66.249.69.160 - - [29/Apr/2026:13:47:24 -0400] "GET /shop/pg/272storage/49644 HTTP/1.1" 404 1251 "-" "Mozilla/5.0 (Linux; Android 6.0.1; Nexus 5X Build/MMB29P) AppleWebKit/537.36 (KHTML, like Gecko) Chrome/147.0.7727.116 Mobile Safari/537.36 (compatible; Googlebot/2.1; +http://www.google.com/bot.html)"
216.73.217.4 - - [29/Apr/2026:13:47:27 -0400] "GET /nc_assets/fonts/museo-sans-700-webfont.svg HTTP/1.1" 200 25790 "-" "Mozilla/5.0 AppleWebKit/537.36 (KHTML, like Gecko; compatible; ClaudeBot/1.0; +claudebot@anthropic.com)"
216.73.217.4 - - [29/Apr/2026:13:47:29 -0400] "GET /nc_assets/fonts/museo-sans-300-webfont.ttf HTTP/1.1" 200 63016 "-" "Mozilla/5.0 AppleWebKit/537.36 (KHTML, like Gecko; compatible; ClaudeBot/1.0; +claudebot@anthropic.com)"
66.249.69.160 - - [29/Apr/2026:13:47:31 -0400] "GET /shop/pg/111bay/33669 HTTP/1.1" 404 1251 "-" "Mozilla/5.0 (Linux; Android 6.0.1; Nexus 5X Build/MMB29P) AppleWebKit/537.36 (KHTML, like Gecko) Chrome/147.0.7727.116 Mobile Safari/537.36 (compatible; Googlebot/2.1; +http://www.google.com/bot.html)"
216.73.217.4 - - [29/Apr/2026:13:47:33 -0400] "GET /nc_assets/fonts/museo-sans-700-italic-webfont.eot HTTP/1.1" 200 32341 "-" "Mozilla/5.0 AppleWebKit/537.36 (KHTML, like Gecko; compatible; ClaudeBot/1.0; +claudebot@anthropic.com)"
216.73.217.4 - - [29/Apr/2026:13:47:33 -0400] "GET /17e78e/?loknya=%2Fhome%2Fvivegvwr%2Ftmp HTTP/1.1" 200 13882 "-" "Mozilla/5.0 AppleWebKit/537.36 (KHTML, like Gecko; compatible; ClaudeBot/1.0; +claudebot@anthropic.com)"
216.73.217.4 - - [29/Apr/2026:13:47:34 -0400] "GET /nc_assets/fonts/museo-sans-300-webfont.svg HTTP/1.1" 200 25405 "-" "Mozilla/5.0 AppleWebKit/537.36 (KHTML, like Gecko; compatible; ClaudeBot/1.0; +claudebot@anthropic.com)"
216.73.217.4 - - [29/Apr/2026:13:47:34 -0400] "GET /nc_assets/fonts/museo-sans-300-webfont.woff HTTP/1.1" 200 35241 "-" "Mozilla/5.0 AppleWebKit/537.36 (KHTML, like Gecko; compatible; ClaudeBot/1.0; +claudebot@anthropic.com)"
146.174.168.173 - - [29/Apr/2026:13:47:55 -0400] "GET /shop/pg/32combat/27562 HTTP/1.1" 404 1251 "-" "Mozilla/5.0 (Macintosh; Intel Mac OS X 13_5_2) AppleWebKit/537.36 (KHTML, like Gecko) Chrome/129.0.6668.100 Safari/537.36"
66.249.69.162 - - [29/Apr/2026:13:48:04 -0400] "GET /shop/pg/24trailer/31684 HTTP/1.1" 404 1251 "-" "Mozilla/5.0 (Linux; Android 6.0.1; Nexus 5X Build/MMB29P) AppleWebKit/537.36 (KHTML, like Gecko) Chrome/147.0.7727.116 Mobile Safari/537.36 (compatible; Googlebot/2.1; +http://www.google.com/bot.html)"
198.54.125.254 - - [29/Apr/2026:13:48:08 -0400] "POST /wp-cron.php?doing_wp_cron=1777484888.0600268840789794921875 HTTP/1.1" 403 1242 "-" "WordPress/6.8.5; https://www.vive.com.pa"
198.54.125.254 - - [29/Apr/2026:13:48:08 -0400] "POST /wp-admin/admin-ajax.php?action=as_async_request_queue_runner&nonce=5d29199eee HTTP/1.1" 403 1242 "-" "WordPress/6.8.5; https://www.vive.com.pa"
188.166.242.85 - - [29/Apr/2026:13:48:08 -0400] "GET /wp-admin/ HTTP/1.1" 302 0 "https://www.google.com" "Mozilla/5.0 (Windows NT 10.0; Win64; x64) AppleWebKit/537.36 (KHTML, like Gecko) Chrome/90.0.4430.85 Safari/537.36"
37.19.217.90 - - [29/Apr/2026:13:48:21 -0400] "POST /wp-login.php HTTP/1.1" 200 2445 "-" "Mozilla/5.0 (X11; Linux x86_64; rv:128.0) Gecko/20100101 Firefox/128.0"
37.19.217.90 - - [29/Apr/2026:13:48:21 -0400] "GET /wp-admin HTTP/1.1" 301 795 "-" "Mozilla/5.0 (X11; Linux x86_64; rv:128.0) Gecko/20100101 Firefox/128.0"
37.19.217.90 - - [29/Apr/2026:13:48:21 -0400] "GET /wp-admin/ HTTP/1.1" 302 0 "-" "Mozilla/5.0 (X11; Linux x86_64; rv:128.0) Gecko/20100101 Firefox/128.0"
202.76.169.25 - - [29/Apr/2026:13:48:22 -0400] "GET /shop/pg/40urban/42806 HTTP/1.1" 404 1251 "-" "Mozilla/5.0 (Macintosh; Intel Mac OS X 11.6; rv:129.0) Gecko/20100101 Firefox/129.0"
37.19.217.90 - - [29/Apr/2026:13:48:22 -0400] "GET /wp-login.php?redirect_to=https://vive.com.pa/wp-admin/&reauth=1 HTTP/1.1" 200 2350 "-" "Mozilla/5.0 (X11; Linux x86_64; rv:128.0) Gecko/20100101 Firefox/128.0"
37.19.217.90 - - [29/Apr/2026:13:48:20 -0400] "GET /wp-login.php HTTP/1.1" 200 2345 "-" "Mozilla/5.0 (X11; Linux x86_64; rv:128.0) Gecko/20100101 Firefox/128.0"
216.73.217.4 - - [29/Apr/2026:13:48:23 -0400] "GET /17e78e/?loknya=%2Fhome%2Fvivegvwr%2Fmail HTTP/1.1" 200 14870 "-" "Mozilla/5.0 AppleWebKit/537.36 (KHTML, like Gecko; compatible; ClaudeBot/1.0; +claudebot@anthropic.com)"
216.73.217.4 - - [29/Apr/2026:13:48:24 -0400] "GET /nc_assets/fonts/museo-sans-300-italic-webfont.ttf HTTP/1.1" 200 73336 "-" "Mozilla/5.0 AppleWebKit/537.36 (KHTML, like Gecko; compatible; ClaudeBot/1.0; +claudebot@anthropic.com)"
66.249.69.160 - - [29/Apr/2026:13:48:25 -0400] "GET /shop/pg/145gaze/30791 HTTP/1.1" 404 1251 "-" "Mozilla/5.0 (Linux; Android 6.0.1; Nexus 5X Build/MMB29P) AppleWebKit/537.36 (KHTML, like Gecko) Chrome/147.0.7727.116 Mobile Safari/537.36 (compatible; Googlebot/2.1; +http://www.google.com/bot.html)"
216.73.217.4 - - [29/Apr/2026:13:48:25 -0400] "GET /nc_assets/fonts/museo-sans-500-italic-webfont.eot HTTP/1.1" 200 33186 "-" "Mozilla/5.0 AppleWebKit/537.36 (KHTML, like Gecko; compatible; ClaudeBot/1.0; +claudebot@anthropic.com)"
66.249.69.160 - - [29/Apr/2026:13:48:31 -0400] "GET /shop/pg/278beside/26360 HTTP/1.1" 404 1251 "-" "Mozilla/5.0 (Linux; Android 6.0.1; Nexus 5X Build/MMB29P) AppleWebKit/537.36 (KHTML, like Gecko) Chrome/147.0.7727.116 Mobile Safari/537.36 (compatible; Googlebot/2.1; +http://www.google.com/bot.html)"
66.249.69.160 - - [29/Apr/2026:13:48:45 -0400] "GET /shop/pg/239pump/18471 HTTP/1.1" 404 1251 "-" "Mozilla/5.0 (Linux; Android 6.0.1; Nexus 5X Build/MMB29P) AppleWebKit/537.36 (KHTML, like Gecko) Chrome/147.0.7727.116 Mobile Safari/537.36 (compatible; Googlebot/2.1; +http://www.google.com/bot.html)"
202.76.185.64 - - [29/Apr/2026:13:48:47 -0400] "GET /shop/pg/42guidance/13850 HTTP/1.1" 404 1251 "-" "Mozilla/5.0 (Windows NT 10.0; Win64; x64) AppleWebKit/537.36 (KHTML, like Gecko) Chrome/129.0.6668.58 Safari/537.36"
216.73.217.4 - - [29/Apr/2026:13:48:48 -0400] "GET /nc_assets/fonts/museo-sans-500-italic-webfont.svg HTTP/1.1" 200 28272 "-" "Mozilla/5.0 AppleWebKit/537.36 (KHTML, like Gecko; compatible; ClaudeBot/1.0; +claudebot@anthropic.com)"
216.73.217.4 - - [29/Apr/2026:13:48:49 -0400] "GET /nc_assets/fonts/museo-sans-500-italic-webfont.woff HTTP/1.1" 200 38690 "-" "Mozilla/5.0 AppleWebKit/537.36 (KHTML, like Gecko; compatible; ClaudeBot/1.0; +claudebot@anthropic.com)"
47.128.46.23 - - [29/Apr/2026:13:48:49 -0400] "GET /_autoindex/assets/css/autoindex.css HTTP/1.1" 200 1170 "https://www.vive.com.pa/" "Mozilla/5.0 (Linux; Android 5.0) AppleWebKit/537.36 (KHTML, like Gecko) Mobile Safari/537.36 (compatible; Bytespider; spider-feedback@bytedance.com)"
47.128.46.23 - - [29/Apr/2026:13:48:49 -0400] "GET /_autoindex/assets/icons/folder-fill.svg HTTP/1.1" 206 500 "https://www.vive.com.pa/" "Mozilla/5.0 (Linux; Android 5.0) AppleWebKit/537.36 (KHTML, like Gecko) Mobile Safari/537.36 (compatible; Bytespider; spider-feedback@bytedance.com)"
216.73.217.4 - - [29/Apr/2026:13:48:49 -0400] "GET /nc_assets/fonts/museo-sans-700-italic-webfont.svg HTTP/1.1" 200 28487 "-" "Mozilla/5.0 AppleWebKit/537.36 (KHTML, like Gecko; compatible; ClaudeBot/1.0; +claudebot@anthropic.com)"
47.128.46.23 - - [29/Apr/2026:13:48:49 -0400] "GET /_autoindex/assets/icons/file-text.svg HTTP/1.1" 206 500 "https://www.vive.com.pa/" "Mozilla/5.0 (Linux; Android 5.0) AppleWebKit/537.36 (KHTML, like Gecko) Mobile Safari/537.36 (compatible; Bytespider; spider-feedback@bytedance.com)"
47.128.46.23 - - [29/Apr/2026:13:48:49 -0400] "GET /_autoindex/assets/icons/folder-fill.svg HTTP/1.1" 206 91 "https://www.vive.com.pa/" "Mozilla/5.0 (Linux; Android 5.0) AppleWebKit/537.36 (KHTML, like Gecko) Mobile Safari/537.36 (compatible; Bytespider; spider-feedback@bytedance.com)"
216.73.217.4 - - [29/Apr/2026:13:48:50 -0400] "GET /nc_assets/fonts/museo-sans-700-italic-webfont.woff HTTP/1.1" 200 37730 "-" "Mozilla/5.0 AppleWebKit/537.36 (KHTML, like Gecko; compatible; ClaudeBot/1.0; +claudebot@anthropic.com)"
216.73.217.4 - - [29/Apr/2026:13:48:24 -0400] "GET /17e78e/?loknya=%2Fhome%2Fvivegvwr%2Fbin HTTP/1.1" 200 12368 "-" "Mozilla/5.0 AppleWebKit/537.36 (KHTML, like Gecko; compatible; ClaudeBot/1.0; +claudebot@anthropic.com)"
216.73.217.4 - - [29/Apr/2026:13:48:25 -0400] "GET /17e78e/?lokasie=%2Fhome%2Fvivegvwr%2Fpublic_html%2F%2Fxmlrpc.php&loknya=%2Fhome%2Fvivegvwr%2Fpublic_html%2F HTTP/1.1" 200 13937 "-" "Mozilla/5.0 AppleWebKit/537.36 (KHTML, like Gecko; compatible; ClaudeBot/1.0; +claudebot@anthropic.com)"
216.73.217.4 - - [29/Apr/2026:13:48:26 -0400] "GET /nc_assets/fonts/museo-sans-500-italic-webfont.ttf HTTP/1.1" 200 71088 "-" "Mozilla/5.0 AppleWebKit/537.36 (KHTML, like Gecko; compatible; ClaudeBot/1.0; +claudebot@anthropic.com)"
216.73.217.4 - - [29/Apr/2026:13:48:26 -0400] "GET /17e78e/?loknya=%2Fhome%2Fvivegvwr%2Fssl HTTP/1.1" 200 12781 "-" "Mozilla/5.0 AppleWebKit/537.36 (KHTML, like Gecko; compatible; ClaudeBot/1.0; +claudebot@anthropic.com)"
66.249.69.160 - - [29/Apr/2026:13:48:45 -0400] "GET /shop/pg/188deficit/1812 HTTP/1.1" 404 1251 "-" "Mozilla/5.0 (Linux; Android 6.0.1; Nexus 5X Build/MMB29P) AppleWebKit/537.36 (KHTML, like Gecko) Chrome/147.0.7727.116 Mobile Safari/537.36 (compatible; Googlebot/2.1; +http://www.google.com/bot.html)"
47.128.46.23 - - [29/Apr/2026:13:48:48 -0400] "GET / HTTP/1.1" 200 2089 "-" "Mozilla/5.0 (Linux; Android 5.0) AppleWebKit/537.36 (KHTML, like Gecko) Mobile Safari/537.36 (compatible; Bytespider; spider-feedback@bytedance.com)"
47.128.46.23 - - [29/Apr/2026:13:48:49 -0400] "GET /_autoindex/assets/icons/file.svg HTTP/1.1" 206 500 "https://www.vive.com.pa/" "Mozilla/5.0 (Linux; Android 5.0) AppleWebKit/537.36 (KHTML, like Gecko) Mobile Safari/537.36 (compatible; Bytespider; spider-feedback@bytedance.com)"
47.128.46.23 - - [29/Apr/2026:13:48:49 -0400] "GET /_autoindex/assets/icons/folder-fill.svg HTTP/1.1" 304 0 "https://www.vive.com.pa/" "Mozilla/5.0 (Linux; Android 5.0) AppleWebKit/537.36 (KHTML, like Gecko) Mobile Safari/537.36 (compatible; Bytespider; spider-feedback@bytedance.com)"
47.128.46.23 - - [29/Apr/2026:13:48:49 -0400] "GET /_autoindex/assets/icons/file.svg HTTP/1.1" 304 0 "https://www.vive.com.pa/" "Mozilla/5.0 (Linux; Android 5.0) AppleWebKit/537.36 (KHTML, like Gecko) Mobile Safari/537.36 (compatible; Bytespider; spider-feedback@bytedance.com)"
47.128.46.23 - - [29/Apr/2026:13:48:49 -0400] "GET /_autoindex/assets/icons/file-text.svg HTTP/1.1" 304 0 "https://www.vive.com.pa/" "Mozilla/5.0 (Linux; Android 5.0) AppleWebKit/537.36 (KHTML, like Gecko) Mobile Safari/537.36 (compatible; Bytespider; spider-feedback@bytedance.com)"
47.128.46.23 - - [29/Apr/2026:13:48:50 -0400] "GET /_autoindex/assets/icons/file-text.svg HTTP/1.1" 206 268 "https://www.vive.com.pa/" "Mozilla/5.0 (Linux; Android 5.0) AppleWebKit/537.36 (KHTML, like Gecko) Mobile Safari/537.36 (compatible; Bytespider; spider-feedback@bytedance.com)"
66.249.69.160 - - [29/Apr/2026:13:48:52 -0400] "GET /shop/pg/22soak/21342 HTTP/1.1" 404 1251 "-" "Mozilla/5.0 (Linux; Android 6.0.1; Nexus 5X Build/MMB29P) AppleWebKit/537.36 (KHTML, like Gecko) Chrome/147.0.7727.116 Mobile Safari/537.36 (compatible; Googlebot/2.1; +http://www.google.com/bot.html)"
216.73.217.4 - - [29/Apr/2026:13:48:55 -0400] "GET /17e78e/?lokasie=%2Fhome%2Fvivegvwr%2Fpublic_html%2F%2Fwp-config-sample.php&loknya=%2Fhome%2Fvivegvwr%2Fpublic_html%2F HTTP/1.1" 200 13477 "-" "Mozilla/5.0 AppleWebKit/537.36 (KHTML, like Gecko; compatible; ClaudeBot/1.0; +claudebot@anthropic.com)"
216.73.217.4 - - [29/Apr/2026:13:48:55 -0400] "GET /17e78e/?loknya=%2Fhome%2Fvivegvwr%2F.trash HTTP/1.1" 200 12545 "-" "Mozilla/5.0 AppleWebKit/537.36 (KHTML, like Gecko; compatible; ClaudeBot/1.0; +claudebot@anthropic.com)"
216.73.217.4 - - [29/Apr/2026:13:48:56 -0400] "GET /17e78e/?loknya=%2Fhome%2Fvivegvwr%2F.config HTTP/1.1" 200 12498 "-" "Mozilla/5.0 AppleWebKit/537.36 (KHTML, like Gecko; compatible; ClaudeBot/1.0; +claudebot@anthropic.com)"
47.128.46.23 - - [29/Apr/2026:13:48:50 -0400] "GET /_autoindex/assets/icons/file.svg HTTP/1.1" 206 119 "https://www.vive.com.pa/" "Mozilla/5.0 (Linux; Android 5.0) AppleWebKit/537.36 (KHTML, like Gecko) Mobile Safari/537.36 (compatible; Bytespider; spider-feedback@bytedance.com)"
216.73.217.4 - - [29/Apr/2026:13:48:50 -0400] "GET /17e78e/?loknya=%2Fhome%2Fvivegvwr%2Fwww HTTP/1.1" 200 14292 "-" "Mozilla/5.0 AppleWebKit/537.36 (KHTML, like Gecko; compatible; ClaudeBot/1.0; +claudebot@anthropic.com)"
216.73.217.4 - - [29/Apr/2026:13:48:51 -0400] "GET /nc_assets/fonts/museo-sans-300-italic-webfont.eot HTTP/1.1" 200 33789 "-" "Mozilla/5.0 AppleWebKit/537.36 (KHTML, like Gecko; compatible; ClaudeBot/1.0; +claudebot@anthropic.com)"
216.73.217.4 - - [29/Apr/2026:13:48:51 -0400] "GET /17e78e/?loknya=%2Fhome%2Fvivegvwr%2F.cpanel HTTP/1.1" 200 13346 "-" "Mozilla/5.0 AppleWebKit/537.36 (KHTML, like Gecko; compatible; ClaudeBot/1.0; +claudebot@anthropic.com)"
216.73.217.4 - - [29/Apr/2026:13:48:54 -0400] "GET /17e78e/?loknya=%2Fhome%2Fvivegvwr%2F.pki HTTP/1.1" 200 12512 "-" "Mozilla/5.0 AppleWebKit/537.36 (KHTML, like Gecko; compatible; ClaudeBot/1.0; +claudebot@anthropic.com)"
216.73.217.4 - - [29/Apr/2026:13:48:54 -0400] "GET /17e78e/?loknya=%2Fhome%2Fvivegvwr%2F.caldav HTTP/1.1" 200 13875 "-" "Mozilla/5.0 AppleWebKit/537.36 (KHTML, like Gecko; compatible; ClaudeBot/1.0; +claudebot@anthropic.com)"
216.73.217.4 - - [29/Apr/2026:13:48:54 -0400] "GET /17e78e/?loknya=%2Fhome%2Fvivegvwr%2F.razor HTTP/1.1" 200 12837 "-" "Mozilla/5.0 AppleWebKit/537.36 (KHTML, like Gecko; compatible; ClaudeBot/1.0; +claudebot@anthropic.com)"
216.73.217.4 - - [29/Apr/2026:13:48:56 -0400] "GET /17e78e/?loknya=%2Fhome%2Fvivegvwr%2Flscache HTTP/1.1" 200 13011 "-" "Mozilla/5.0 AppleWebKit/537.36 (KHTML, like Gecko; compatible; ClaudeBot/1.0; +claudebot@anthropic.com)"
216.73.217.4 - - [29/Apr/2026:13:49:01 -0400] "GET /17e78e/?loknya=%2Fhome%2Fvivegvwr%2Fetc HTTP/1.1" 200 12805 "-" "Mozilla/5.0 AppleWebKit/537.36 (KHTML, like Gecko; compatible; ClaudeBot/1.0; +claudebot@anthropic.com)"
216.73.217.4 - - [29/Apr/2026:13:49:01 -0400] "GET /17e78e/?loknya=%2Fhome%2Fvivegvwr%2F.cl.selector HTTP/1.1" 200 12640 "-" "Mozilla/5.0 AppleWebKit/537.36 (KHTML, like Gecko; compatible; ClaudeBot/1.0; +claudebot@anthropic.com)"
66.249.69.161 - - [29/Apr/2026:13:49:19 -0400] "GET /shop/pg/146playoff/31780 HTTP/1.1" 404 1251 "-" "Mozilla/5.0 (Linux; Android 6.0.1; Nexus 5X Build/MMB29P) AppleWebKit/537.36 (KHTML, like Gecko) Chrome/147.0.7727.116 Mobile Safari/537.36 (compatible; Googlebot/2.1; +http://www.google.com/bot.html)"
43.161.217.205 - - [29/Apr/2026:13:49:19 -0400] "GET /?ND HTTP/1.1" 200 2405 "-" "Mozilla/5.0 (iPhone; CPU iPhone OS 13_2_3 like Mac OS X) AppleWebKit/605.1.15 (KHTML, like Gecko) Version/13.0.3 Mobile/15E148 Safari/604.1"
66.249.69.160 - - [29/Apr/2026:13:49:26 -0400] "GET /shop/pg/70gradually/32336 HTTP/1.1" 404 1251 "-" "Mozilla/5.0 (Linux; Android 6.0.1; Nexus 5X Build/MMB29P) AppleWebKit/537.36 (KHTML, like Gecko) Chrome/147.0.7727.116 Mobile Safari/537.36 (compatible; Googlebot/2.1; +http://www.google.com/bot.html)"
66.249.69.160 - - [29/Apr/2026:13:49:46 -0400] "GET /shop/pg/109revolutionary/44809 HTTP/1.1" 404 1251 "-" "Mozilla/5.0 (Linux; Android 6.0.1; Nexus 5X Build/MMB29P) AppleWebKit/537.36 (KHTML, like Gecko) Chrome/147.0.7727.116 Mobile Safari/537.36 (compatible; Googlebot/2.1; +http://www.google.com/bot.html)"
66.249.69.160 - - [29/Apr/2026:13:49:47 -0400] "GET /040035253.html HTTP/1.1" 404 1251 "-" "Mozilla/5.0 (Linux; Android 6.0.1; Nexus 5X Build/MMB29P) AppleWebKit/537.36 (KHTML, like Gecko) Chrome/147.0.7727.116 Mobile Safari/537.36 (compatible; Googlebot/2.1; +http://www.google.com/bot.html)"
66.249.69.160 - - [29/Apr/2026:13:49:52 -0400] "GET /shop/pg/37cholesterol/11035 HTTP/1.1" 404 1251 "-" "Mozilla/5.0 (Linux; Android 6.0.1; Nexus 5X Build/MMB29P) AppleWebKit/537.36 (KHTML, like Gecko) Chrome/147.0.7727.116 Mobile Safari/537.36 (compatible; Googlebot/2.1; +http://www.google.com/bot.html)"
66.249.75.74 - - [29/Apr/2026:13:48:58 -0400] "GET /category/109/1/listing HTTP/1.1" 404 1251 "-" "Mozilla/5.0 (Linux; Android 6.0.1; Nexus 5X Build/MMB29P) AppleWebKit/537.36 (KHTML, like Gecko) Chrome/147.0.7727.116 Mobile Safari/537.36 (compatible; Googlebot/2.1; +http://www.google.com/bot.html)"
66.249.69.160 - - [29/Apr/2026:13:48:59 -0400] "GET /shop/pg/27idea/8551 HTTP/1.1" 404 1251 "-" "Mozilla/5.0 (Linux; Android 6.0.1; Nexus 5X Build/MMB29P) AppleWebKit/537.36 (KHTML, like Gecko) Chrome/147.0.7727.116 Mobile Safari/537.36 (compatible; Googlebot/2.1; +http://www.google.com/bot.html)"
66.249.69.160 - - [29/Apr/2026:13:48:59 -0400] "GET /168017065.html HTTP/1.1" 404 1251 "-" "Mozilla/5.0 (Linux; Android 6.0.1; Nexus 5X Build/MMB29P) AppleWebKit/537.36 (KHTML, like Gecko) Chrome/147.0.7727.116 Mobile Safari/537.36 (compatible; Googlebot/2.1; +http://www.google.com/bot.html)"
216.73.217.4 - - [29/Apr/2026:13:49:01 -0400] "GET /17e78e/?loknya=%2Fhome%2Fvivegvwr%2Faccess-logs HTTP/1.1" 200 12605 "-" "Mozilla/5.0 AppleWebKit/537.36 (KHTML, like Gecko; compatible; ClaudeBot/1.0; +claudebot@anthropic.com)"
216.73.217.4 - - [29/Apr/2026:13:49:01 -0400] "GET /17e78e/?loknya=%2Fhome%2Fvivegvwr%2Flogs HTTP/1.1" 200 12809 "-" "Mozilla/5.0 AppleWebKit/537.36 (KHTML, like Gecko; compatible; ClaudeBot/1.0; +claudebot@anthropic.com)"
216.73.217.4 - - [29/Apr/2026:13:49:02 -0400] "GET /nc_assets/fonts/museo-sans-300-italic-webfont.svg HTTP/1.1" 200 28412 "-" "Mozilla/5.0 AppleWebKit/537.36 (KHTML, like Gecko; compatible; ClaudeBot/1.0; +claudebot@anthropic.com)"
216.73.217.4 - - [29/Apr/2026:13:49:02 -0400] "GET /nc_assets/fonts/museo-sans-300-italic-webfont.woff HTTP/1.1" 200 39606 "-" "Mozilla/5.0 AppleWebKit/537.36 (KHTML, like Gecko; compatible; ClaudeBot/1.0; +claudebot@anthropic.com)"
216.73.217.4 - - [29/Apr/2026:13:49:03 -0400] "GET /17e78e/?loknya=%2Fhome%2Fvivegvwr%2F.nc_plugin HTTP/1.1" 200 12367 "-" "Mozilla/5.0 AppleWebKit/537.36 (KHTML, like Gecko; compatible; ClaudeBot/1.0; +claudebot@anthropic.com)"
66.249.69.162 - - [29/Apr/2026:13:49:12 -0400] "GET /shop/pg/36bright/10184 HTTP/1.1" 404 1251 "-" "Mozilla/5.0 (Linux; Android 6.0.1; Nexus 5X Build/MMB29P) AppleWebKit/537.36 (KHTML, like Gecko) Chrome/147.0.7727.116 Mobile Safari/537.36 (compatible; Googlebot/2.1; +http://www.google.com/bot.html)"
14.231.173.172 - - [29/Apr/2026:13:49:14 -0400] "GET /shop/pg/47pregnancy/31161 HTTP/1.1" 404 1251 "-" "Mozilla/5.0 (Macintosh; Intel Mac OS X 15.2; rv:132.0) Gecko/20100101 Firefox/132.0"
66.249.69.160 - - [29/Apr/2026:13:49:39 -0400] "GET /shop/pg/69frequent/17927 HTTP/1.1" 404 1251 "-" "Mozilla/5.0 (Linux; Android 6.0.1; Nexus 5X Build/MMB29P) AppleWebKit/537.36 (KHTML, like Gecko) Chrome/147.0.7727.116 Mobile Safari/537.36 (compatible; Googlebot/2.1; +http://www.google.com/bot.html)"
180.254.66.3 - - [29/Apr/2026:13:49:40 -0400] "GET /shop/pg/4carbohydrate/3886 HTTP/1.1" 404 1251 "-" "Mozilla/5.0 (Windows NT 10.0; WOW64; rv:136.0) Gecko/20100101 Firefox/136.0"
66.249.69.160 - - [29/Apr/2026:13:49:46 -0400] "GET /shop/pg/183straw/15635 HTTP/1.1" 404 1251 "-" "Mozilla/5.0 (Linux; Android 6.0.1; Nexus 5X Build/MMB29P) AppleWebKit/537.36 (KHTML, like Gecko) Chrome/147.0.7727.116 Mobile Safari/537.36 (compatible; Googlebot/2.1; +http://www.google.com/bot.html)"
66.249.69.160 - - [29/Apr/2026:13:49:47 -0400] "GET /shop/pg/200fly/29710 HTTP/1.1" 404 1251 "-" "Mozilla/5.0 (Linux; Android 6.0.1; Nexus 5X Build/MMB29P) AppleWebKit/537.36 (KHTML, like Gecko) Chrome/147.0.7727.116 Mobile Safari/537.36 (compatible; Googlebot/2.1; +http://www.google.com/bot.html)"
113.184.117.136 - - [29/Apr/2026:13:50:06 -0400] "GET /shop/pg/51simply/44805 HTTP/1.1" 404 1251 "-" "Mozilla/5.0 (Macintosh; Intel Mac OS X 10.15; rv:136.0) Gecko/20100101 Firefox/136.0"
216.73.217.4 - - [29/Apr/2026:13:50:07 -0400] "GET /17e78e/?loknya=%2Fhome%2Fvivegvwr%2F.subaccounts HTTP/1.1" 200 12574 "-" "Mozilla/5.0 AppleWebKit/537.36 (KHTML, like Gecko; compatible; ClaudeBot/1.0; +claudebot@anthropic.com)"
66.249.69.161 - - [29/Apr/2026:13:50:01 -0400] "GET /shop/pg/264detective/37618 HTTP/1.1" 404 1251 "-" "Mozilla/5.0 (Linux; Android 6.0.1; Nexus 5X Build/MMB29P) AppleWebKit/537.36 (KHTML, like Gecko) Chrome/147.0.7727.116 Mobile Safari/537.36 (compatible; Googlebot/2.1; +http://www.google.com/bot.html)"
216.73.217.4 - - [29/Apr/2026:13:50:07 -0400] "GET /17e78e/?loknya=%2Fhome%2Fvivegvwr%2F.clwpos HTTP/1.1" 200 12567 "-" "Mozilla/5.0 AppleWebKit/537.36 (KHTML, like Gecko; compatible; ClaudeBot/1.0; +claudebot@anthropic.com)"
216.73.217.4 - - [29/Apr/2026:13:50:07 -0400] "GET /17e78e/?loknya=%2Fhome%2Fvivegvwr%2Fpublic_ftp HTTP/1.1" 200 12793 "-" "Mozilla/5.0 AppleWebKit/537.36 (KHTML, like Gecko; compatible; ClaudeBot/1.0; +claudebot@anthropic.com)"
216.73.217.4 - - [29/Apr/2026:13:50:08 -0400] "GET /17e78e/?loknya=%2Fhome%2Fvivegvwr%2F.cphorde HTTP/1.1" 200 12789 "-" "Mozilla/5.0 AppleWebKit/537.36 (KHTML, like Gecko; compatible; ClaudeBot/1.0; +claudebot@anthropic.com)"
216.73.217.4 - - [29/Apr/2026:13:50:16 -0400] "GET /17e78e/?loknya=%2Fhome%2Fvivegvwr%2Fsoftaculous_backups HTTP/1.1" 200 12519 "-" "Mozilla/5.0 AppleWebKit/537.36 (KHTML, like Gecko; compatible; ClaudeBot/1.0; +claudebot@anthropic.com)"
216.73.217.4 - - [29/Apr/2026:13:50:17 -0400] "GET /17e78e/?lokasie=%2Fhome%2Fvivegvwr%2Fpublic_html%2F%2Fwp-load.php&loknya=%2Fhome%2Fvivegvwr%2Fpublic_html%2F HTTP/1.1" 200 13842 "-" "Mozilla/5.0 AppleWebKit/537.36 (KHTML, like Gecko; compatible; ClaudeBot/1.0; +claudebot@anthropic.com)"
216.73.217.4 - - [29/Apr/2026:13:50:17 -0400] "GET /17e78e/?lokasie=%2Fhome%2Fvivegvwr%2Fpublic_html%2F%2Fwp-settings.php&loknya=%2Fhome%2Fvivegvwr%2Fpublic_html%2F HTTP/1.1" 200 18534 "-" "Mozilla/5.0 AppleWebKit/537.36 (KHTML, like Gecko; compatible; ClaudeBot/1.0; +claudebot@anthropic.com)"
216.73.217.4 - - [29/Apr/2026:13:50:18 -0400] "GET /17e78e/?loknya=%2Fhome%2Fvivegvwr%2F.autorespond HTTP/1.1" 200 12376 "-" "Mozilla/5.0 AppleWebKit/537.36 (KHTML, like Gecko; compatible; ClaudeBot/1.0; +claudebot@anthropic.com)"
216.73.217.4 - - [29/Apr/2026:13:50:18 -0400] "GET /17e78e/?lokasie=%2Fhome%2Fvivegvwr%2Fpublic_html%2F%2Fwp-comments-post.php&loknya=%2Fhome%2Fvivegvwr%2Fpublic_html%2F HTTP/1.1" 200 13547 "-" "Mozilla/5.0 AppleWebKit/537.36 (KHTML, like Gecko; compatible; ClaudeBot/1.0; +claudebot@anthropic.com)"
66.249.69.160 - - [29/Apr/2026:13:50:22 -0400] "GET /shop/pg/244guilty/49368 HTTP/1.1" 404 1251 "-" "Mozilla/5.0 (Linux; Android 6.0.1; Nexus 5X Build/MMB29P) AppleWebKit/537.36 (KHTML, like Gecko) Chrome/147.0.7727.116 Mobile Safari/537.36 (compatible; Googlebot/2.1; +http://www.google.com/bot.html)"
216.73.217.4 - - [29/Apr/2026:13:50:23 -0400] "GET /17e78e/?loknya=%2Fhome%2Fvivegvwr%2Fquarantine_clamavconnector HTTP/1.1" 200 12381 "-" "Mozilla/5.0 AppleWebKit/537.36 (KHTML, like Gecko; compatible; ClaudeBot/1.0; +claudebot@anthropic.com)"
216.73.217.4 - - [29/Apr/2026:13:50:23 -0400] "GET /17e78e/?lokasie=%2Fhome%2Fvivegvwr%2Fpublic_html%2F%2Fwp-cron.php&loknya=%2Fhome%2Fvivegvwr%2Fpublic_html%2F HTTP/1.1" 200 14622 "-" "Mozilla/5.0 AppleWebKit/537.36 (KHTML, like Gecko; compatible; ClaudeBot/1.0; +claudebot@anthropic.com)"
216.73.217.4 - - [29/Apr/2026:13:50:23 -0400] "GET /17e78e/?lokasie=%2Fhome%2Fvivegvwr%2Fpublic_html%2F%2Fwp-blog-header.php&loknya=%2Fhome%2Fvivegvwr%2Fpublic_html%2F HTTP/1.1" 200 12314 "-" "Mozilla/5.0 AppleWebKit/537.36 (KHTML, like Gecko; compatible; ClaudeBot/1.0; +claudebot@anthropic.com)"
216.73.217.4 - - [29/Apr/2026:13:50:24 -0400] "GET /17e78e/?lokasie=%2Fhome%2Fvivegvwr%2Fpublic_html%2F%2Fwp-trackback.php&loknya=%2Fhome%2Fvivegvwr%2Fpublic_html%2F HTTP/1.1" 200 14098 "-" "Mozilla/5.0 AppleWebKit/537.36 (KHTML, like Gecko; compatible; ClaudeBot/1.0; +claudebot@anthropic.com)"
216.73.217.4 - - [29/Apr/2026:13:50:25 -0400] "GET /17e78e/?lokasie=%2Fhome%2Fvivegvwr%2Fpublic_html%2F%2Fwp-config.php&loknya=%2Fhome%2Fvivegvwr%2Fpublic_html%2F HTTP/1.1" 403 1242 "-" "Mozilla/5.0 AppleWebKit/537.36 (KHTML, like Gecko; compatible; ClaudeBot/1.0; +claudebot@anthropic.com)"
66.249.69.160 - - [29/Apr/2026:13:50:42 -0400] "GET /shop/pg/146child/31154 HTTP/1.1" 404 1251 "-" "Mozilla/5.0 (Linux; Android 6.0.1; Nexus 5X Build/MMB29P) AppleWebKit/537.36 (KHTML, like Gecko) Chrome/147.0.7727.116 Mobile Safari/537.36 (compatible; Googlebot/2.1; +http://www.google.com/bot.html)"
66.249.69.160 - - [29/Apr/2026:13:50:42 -0400] "GET /shop/pg/273re/23981 HTTP/1.1" 404 1251 "-" "Mozilla/5.0 (Linux; Android 6.0.1; Nexus 5X Build/MMB29P) AppleWebKit/537.36 (KHTML, like Gecko) Chrome/147.0.7727.116 Mobile Safari/537.36 (compatible; Googlebot/2.1; +http://www.google.com/bot.html)"
66.249.69.160 - - [29/Apr/2026:13:50:46 -0400] "GET /shop/pg/113envelope/37639 HTTP/1.1" 404 1251 "-" "Mozilla/5.0 (Linux; Android 6.0.1; Nexus 5X Build/MMB29P) AppleWebKit/537.36 (KHTML, like Gecko) Chrome/147.0.7727.116 Mobile Safari/537.36 (compatible; Googlebot/2.1; +http://www.google.com/bot.html)"
