190.119.60.43 - - [29/Apr/2026:08:51:48 -0400] "GET /wp-includes/wp-includes/theme-previews.php HTTP/1.1" 301 0 "http://vive.com.pa/wp-includes//wp-includes/theme-previews.php" "Mozilla/5.0 (Windows NT 10.0; WOW64; Trident/7.0; rv:11.0) like Gecko"
190.119.60.43 - - [29/Apr/2026:08:51:50 -0400] "GET /wp-includes/wp-includes/theme-templates.php HTTP/1.1" 404 25192 "https://vive.com.pa/wp-includes/wp-includes/theme-templates.php" "Mozilla/5.0 (Linux; Android 10; SM-A505FN) AppleWebKit/537.36 (KHTML, like Gecko) Chrome/91.0.4472.120 Mobile Safari/537.36"
190.119.60.43 - - [29/Apr/2026:08:51:51 -0400] "GET /wp-includes/wp-includes/theme.php HTTP/1.1" 404 25192 "https://vive.com.pa/wp-includes/wp-includes/theme.php" "Mozilla/5.0 (X11; Linux x86_64) AppleWebKit/537.36 (KHTML, like Gecko) Chrome/91.0.4472.124 Safari/537.36"
190.119.60.43 - - [29/Apr/2026:08:51:52 -0400] "GET /wp-includes/wp-includes/update.php HTTP/1.1" 404 25192 "https://vive.com.pa/wp-includes/wp-includes/update.php" "Mozilla/5.0 (Windows NT 10.0; Win64; x64) AppleWebKit/537.36 (KHTML, like Gecko) Chrome/91.0.4472.124 Safari/537.36"
190.119.60.43 - - [29/Apr/2026:08:51:53 -0400] "GET /wp-includes/wp-includes/user.php HTTP/1.1" 301 0 "http://vive.com.pa/wp-includes//wp-includes/user.php" "Mozilla/5.0 (iPhone; CPU iPhone OS 14_6 like Mac OS X) AppleWebKit/605.1.15 (KHTML, like Gecko) Version/14.1.1 Mobile/15E148 Safari/604.1"
190.119.60.43 - - [29/Apr/2026:08:51:42 -0400] "GET /wp-includes/wp-includes/taxonomy.php HTTP/1.1" 301 0 "http://vive.com.pa/wp-includes//wp-includes/taxonomy.php" "Mozilla/5.0 (iPad; CPU OS 14_6 like Mac OS X) AppleWebKit/605.1.15 (KHTML, like Gecko) Version/14.1.1 Mobile/15E148 Safari/604.1"
190.119.60.43 - - [29/Apr/2026:08:51:43 -0400] "GET /wp-includes/wp-includes/taxonomy.php HTTP/1.1" 404 25196 "https://vive.com.pa/wp-includes/wp-includes/taxonomy.php" "Mozilla/5.0 (iPad; CPU OS 14_6 like Mac OS X) AppleWebKit/605.1.15 (KHTML, like Gecko) Version/14.1.1 Mobile/15E148 Safari/604.1"
190.119.60.43 - - [29/Apr/2026:08:51:46 -0400] "GET /wp-includes/wp-includes/template-loader.php HTTP/1.1" 404 25192 "https://vive.com.pa/wp-includes/wp-includes/template-loader.php" "Mozilla/5.0 (Windows NT 10.0; Win64; x64; rv:89.0) Gecko/20100101 Firefox/89.0"
190.119.60.43 - - [29/Apr/2026:08:51:48 -0400] "GET /wp-includes/wp-includes/theme-previews.php HTTP/1.1" 404 25192 "https://vive.com.pa/wp-includes/wp-includes/theme-previews.php" "Mozilla/5.0 (Windows NT 10.0; WOW64; Trident/7.0; rv:11.0) like Gecko"
190.119.60.43 - - [29/Apr/2026:08:51:49 -0400] "GET /wp-includes/wp-includes/theme-templates.php HTTP/1.1" 301 0 "http://vive.com.pa/wp-includes//wp-includes/theme-templates.php" "Mozilla/5.0 (Linux; Android 10; SM-A505FN) AppleWebKit/537.36 (KHTML, like Gecko) Chrome/91.0.4472.120 Mobile Safari/537.36"
66.249.69.160 - - [29/Apr/2026:08:51:49 -0400] "GET /193045034.html HTTP/1.1" 200 19810 "-" "Mozilla/5.0 (Linux; Android 6.0.1; Nexus 5X Build/MMB29P) AppleWebKit/537.36 (KHTML, like Gecko) Chrome/147.0.7727.116 Mobile Safari/537.36 (compatible; Googlebot/2.1; +http://www.google.com/bot.html)"
190.119.60.43 - - [29/Apr/2026:08:51:50 -0400] "GET /wp-includes/wp-includes/theme.php HTTP/1.1" 301 0 "http://vive.com.pa/wp-includes//wp-includes/theme.php" "Mozilla/5.0 (X11; Linux x86_64) AppleWebKit/537.36 (KHTML, like Gecko) Chrome/91.0.4472.124 Safari/537.36"
190.119.60.43 - - [29/Apr/2026:08:51:52 -0400] "GET /wp-includes/wp-includes/update.php HTTP/1.1" 301 0 "http://vive.com.pa/wp-includes//wp-includes/update.php" "Mozilla/5.0 (Windows NT 10.0; Win64; x64) AppleWebKit/537.36 (KHTML, like Gecko) Chrome/91.0.4472.124 Safari/537.36"
190.119.60.43 - - [29/Apr/2026:08:51:56 -0400] "GET /wp-includes/wp-includes/version.php HTTP/1.1" 301 0 "http://vive.com.pa/wp-includes//wp-includes/version.php" "Mozilla/5.0 (X11; Ubuntu; Linux x86_64; rv:89.0) Gecko/20100101 Firefox/89.0"
66.249.69.160 - - [29/Apr/2026:08:51:56 -0400] "GET /063004012.html HTTP/1.1" 200 20470 "-" "Mozilla/5.0 (Linux; Android 6.0.1; Nexus 5X Build/MMB29P) AppleWebKit/537.36 (KHTML, like Gecko) Chrome/147.0.7727.116 Mobile Safari/537.36 (compatible; Googlebot/2.1; +http://www.google.com/bot.html)"
190.119.60.43 - - [29/Apr/2026:08:51:58 -0400] "GET /wp-includes/wp-includes/wp-db.php HTTP/1.1" 301 0 "http://vive.com.pa/wp-includes//wp-includes/wp-db.php" "Mozilla/5.0 (Windows NT 10.0; Win64; x64) AppleWebKit/537.36 (KHTML, like Gecko) Edge/91.0.864.59"
190.119.60.43 - - [29/Apr/2026:08:52:01 -0400] "GET /wp-content/uploads/ HTTP/1.1" 200 1683 "http://vive.com.pa/wp-content/uploads/" "Mozilla/5.0 (Windows NT 10.0; WOW64; Trident/7.0; rv:11.0) like Gecko"
190.119.60.43 - - [29/Apr/2026:08:52:01 -0400] "GET /wp-content/uploads/wp-content/uploads/2014/ HTTP/1.1" 301 0 "http://vive.com.pa/wp-content/uploads//wp-content/uploads/2014/" "Mozilla/5.0 (Linux; Android 10; SM-A505FN) AppleWebKit/537.36 (KHTML, like Gecko) Chrome/91.0.4472.120 Mobile Safari/537.36"
66.249.69.161 - - [29/Apr/2026:08:52:03 -0400] "GET /208007599.html HTTP/1.1" 200 19774 "-" "Mozilla/5.0 (Linux; Android 6.0.1; Nexus 5X Build/MMB29P) AppleWebKit/537.36 (KHTML, like Gecko) Chrome/147.0.7727.116 Mobile Safari/537.36 (compatible; Googlebot/2.1; +http://www.google.com/bot.html)"
190.119.60.43 - - [29/Apr/2026:08:51:54 -0400] "GET /wp-includes/wp-includes/user.php HTTP/1.1" 404 25196 "https://vive.com.pa/wp-includes/wp-includes/user.php" "Mozilla/5.0 (iPhone; CPU iPhone OS 14_6 like Mac OS X) AppleWebKit/605.1.15 (KHTML, like Gecko) Version/14.1.1 Mobile/15E148 Safari/604.1"
190.119.60.43 - - [29/Apr/2026:08:51:54 -0400] "GET /wp-includes/wp-includes/vars.php HTTP/1.1" 301 0 "http://vive.com.pa/wp-includes//wp-includes/vars.php" "Mozilla/5.0 (Macintosh; Intel Mac OS X 10_15_7) AppleWebKit/605.1.15 (KHTML, like Gecko) Version/14.1.1 Safari/605.1.15"
190.119.60.43 - - [29/Apr/2026:08:51:55 -0400] "GET /wp-includes/wp-includes/vars.php HTTP/1.1" 404 25192 "https://vive.com.pa/wp-includes/wp-includes/vars.php" "Mozilla/5.0 (Macintosh; Intel Mac OS X 10_15_7) AppleWebKit/605.1.15 (KHTML, like Gecko) Version/14.1.1 Safari/605.1.15"
190.119.60.43 - - [29/Apr/2026:08:51:56 -0400] "GET /wp-includes/wp-includes/version.php HTTP/1.1" 404 25192 "https://vive.com.pa/wp-includes/wp-includes/version.php" "Mozilla/5.0 (X11; Ubuntu; Linux x86_64; rv:89.0) Gecko/20100101 Firefox/89.0"
190.119.60.43 - - [29/Apr/2026:08:51:57 -0400] "GET /wp-includes/wp-includes/widgets.php HTTP/1.1" 301 0 "http://vive.com.pa/wp-includes//wp-includes/widgets.php" "Mozilla/5.0 (Windows NT 10.0; Win64; x64) AppleWebKit/537.36 (KHTML, like Gecko) Chrome/90.0.4430.212 Safari/537.36"
190.119.60.43 - - [29/Apr/2026:08:51:58 -0400] "GET /wp-includes/wp-includes/widgets.php HTTP/1.1" 404 25192 "https://vive.com.pa/wp-includes/wp-includes/widgets.php" "Mozilla/5.0 (Windows NT 10.0; Win64; x64) AppleWebKit/537.36 (KHTML, like Gecko) Chrome/90.0.4430.212 Safari/537.36"
190.119.60.43 - - [29/Apr/2026:08:51:59 -0400] "GET /wp-includes/wp-includes/wp-db.php HTTP/1.1" 404 25192 "https://vive.com.pa/wp-includes/wp-includes/wp-db.php" "Mozilla/5.0 (Windows NT 10.0; Win64; x64) AppleWebKit/537.36 (KHTML, like Gecko) Edge/91.0.864.59"
190.119.60.43 - - [29/Apr/2026:08:52:00 -0400] "GET /wp-includes/wp-includes/wp-diff.php HTTP/1.1" 301 0 "http://vive.com.pa/wp-includes//wp-includes/wp-diff.php" "Mozilla/5.0 (X11; Ubuntu; Linux x86_64; rv:89.0) Gecko/20100101 Firefox/89.0"
190.119.60.43 - - [29/Apr/2026:08:52:00 -0400] "GET /wp-includes/wp-includes/wp-diff.php HTTP/1.1" 404 25192 "https://vive.com.pa/wp-includes/wp-includes/wp-diff.php" "Mozilla/5.0 (X11; Ubuntu; Linux x86_64; rv:89.0) Gecko/20100101 Firefox/89.0"
190.119.60.43 - - [29/Apr/2026:08:52:02 -0400] "GET /wp-content/uploads/wp-content/uploads/2014/ HTTP/1.1" 404 25192 "https://vive.com.pa/wp-content/uploads/wp-content/uploads/2014/" "Mozilla/5.0 (Linux; Android 10; SM-A505FN) AppleWebKit/537.36 (KHTML, like Gecko) Chrome/91.0.4472.120 Mobile Safari/537.36"
190.119.60.43 - - [29/Apr/2026:08:52:03 -0400] "GET /wp-content/uploads/wp-content/uploads/2015/ HTTP/1.1" 301 0 "http://vive.com.pa/wp-content/uploads//wp-content/uploads/2015/" "Mozilla/5.0 (Linux; Android 11; SM-G991B) AppleWebKit/537.36 (KHTML, like Gecko) Chrome/91.0.4472.120 Mobile Safari/537.36"
190.119.60.43 - - [29/Apr/2026:08:52:04 -0400] "GET /wp-content/uploads/wp-content/uploads/2015/ HTTP/1.1" 404 25192 "https://vive.com.pa/wp-content/uploads/wp-content/uploads/2015/" "Mozilla/5.0 (Linux; Android 11; SM-G991B) AppleWebKit/537.36 (KHTML, like Gecko) Chrome/91.0.4472.120 Mobile Safari/537.36"
190.119.60.43 - - [29/Apr/2026:08:52:04 -0400] "GET /wp-content/uploads/wp-content/uploads/2016/ HTTP/1.1" 301 0 "http://vive.com.pa/wp-content/uploads//wp-content/uploads/2016/" "Mozilla/5.0 (Linux; Android 11; SM-G991B) AppleWebKit/537.36 (KHTML, like Gecko) Chrome/91.0.4472.120 Mobile Safari/537.36"
190.119.60.43 - - [29/Apr/2026:08:52:05 -0400] "GET /wp-content/uploads/wp-content/uploads/2016/ HTTP/1.1" 404 25192 "https://vive.com.pa/wp-content/uploads/wp-content/uploads/2016/" "Mozilla/5.0 (Linux; Android 11; SM-G991B) AppleWebKit/537.36 (KHTML, like Gecko) Chrome/91.0.4472.120 Mobile Safari/537.36"
190.119.60.43 - - [29/Apr/2026:08:52:06 -0400] "GET /wp-content/uploads/wp-content/uploads/2017/ HTTP/1.1" 301 0 "http://vive.com.pa/wp-content/uploads//wp-content/uploads/2017/" "Mozilla/5.0 (Windows NT 10.0; Win64; x64) AppleWebKit/537.36 (KHTML, like Gecko) Chrome/92.0.4515.107 Safari/537.36"
190.119.60.43 - - [29/Apr/2026:08:52:06 -0400] "GET /wp-content/uploads/wp-content/uploads/2017/ HTTP/1.1" 404 25192 "https://vive.com.pa/wp-content/uploads/wp-content/uploads/2017/" "Mozilla/5.0 (Windows NT 10.0; Win64; x64) AppleWebKit/537.36 (KHTML, like Gecko) Chrome/92.0.4515.107 Safari/537.36"
190.119.60.43 - - [29/Apr/2026:08:52:07 -0400] "GET /wp-content/uploads/wp-content/uploads/2018/ HTTP/1.1" 301 0 "http://vive.com.pa/wp-content/uploads//wp-content/uploads/2018/" "Mozilla/5.0 (X11; Ubuntu; Linux x86_64; rv:89.0) Gecko/20100101 Firefox/89.0"
66.249.69.161 - - [29/Apr/2026:08:52:09 -0400] "GET /050010685.html HTTP/1.1" 200 18869 "-" "Mozilla/5.0 (Linux; Android 6.0.1; Nexus 5X Build/MMB29P) AppleWebKit/537.36 (KHTML, like Gecko) Chrome/147.0.7727.116 Mobile Safari/537.36 (compatible; Googlebot/2.1; +http://www.google.com/bot.html)"
190.119.60.43 - - [29/Apr/2026:08:52:10 -0400] "GET /wp-content/uploads/wp-content/uploads/2020/ HTTP/1.1" 301 0 "http://vive.com.pa/wp-content/uploads//wp-content/uploads/2020/" "Mozilla/5.0 (Windows NT 10.0; WOW64; Trident/7.0; rv:11.0) like Gecko"
190.119.60.43 - - [29/Apr/2026:08:52:10 -0400] "GET /wp-content/uploads/wp-content/uploads/2020/ HTTP/1.1" 404 25192 "https://vive.com.pa/wp-content/uploads/wp-content/uploads/2020/" "Mozilla/5.0 (Windows NT 10.0; WOW64; Trident/7.0; rv:11.0) like Gecko"
190.119.60.43 - - [29/Apr/2026:08:52:14 -0400] "GET /wp-content/uploads/wp-content/uploads/2023/ HTTP/1.1" 301 0 "http://vive.com.pa/wp-content/uploads//wp-content/uploads/2023/" "Mozilla/5.0 (Macintosh; Intel Mac OS X 10_15_7) AppleWebKit/605.1.15 (KHTML, like Gecko) Version/14.1.1 Safari/605.1.15"
190.119.60.43 - - [29/Apr/2026:08:52:14 -0400] "GET /wp-content/uploads/wp-content/uploads/2023/ HTTP/1.1" 404 25192 "https://vive.com.pa/wp-content/uploads/wp-content/uploads/2023/" "Mozilla/5.0 (Macintosh; Intel Mac OS X 10_15_7) AppleWebKit/605.1.15 (KHTML, like Gecko) Version/14.1.1 Safari/605.1.15"
190.119.60.43 - - [29/Apr/2026:08:52:15 -0400] "GET /wp-content/uploads/wp-content/uploads/2024/ HTTP/1.1" 301 0 "http://vive.com.pa/wp-content/uploads//wp-content/uploads/2024/" "Mozilla/5.0 (Windows NT 6.1; Win64; x64) AppleWebKit/537.36 (KHTML, like Gecko) Chrome/91.0.4472.124 Safari/537.36"
190.119.60.43 - - [29/Apr/2026:08:52:16 -0400] "GET /wp-content/uploads/wp-content/uploads/2024/ HTTP/1.1" 404 25192 "https://vive.com.pa/wp-content/uploads/wp-content/uploads/2024/" "Mozilla/5.0 (Windows NT 6.1; Win64; x64) AppleWebKit/537.36 (KHTML, like Gecko) Chrome/91.0.4472.124 Safari/537.36"
190.119.60.43 - - [29/Apr/2026:08:52:17 -0400] "GET /wp-content/uploads/wp-content/uploads/2025/ HTTP/1.1" 404 25192 "https://vive.com.pa/wp-content/uploads/wp-content/uploads/2025/" "Mozilla/5.0 (Windows NT 10.0; Win64; x64) AppleWebKit/537.36 (KHTML, like Gecko) Chrome/92.0.4515.107 Safari/537.36"
190.119.60.43 - - [29/Apr/2026:08:52:18 -0400] "GET /wp-content/uploads/wp-content/uploads/2026/ HTTP/1.1" 404 25192 "https://vive.com.pa/wp-content/uploads/wp-content/uploads/2026/" "Mozilla/5.0 (Windows NT 10.0; WOW64; Trident/7.0; rv:11.0) like Gecko"
190.119.60.43 - - [29/Apr/2026:08:52:20 -0400] "GET /wp-content/uploads/wp-content/uploads/aios/ HTTP/1.1" 404 25199 "https://vive.com.pa/wp-content/uploads/wp-content/uploads/aios/" "Mozilla/5.0 (Windows NT 10.0; Win64; x64; rv:89.0) Gecko/20100101 Firefox/89.0"
190.119.60.43 - - [29/Apr/2026:08:52:22 -0400] "GET /wp-content/uploads/wp-content/uploads/elementor/ HTTP/1.1" 301 0 "http://vive.com.pa/wp-content/uploads//wp-content/uploads/elementor/" "Mozilla/5.0 (Windows NT 10.0; Win64; x64; rv:89.0) Gecko/20100101 Firefox/89.0"
190.119.60.43 - - [29/Apr/2026:08:52:07 -0400] "GET /wp-content/uploads/wp-content/uploads/2018/ HTTP/1.1" 404 25192 "https://vive.com.pa/wp-content/uploads/wp-content/uploads/2018/" "Mozilla/5.0 (X11; Ubuntu; Linux x86_64; rv:89.0) Gecko/20100101 Firefox/89.0"
190.119.60.43 - - [29/Apr/2026:08:52:08 -0400] "GET /wp-content/uploads/wp-content/uploads/2019/ HTTP/1.1" 301 0 "http://vive.com.pa/wp-content/uploads//wp-content/uploads/2019/" "Mozilla/5.0 (Windows NT 10.0; Win64; x64) AppleWebKit/537.36 (KHTML, like Gecko) Chrome/92.0.4515.107 Safari/537.36"
198.54.125.254 - - [29/Apr/2026:08:52:09 -0400] "POST /wp-cron.php?doing_wp_cron=1777467129.7976360321044921875000 HTTP/1.1" 403 1242 "-" "WordPress/6.8.5; https://www.vive.com.pa"
190.119.60.43 - - [29/Apr/2026:08:52:09 -0400] "GET /wp-content/uploads/wp-content/uploads/2019/ HTTP/1.1" 404 25192 "https://vive.com.pa/wp-content/uploads/wp-content/uploads/2019/" "Mozilla/5.0 (Windows NT 10.0; Win64; x64) AppleWebKit/537.36 (KHTML, like Gecko) Chrome/92.0.4515.107 Safari/537.36"
190.119.60.43 - - [29/Apr/2026:08:52:11 -0400] "GET /wp-content/uploads/wp-content/uploads/2021/ HTTP/1.1" 301 0 "http://vive.com.pa/wp-content/uploads//wp-content/uploads/2021/" "Mozilla/5.0 (Windows NT 10.0; Win64; x64) AppleWebKit/537.36 (KHTML, like Gecko) Chrome/91.0.4472.124 Safari/537.36"
190.119.60.43 - - [29/Apr/2026:08:52:12 -0400] "GET /wp-content/uploads/wp-content/uploads/2021/ HTTP/1.1" 404 25192 "https://vive.com.pa/wp-content/uploads/wp-content/uploads/2021/" "Mozilla/5.0 (Windows NT 10.0; Win64; x64) AppleWebKit/537.36 (KHTML, like Gecko) Chrome/91.0.4472.124 Safari/537.36"
190.119.60.43 - - [29/Apr/2026:08:52:12 -0400] "GET /wp-content/uploads/wp-content/uploads/2022/ HTTP/1.1" 301 0 "http://vive.com.pa/wp-content/uploads//wp-content/uploads/2022/" "Mozilla/5.0 (Windows NT 6.1; Win64; x64) AppleWebKit/537.36 (KHTML, like Gecko) Chrome/91.0.4472.124 Safari/537.36"
190.119.60.43 - - [29/Apr/2026:08:52:13 -0400] "GET /wp-content/uploads/wp-content/uploads/2022/ HTTP/1.1" 404 25192 "https://vive.com.pa/wp-content/uploads/wp-content/uploads/2022/" "Mozilla/5.0 (Windows NT 6.1; Win64; x64) AppleWebKit/537.36 (KHTML, like Gecko) Chrome/91.0.4472.124 Safari/537.36"
66.249.69.160 - - [29/Apr/2026:08:52:16 -0400] "GET /140003835.html HTTP/1.1" 200 19771 "-" "Mozilla/5.0 (Linux; Android 6.0.1; Nexus 5X Build/MMB29P) AppleWebKit/537.36 (KHTML, like Gecko) Chrome/147.0.7727.116 Mobile Safari/537.36 (compatible; Googlebot/2.1; +http://www.google.com/bot.html)"
190.119.60.43 - - [29/Apr/2026:08:52:16 -0400] "GET /wp-content/uploads/wp-content/uploads/2025/ HTTP/1.1" 301 0 "http://vive.com.pa/wp-content/uploads//wp-content/uploads/2025/" "Mozilla/5.0 (Windows NT 10.0; Win64; x64) AppleWebKit/537.36 (KHTML, like Gecko) Chrome/92.0.4515.107 Safari/537.36"
190.119.60.43 - - [29/Apr/2026:08:52:18 -0400] "GET /wp-content/uploads/wp-content/uploads/2026/ HTTP/1.1" 301 0 "http://vive.com.pa/wp-content/uploads//wp-content/uploads/2026/" "Mozilla/5.0 (Windows NT 10.0; WOW64; Trident/7.0; rv:11.0) like Gecko"
190.119.60.43 - - [29/Apr/2026:08:52:19 -0400] "GET /wp-content/uploads/wp-content/uploads/aios/ HTTP/1.1" 301 0 "http://vive.com.pa/wp-content/uploads//wp-content/uploads/aios/" "Mozilla/5.0 (Windows NT 10.0; Win64; x64; rv:89.0) Gecko/20100101 Firefox/89.0"
190.119.60.43 - - [29/Apr/2026:08:52:20 -0400] "GET /wp-content/uploads/wp-content/uploads/backup-guard/ HTTP/1.1" 301 0 "http://vive.com.pa/wp-content/uploads//wp-content/uploads/backup-guard/" "Mozilla/5.0 (Windows NT 10.0; Win64; x64; rv:89.0) Gecko/20100101 Firefox/89.0"
190.119.60.43 - - [29/Apr/2026:08:52:21 -0400] "GET /wp-content/uploads/wp-content/uploads/backup-guard/ HTTP/1.1" 404 25199 "https://vive.com.pa/wp-content/uploads/wp-content/uploads/backup-guard/" "Mozilla/5.0 (Windows NT 10.0; Win64; x64; rv:89.0) Gecko/20100101 Firefox/89.0"
190.119.60.43 - - [29/Apr/2026:08:52:23 -0400] "GET /wp-content/uploads/wp-content/uploads/elementor/ HTTP/1.1" 404 25192 "https://vive.com.pa/wp-content/uploads/wp-content/uploads/elementor/" "Mozilla/5.0 (Windows NT 10.0; Win64; x64; rv:89.0) Gecko/20100101 Firefox/89.0"
190.119.60.43 - - [29/Apr/2026:08:52:24 -0400] "GET /wp-content/uploads/wp-content/uploads/js_composer/ HTTP/1.1" 404 25192 "https://vive.com.pa/wp-content/uploads/wp-content/uploads/js_composer/" "Mozilla/5.0 (Linux; Android 10; SM-A505FN) AppleWebKit/537.36 (KHTML, like Gecko) Chrome/91.0.4472.120 Mobile Safari/537.36"
190.119.60.43 - - [29/Apr/2026:08:52:25 -0400] "GET /wp-content/uploads/wp-content/uploads/redux/ HTTP/1.1" 301 0 "http://vive.com.pa/wp-content/uploads//wp-content/uploads/redux/" "Mozilla/5.0 (X11; Ubuntu; Linux x86_64; rv:89.0) Gecko/20100101 Firefox/89.0"
190.119.60.43 - - [29/Apr/2026:08:52:26 -0400] "GET /wp-content/uploads/wp-content/uploads/revslider/ HTTP/1.1" 301 0 "http://vive.com.pa/wp-content/uploads//wp-content/uploads/revslider/" "Mozilla/5.0 (Windows NT 10.0; Win64; x64; rv:89.0) Gecko/20100101 Firefox/89.0"
190.119.60.43 - - [29/Apr/2026:08:52:27 -0400] "GET /wp-content/uploads/wp-content/uploads/revslider/ HTTP/1.1" 404 25192 "https://vive.com.pa/wp-content/uploads/wp-content/uploads/revslider/" "Mozilla/5.0 (Windows NT 10.0; Win64; x64; rv:89.0) Gecko/20100101 Firefox/89.0"
190.119.60.43 - - [29/Apr/2026:08:52:28 -0400] "GET /wp-content/uploads/wp-content/uploads/wp-clone/ HTTP/1.1" 404 25192 "https://vive.com.pa/wp-content/uploads/wp-content/uploads/wp-clone/" "Mozilla/5.0 (Windows NT 10.0; WOW64; Trident/7.0; rv:11.0) like Gecko"
190.119.60.43 - - [29/Apr/2026:08:52:29 -0400] "GET /wp-content/uploads/wp-content/uploads/wp-file-manager-pro/ HTTP/1.1" 301 0 "http://vive.com.pa/wp-content/uploads//wp-content/uploads/wp-file-manager-pro/" "Mozilla/5.0 (Windows NT 6.1; Win64; x64) AppleWebKit/537.36 (KHTML, like Gecko) Chrome/91.0.4472.124 Safari/537.36"
66.249.69.160 - - [29/Apr/2026:08:52:30 -0400] "GET /021049018.html HTTP/1.1" 200 19345 "-" "Mozilla/5.0 (Linux; Android 6.0.1; Nexus 5X Build/MMB29P) AppleWebKit/537.36 (KHTML, like Gecko) Chrome/147.0.7727.116 Mobile Safari/537.36 (compatible; Googlebot/2.1; +http://www.google.com/bot.html)"
190.119.60.43 - - [29/Apr/2026:08:52:30 -0400] "GET /wp-content/uploads/wp-content/uploads/wp-staging/ HTTP/1.1" 301 0 "http://vive.com.pa/wp-content/uploads//wp-content/uploads/wp-staging/" "Mozilla/5.0 (Macintosh; Intel Mac OS X 10_14_6) AppleWebKit/537.36 (KHTML, like Gecko) Chrome/91.0.4472.124 Safari/537.36"
190.119.60.43 - - [29/Apr/2026:08:52:31 -0400] "GET /wp-content/uploads/wp-content/uploads/wpcf7_uploads/ HTTP/1.1" 301 0 "http://vive.com.pa/wp-content/uploads//wp-content/uploads/wpcf7_uploads/" "Mozilla/5.0 (Windows NT 6.1; Win64; x64) AppleWebKit/537.36 (KHTML, like Gecko) Chrome/91.0.4472.124 Safari/537.36"
190.119.60.43 - - [29/Apr/2026:08:52:32 -0400] "GET /wp-content/uploads/wp-content/uploads/wpcf7_uploads/ HTTP/1.1" 404 25199 "https://vive.com.pa/wp-content/uploads/wp-content/uploads/wpcf7_uploads/" "Mozilla/5.0 (Windows NT 6.1; Win64; x64) AppleWebKit/537.36 (KHTML, like Gecko) Chrome/91.0.4472.124 Safari/537.36"
190.119.60.43 - - [29/Apr/2026:08:52:33 -0400] "GET /wp-admin/includes/ HTTP/1.1" 200 5232 "http://vive.com.pa/wp-admin/includes/" "Mozilla/5.0 (Macintosh; Intel Mac OS X 10_14_6) AppleWebKit/537.36 (KHTML, like Gecko) Chrome/91.0.4472.124 Safari/537.36"
190.119.60.43 - - [29/Apr/2026:08:52:36 -0400] "GET /wp-admin/includes/wp-admin/includes/ajax-actions.php HTTP/1.1" 301 0 "http://vive.com.pa/wp-admin/includes//wp-admin/includes/ajax-actions.php" "Mozilla/5.0 (Windows NT 10.0; Win64; x64) AppleWebKit/537.36 (KHTML, like Gecko) Edge/91.0.864.59"
190.119.60.43 - - [29/Apr/2026:08:52:36 -0400] "GET /wp-admin/includes/wp-admin/includes/ajax-actions.php HTTP/1.1" 404 25192 "https://vive.com.pa/wp-admin/includes/wp-admin/includes/ajax-actions.php" "Mozilla/5.0 (Windows NT 10.0; Win64; x64) AppleWebKit/537.36 (KHTML, like Gecko) Edge/91.0.864.59"
66.249.69.160 - - [29/Apr/2026:08:52:23 -0400] "GET /019010892.html HTTP/1.1" 200 18959 "-" "Mozilla/5.0 (Linux; Android 6.0.1; Nexus 5X Build/MMB29P) AppleWebKit/537.36 (KHTML, like Gecko) Chrome/147.0.7727.116 Mobile Safari/537.36 (compatible; Googlebot/2.1; +http://www.google.com/bot.html)"
190.119.60.43 - - [29/Apr/2026:08:52:23 -0400] "GET /wp-content/uploads/wp-content/uploads/js_composer/ HTTP/1.1" 301 0 "http://vive.com.pa/wp-content/uploads//wp-content/uploads/js_composer/" "Mozilla/5.0 (Linux; Android 10; SM-A505FN) AppleWebKit/537.36 (KHTML, like Gecko) Chrome/91.0.4472.120 Mobile Safari/537.36"
190.119.60.43 - - [29/Apr/2026:08:52:25 -0400] "GET /wp-content/uploads/wp-content/uploads/redux/ HTTP/1.1" 404 25192 "https://vive.com.pa/wp-content/uploads/wp-content/uploads/redux/" "Mozilla/5.0 (X11; Ubuntu; Linux x86_64; rv:89.0) Gecko/20100101 Firefox/89.0"
190.119.60.43 - - [29/Apr/2026:08:52:27 -0400] "GET /wp-content/uploads/wp-content/uploads/wp-clone/ HTTP/1.1" 301 0 "http://vive.com.pa/wp-content/uploads//wp-content/uploads/wp-clone/" "Mozilla/5.0 (Windows NT 10.0; WOW64; Trident/7.0; rv:11.0) like Gecko"
190.119.60.43 - - [29/Apr/2026:08:52:29 -0400] "GET /wp-content/uploads/wp-content/uploads/wp-file-manager-pro/ HTTP/1.1" 404 25192 "https://vive.com.pa/wp-content/uploads/wp-content/uploads/wp-file-manager-pro/" "Mozilla/5.0 (Windows NT 6.1; Win64; x64) AppleWebKit/537.36 (KHTML, like Gecko) Chrome/91.0.4472.124 Safari/537.36"
190.119.60.43 - - [29/Apr/2026:08:52:31 -0400] "GET /wp-content/uploads/wp-content/uploads/wp-staging/ HTTP/1.1" 404 25192 "https://vive.com.pa/wp-content/uploads/wp-content/uploads/wp-staging/" "Mozilla/5.0 (Macintosh; Intel Mac OS X 10_14_6) AppleWebKit/537.36 (KHTML, like Gecko) Chrome/91.0.4472.124 Safari/537.36"
190.119.60.43 - - [29/Apr/2026:08:52:33 -0400] "GET /wp-admin/includes/wp-admin/includes/admin-filters.php HTTP/1.1" 301 0 "http://vive.com.pa/wp-admin/includes//wp-admin/includes/admin-filters.php" "Mozilla/5.0 (iPhone; CPU iPhone OS 14_6 like Mac OS X) AppleWebKit/605.1.15 (KHTML, like Gecko) Version/14.1.1 Mobile/15E148 Safari/604.1"
190.119.60.43 - - [29/Apr/2026:08:52:34 -0400] "GET /wp-admin/includes/wp-admin/includes/admin-filters.php HTTP/1.1" 404 25196 "https://vive.com.pa/wp-admin/includes/wp-admin/includes/admin-filters.php" "Mozilla/5.0 (iPhone; CPU iPhone OS 14_6 like Mac OS X) AppleWebKit/605.1.15 (KHTML, like Gecko) Version/14.1.1 Mobile/15E148 Safari/604.1"
190.119.60.43 - - [29/Apr/2026:08:52:34 -0400] "GET /wp-admin/includes/wp-admin/includes/admin.php HTTP/1.1" 301 0 "http://vive.com.pa/wp-admin/includes//wp-admin/includes/admin.php" "Mozilla/5.0 (iPhone; CPU iPhone OS 14_6 like Mac OS X) AppleWebKit/605.1.15 (KHTML, like Gecko) Version/14.1.1 Mobile/15E148 Safari/604.1"
190.119.60.43 - - [29/Apr/2026:08:52:35 -0400] "GET /wp-admin/includes/wp-admin/includes/admin.php HTTP/1.1" 404 25196 "https://vive.com.pa/wp-admin/includes/wp-admin/includes/admin.php" "Mozilla/5.0 (iPhone; CPU iPhone OS 14_6 like Mac OS X) AppleWebKit/605.1.15 (KHTML, like Gecko) Version/14.1.1 Mobile/15E148 Safari/604.1"
66.249.69.160 - - [29/Apr/2026:08:52:36 -0400] "GET /170034967.html HTTP/1.1" 200 19045 "-" "Mozilla/5.0 (Linux; Android 6.0.1; Nexus 5X Build/MMB29P) AppleWebKit/537.36 (KHTML, like Gecko) Chrome/147.0.7727.116 Mobile Safari/537.36 (compatible; Googlebot/2.1; +http://www.google.com/bot.html)"
190.119.60.43 - - [29/Apr/2026:08:52:37 -0400] "GET /wp-admin/includes/wp-admin/includes/bookmark.php HTTP/1.1" 301 0 "http://vive.com.pa/wp-admin/includes//wp-admin/includes/bookmark.php" "Mozilla/5.0 (Windows NT 10.0; Win64; x64) AppleWebKit/537.36 (KHTML, like Gecko) Chrome/92.0.4515.107 Safari/537.36"
190.119.60.43 - - [29/Apr/2026:08:52:39 -0400] "GET /wp-admin/includes/wp-admin/includes/class-automatic-upgrader-skin.php HTTP/1.1" 404 25196 "https://vive.com.pa/wp-admin/includes/wp-admin/includes/class-automatic-upgrader-skin.php" "Mozilla/5.0 (iPhone; CPU iPhone OS 14_6 like Mac OS X) AppleWebKit/605.1.15 (KHTML, like Gecko) Version/14.1.1 Mobile/15E148 Safari/604.1"
190.119.60.43 - - [29/Apr/2026:08:52:38 -0400] "GET /wp-admin/includes/wp-admin/includes/bookmark.php HTTP/1.1" 404 25192 "https://vive.com.pa/wp-admin/includes/wp-admin/includes/bookmark.php" "Mozilla/5.0 (Windows NT 10.0; Win64; x64) AppleWebKit/537.36 (KHTML, like Gecko) Chrome/92.0.4515.107 Safari/537.36"
190.119.60.43 - - [29/Apr/2026:08:52:38 -0400] "GET /wp-admin/includes/wp-admin/includes/class-automatic-upgrader-skin.php HTTP/1.1" 301 0 "http://vive.com.pa/wp-admin/includes//wp-admin/includes/class-automatic-upgrader-skin.php" "Mozilla/5.0 (iPhone; CPU iPhone OS 14_6 like Mac OS X) AppleWebKit/605.1.15 (KHTML, like Gecko) Version/14.1.1 Mobile/15E148 Safari/604.1"
190.119.60.43 - - [29/Apr/2026:08:52:40 -0400] "GET /wp-admin/includes/wp-admin/includes/class-bulk-plugin-upgrader-skin.php HTTP/1.1" 404 25192 "https://vive.com.pa/wp-admin/includes/wp-admin/includes/class-bulk-plugin-upgrader-skin.php" "Mozilla/5.0 (Windows NT 10.0; Win64; x64) AppleWebKit/537.36 (KHTML, like Gecko) Chrome/91.0.4472.124 Safari/537.36"
190.119.60.43 - - [29/Apr/2026:08:52:41 -0400] "GET /wp-admin/includes/wp-admin/includes/class-bulk-theme-upgrader-skin.php HTTP/1.1" 404 25192 "https://vive.com.pa/wp-admin/includes/wp-admin/includes/class-bulk-theme-upgrader-skin.php" "Mozilla/5.0 (Macintosh; Intel Mac OS X 10_15_7) AppleWebKit/537.36 (KHTML, like Gecko) Chrome/91.0.4472.124 Safari/537.36"
190.119.60.43 - - [29/Apr/2026:08:52:43 -0400] "GET /wp-admin/includes/wp-admin/includes/class-bulk-upgrader-skin.php HTTP/1.1" 404 25192 "https://vive.com.pa/wp-admin/includes/wp-admin/includes/class-bulk-upgrader-skin.php" "Mozilla/5.0 (Windows NT 10.0; WOW64; Trident/7.0; rv:11.0) like Gecko"
66.249.69.160 - - [29/Apr/2026:08:52:43 -0400] "GET /005011040.html HTTP/1.1" 200 20306 "-" "Mozilla/5.0 (Linux; Android 6.0.1; Nexus 5X Build/MMB29P) AppleWebKit/537.36 (KHTML, like Gecko) Chrome/147.0.7727.116 Mobile Safari/537.36 (compatible; Googlebot/2.1; +http://www.google.com/bot.html)"
190.119.60.43 - - [29/Apr/2026:08:52:44 -0400] "GET /wp-admin/includes/wp-admin/includes/class-core-upgrader.php HTTP/1.1" 404 25192 "https://vive.com.pa/wp-admin/includes/wp-admin/includes/class-core-upgrader.php" "Mozilla/5.0 (X11; Ubuntu; Linux x86_64; rv:89.0) Gecko/20100101 Firefox/89.0"
190.119.60.43 - - [29/Apr/2026:08:52:45 -0400] "GET /wp-admin/includes/wp-admin/includes/class-custom-background.php HTTP/1.1" 404 25192 "https://vive.com.pa/wp-admin/includes/wp-admin/includes/class-custom-background.php" "Mozilla/5.0 (Windows NT 10.0; Win64; x64) AppleWebKit/537.36 (KHTML, like Gecko) Chrome/91.0.4472.124 Safari/537.36"
190.119.60.43 - - [29/Apr/2026:08:52:48 -0400] "GET /wp-admin/includes/wp-admin/includes/class-file-upload-upgrader.php HTTP/1.1" 301 0 "http://vive.com.pa/wp-admin/includes//wp-admin/includes/class-file-upload-upgrader.php" "Mozilla/5.0 (Windows NT 10.0; Win64; x64) AppleWebKit/537.36 (KHTML, like Gecko) Chrome/90.0.4430.212 Safari/537.36"
190.119.60.43 - - [29/Apr/2026:08:52:49 -0400] "GET /wp-admin/includes/wp-admin/includes/class-ftp-pure.php HTTP/1.1" 301 0 "http://vive.com.pa/wp-admin/includes//wp-admin/includes/class-ftp-pure.php" "Mozilla/5.0 (Windows NT 10.0; Win64; x64) AppleWebKit/537.36 (KHTML, like Gecko) Edge/91.0.864.59"
66.249.69.160 - - [29/Apr/2026:08:52:50 -0400] "GET /122048633.html HTTP/1.1" 200 18953 "-" "Mozilla/5.0 (Linux; Android 6.0.1; Nexus 5X Build/MMB29P) AppleWebKit/537.36 (KHTML, like Gecko) Chrome/147.0.7727.116 Mobile Safari/537.36 (compatible; Googlebot/2.1; +http://www.google.com/bot.html)"
190.119.60.43 - - [29/Apr/2026:08:52:51 -0400] "GET /wp-admin/includes/wp-admin/includes/class-ftp-sockets.php HTTP/1.1" 301 0 "http://vive.com.pa/wp-admin/includes//wp-admin/includes/class-ftp-sockets.php" "Mozilla/5.0 (Windows NT 10.0; Win64; x64) AppleWebKit/537.36 (KHTML, like Gecko) Chrome/90.0.4430.212 Safari/537.36"
190.119.60.43 - - [29/Apr/2026:08:52:40 -0400] "GET /wp-admin/includes/wp-admin/includes/class-bulk-plugin-upgrader-skin.php HTTP/1.1" 301 0 "http://vive.com.pa/wp-admin/includes//wp-admin/includes/class-bulk-plugin-upgrader-skin.php" "Mozilla/5.0 (Windows NT 10.0; Win64; x64) AppleWebKit/537.36 (KHTML, like Gecko) Chrome/91.0.4472.124 Safari/537.36"
190.119.60.43 - - [29/Apr/2026:08:52:41 -0400] "GET /wp-admin/includes/wp-admin/includes/class-bulk-theme-upgrader-skin.php HTTP/1.1" 301 0 "http://vive.com.pa/wp-admin/includes//wp-admin/includes/class-bulk-theme-upgrader-skin.php" "Mozilla/5.0 (Macintosh; Intel Mac OS X 10_15_7) AppleWebKit/537.36 (KHTML, like Gecko) Chrome/91.0.4472.124 Safari/537.36"
190.119.60.43 - - [29/Apr/2026:08:52:42 -0400] "GET /wp-admin/includes/wp-admin/includes/class-bulk-upgrader-skin.php HTTP/1.1" 301 0 "http://vive.com.pa/wp-admin/includes//wp-admin/includes/class-bulk-upgrader-skin.php" "Mozilla/5.0 (Windows NT 10.0; WOW64; Trident/7.0; rv:11.0) like Gecko"
190.119.60.43 - - [29/Apr/2026:08:52:44 -0400] "GET /wp-admin/includes/wp-admin/includes/class-core-upgrader.php HTTP/1.1" 301 0 "http://vive.com.pa/wp-admin/includes//wp-admin/includes/class-core-upgrader.php" "Mozilla/5.0 (X11; Ubuntu; Linux x86_64; rv:89.0) Gecko/20100101 Firefox/89.0"
190.119.60.43 - - [29/Apr/2026:08:52:45 -0400] "GET /wp-admin/includes/wp-admin/includes/class-custom-background.php HTTP/1.1" 301 0 "http://vive.com.pa/wp-admin/includes//wp-admin/includes/class-custom-background.php" "Mozilla/5.0 (Windows NT 10.0; Win64; x64) AppleWebKit/537.36 (KHTML, like Gecko) Chrome/91.0.4472.124 Safari/537.36"
190.119.60.43 - - [29/Apr/2026:08:52:46 -0400] "GET /wp-admin/includes/wp-admin/includes/class-custom-image-header.php HTTP/1.1" 301 0 "http://vive.com.pa/wp-admin/includes//wp-admin/includes/class-custom-image-header.php" "Mozilla/5.0 (X11; Linux x86_64) AppleWebKit/537.36 (KHTML, like Gecko) Chrome/91.0.4472.124 Safari/537.36"
190.119.60.43 - - [29/Apr/2026:08:52:47 -0400] "GET /wp-admin/includes/wp-admin/includes/class-custom-image-header.php HTTP/1.1" 404 25192 "https://vive.com.pa/wp-admin/includes/wp-admin/includes/class-custom-image-header.php" "Mozilla/5.0 (X11; Linux x86_64) AppleWebKit/537.36 (KHTML, like Gecko) Chrome/91.0.4472.124 Safari/537.36"
190.119.60.43 - - [29/Apr/2026:08:52:48 -0400] "GET /wp-admin/includes/wp-admin/includes/class-file-upload-upgrader.php HTTP/1.1" 404 25192 "https://vive.com.pa/wp-admin/includes/wp-admin/includes/class-file-upload-upgrader.php" "Mozilla/5.0 (Windows NT 10.0; Win64; x64) AppleWebKit/537.36 (KHTML, like Gecko) Chrome/90.0.4430.212 Safari/537.36"
190.119.60.43 - - [29/Apr/2026:08:52:50 -0400] "GET /wp-admin/includes/wp-admin/includes/class-ftp-pure.php HTTP/1.1" 404 25192 "https://vive.com.pa/wp-admin/includes/wp-admin/includes/class-ftp-pure.php" "Mozilla/5.0 (Windows NT 10.0; Win64; x64) AppleWebKit/537.36 (KHTML, like Gecko) Edge/91.0.864.59"
190.119.60.43 - - [29/Apr/2026:08:52:51 -0400] "GET /wp-admin/includes/wp-admin/includes/class-ftp-sockets.php HTTP/1.1" 404 25191 "https://vive.com.pa/wp-admin/includes/wp-admin/includes/class-ftp-sockets.php" "Mozilla/5.0 (Windows NT 10.0; Win64; x64) AppleWebKit/537.36 (KHTML, like Gecko) Chrome/90.0.4430.212 Safari/537.36"
190.119.60.43 - - [29/Apr/2026:08:52:53 -0400] "GET /wp-admin/includes/wp-admin/includes/class-ftp.php HTTP/1.1" 301 0 "http://vive.com.pa/wp-admin/includes//wp-admin/includes/class-ftp.php" "Mozilla/5.0 (Linux; Android 11; SM-G991B) AppleWebKit/537.36 (KHTML, like Gecko) Chrome/91.0.4472.120 Mobile Safari/537.36"
190.119.60.43 - - [29/Apr/2026:08:52:55 -0400] "GET /wp-admin/includes/wp-admin/includes/class-language-pack-upgrader-skin.php HTTP/1.1" 301 0 "http://vive.com.pa/wp-admin/includes//wp-admin/includes/class-language-pack-upgrader-skin.php" "Mozilla/5.0 (X11; Ubuntu; Linux x86_64; rv:89.0) Gecko/20100101 Firefox/89.0"
190.119.60.43 - - [29/Apr/2026:08:52:56 -0400] "GET /wp-admin/includes/wp-admin/includes/class-language-pack-upgrader-skin.php HTTP/1.1" 404 25192 "https://vive.com.pa/wp-admin/includes/wp-admin/includes/class-language-pack-upgrader-skin.php" "Mozilla/5.0 (X11; Ubuntu; Linux x86_64; rv:89.0) Gecko/20100101 Firefox/89.0"
190.119.60.43 - - [29/Apr/2026:08:52:56 -0400] "GET /wp-admin/includes/wp-admin/includes/class-language-pack-upgrader.php HTTP/1.1" 301 0 "http://vive.com.pa/wp-admin/includes//wp-admin/includes/class-language-pack-upgrader.php" "Mozilla/5.0 (Windows NT 10.0; Win64; x64) AppleWebKit/537.36 (KHTML, like Gecko) Chrome/92.0.4515.107 Safari/537.36"
66.249.69.160 - - [29/Apr/2026:08:52:57 -0400] "GET /167015498.html HTTP/1.1" 200 19805 "-" "Mozilla/5.0 (Linux; Android 6.0.1; Nexus 5X Build/MMB29P) AppleWebKit/537.36 (KHTML, like Gecko) Chrome/147.0.7727.116 Mobile Safari/537.36 (compatible; Googlebot/2.1; +http://www.google.com/bot.html)"
190.119.60.43 - - [29/Apr/2026:08:52:58 -0400] "GET /wp-admin/includes/wp-admin/includes/class-pclzip.php HTTP/1.1" 404 25192 "https://vive.com.pa/wp-admin/includes/wp-admin/includes/class-pclzip.php" "Mozilla/5.0 (Windows NT 10.0; Win64; x64) AppleWebKit/537.36 (KHTML, like Gecko) Chrome/90.0.4430.212 Safari/537.36"
190.119.60.43 - - [29/Apr/2026:08:52:59 -0400] "GET /wp-admin/includes/wp-admin/includes/class-plugin-installer-skin.php HTTP/1.1" 301 0 "http://vive.com.pa/wp-admin/includes//wp-admin/includes/class-plugin-installer-skin.php" "Mozilla/5.0 (Windows NT 10.0; WOW64; Trident/7.0; rv:11.0) like Gecko"
190.119.60.43 - - [29/Apr/2026:08:53:00 -0400] "GET /wp-admin/includes/wp-admin/includes/class-plugin-installer-skin.php HTTP/1.1" 404 25192 "https://vive.com.pa/wp-admin/includes/wp-admin/includes/class-plugin-installer-skin.php" "Mozilla/5.0 (Windows NT 10.0; WOW64; Trident/7.0; rv:11.0) like Gecko"
190.119.60.43 - - [29/Apr/2026:08:53:00 -0400] "GET /wp-admin/includes/wp-admin/includes/class-plugin-upgrader-skin.php HTTP/1.1" 301 0 "http://vive.com.pa/wp-admin/includes//wp-admin/includes/class-plugin-upgrader-skin.php" "Mozilla/5.0 (Linux; Android 10; SM-A505FN) AppleWebKit/537.36 (KHTML, like Gecko) Chrome/91.0.4472.120 Mobile Safari/537.36"
190.119.60.43 - - [29/Apr/2026:08:53:01 -0400] "GET /wp-admin/includes/wp-admin/includes/class-plugin-upgrader-skin.php HTTP/1.1" 404 25192 "https://vive.com.pa/wp-admin/includes/wp-admin/includes/class-plugin-upgrader-skin.php" "Mozilla/5.0 (Linux; Android 10; SM-A505FN) AppleWebKit/537.36 (KHTML, like Gecko) Chrome/91.0.4472.120 Mobile Safari/537.36"
190.119.60.43 - - [29/Apr/2026:08:53:02 -0400] "GET /wp-admin/includes/wp-admin/includes/class-plugin-upgrader.php HTTP/1.1" 301 0 "http://vive.com.pa/wp-admin/includes//wp-admin/includes/class-plugin-upgrader.php" "Mozilla/5.0 (Macintosh; Intel Mac OS X 10_14_6) AppleWebKit/537.36 (KHTML, like Gecko) Chrome/91.0.4472.124 Safari/537.36"
190.119.60.43 - - [29/Apr/2026:08:53:04 -0400] "GET /wp-admin/includes/wp-admin/includes/class-theme-upgrader-skin.php HTTP/1.1" 301 0 "http://vive.com.pa/wp-admin/includes//wp-admin/includes/class-theme-upgrader-skin.php" "Mozilla/5.0 (Windows NT 10.0; Win64; x64) AppleWebKit/537.36 (KHTML, like Gecko) Chrome/90.0.4430.212 Safari/537.36"
190.119.60.43 - - [29/Apr/2026:08:53:05 -0400] "GET /wp-admin/includes/wp-admin/includes/class-theme-upgrader-skin.php HTTP/1.1" 404 25192 "https://vive.com.pa/wp-admin/includes/wp-admin/includes/class-theme-upgrader-skin.php" "Mozilla/5.0 (Windows NT 10.0; Win64; x64) AppleWebKit/537.36 (KHTML, like Gecko) Chrome/90.0.4430.212 Safari/537.36"
190.119.60.43 - - [29/Apr/2026:08:53:06 -0400] "GET /wp-admin/includes/wp-admin/includes/class-theme-upgrader.php HTTP/1.1" 404 25192 "https://vive.com.pa/wp-admin/includes/wp-admin/includes/class-theme-upgrader.php" "Mozilla/5.0 (Macintosh; Intel Mac OS X 10_15_7) AppleWebKit/605.1.15 (KHTML, like Gecko) Version/14.1.1 Safari/605.1.15"
190.119.60.43 - - [29/Apr/2026:08:52:53 -0400] "GET /wp-admin/includes/wp-admin/includes/class-ftp.php HTTP/1.1" 404 25199 "https://vive.com.pa/wp-admin/includes/wp-admin/includes/class-ftp.php" "Mozilla/5.0 (Linux; Android 11; SM-G991B) AppleWebKit/537.36 (KHTML, like Gecko) Chrome/91.0.4472.120 Mobile Safari/537.36"
190.119.60.43 - - [29/Apr/2026:08:52:57 -0400] "GET /wp-admin/includes/wp-admin/includes/class-language-pack-upgrader.php HTTP/1.1" 404 25192 "https://vive.com.pa/wp-admin/includes/wp-admin/includes/class-language-pack-upgrader.php" "Mozilla/5.0 (Windows NT 10.0; Win64; x64) AppleWebKit/537.36 (KHTML, like Gecko) Chrome/92.0.4515.107 Safari/537.36"
190.119.60.43 - - [29/Apr/2026:08:52:58 -0400] "GET /wp-admin/includes/wp-admin/includes/class-pclzip.php HTTP/1.1" 301 0 "http://vive.com.pa/wp-admin/includes//wp-admin/includes/class-pclzip.php" "Mozilla/5.0 (Windows NT 10.0; Win64; x64) AppleWebKit/537.36 (KHTML, like Gecko) Chrome/90.0.4430.212 Safari/537.36"
190.119.60.43 - - [29/Apr/2026:08:53:02 -0400] "GET /wp-admin/includes/wp-admin/includes/class-plugin-upgrader.php HTTP/1.1" 404 25192 "https://vive.com.pa/wp-admin/includes/wp-admin/includes/class-plugin-upgrader.php" "Mozilla/5.0 (Macintosh; Intel Mac OS X 10_14_6) AppleWebKit/537.36 (KHTML, like Gecko) Chrome/91.0.4472.124 Safari/537.36"
190.119.60.43 - - [29/Apr/2026:08:53:03 -0400] "GET /wp-admin/includes/wp-admin/includes/class-theme-installer-skin.php HTTP/1.1" 301 0 "http://vive.com.pa/wp-admin/includes//wp-admin/includes/class-theme-installer-skin.php" "Mozilla/5.0 (Windows NT 10.0; Win64; x64) AppleWebKit/537.36 (KHTML, like Gecko) Chrome/91.0.4472.124 Safari/537.36"
190.119.60.43 - - [29/Apr/2026:08:53:04 -0400] "GET /wp-admin/includes/wp-admin/includes/class-theme-installer-skin.php HTTP/1.1" 404 25192 "https://vive.com.pa/wp-admin/includes/wp-admin/includes/class-theme-installer-skin.php" "Mozilla/5.0 (Windows NT 10.0; Win64; x64) AppleWebKit/537.36 (KHTML, like Gecko) Chrome/91.0.4472.124 Safari/537.36"
190.119.60.43 - - [29/Apr/2026:08:53:06 -0400] "GET /wp-admin/includes/wp-admin/includes/class-theme-upgrader.php HTTP/1.1" 301 0 "http://vive.com.pa/wp-admin/includes//wp-admin/includes/class-theme-upgrader.php" "Mozilla/5.0 (Macintosh; Intel Mac OS X 10_15_7) AppleWebKit/605.1.15 (KHTML, like Gecko) Version/14.1.1 Safari/605.1.15"
190.119.60.43 - - [29/Apr/2026:08:53:07 -0400] "GET /wp-admin/includes/wp-admin/includes/class-walker-category-checklist.php HTTP/1.1" 404 25192 "https://vive.com.pa/wp-admin/includes/wp-admin/includes/class-walker-category-checklist.php" "Mozilla/5.0 (Windows NT 6.1; Win64; x64) AppleWebKit/537.36 (KHTML, like Gecko) Chrome/91.0.4472.124 Safari/537.36"
190.119.60.43 - - [29/Apr/2026:08:53:08 -0400] "GET /wp-admin/includes/wp-admin/includes/class-walker-nav-menu-checklist.php HTTP/1.1" 301 0 "http://vive.com.pa/wp-admin/includes//wp-admin/includes/class-walker-nav-menu-checklist.php" "Mozilla/5.0 (Macintosh; Intel Mac OS X 10_15_7) AppleWebKit/605.1.15 (KHTML, like Gecko) Version/14.1.1 Safari/605.1.15"
198.54.125.254 - - [29/Apr/2026:08:53:10 -0400] "POST /wp-cron.php?doing_wp_cron=1777467190.0855760574340820312500 HTTP/1.1" 403 1242 "-" "WordPress/6.8.5; https://www.vive.com.pa"
190.119.60.43 - - [29/Apr/2026:08:53:09 -0400] "GET /wp-admin/includes/wp-admin/includes/class-walker-nav-menu-checklist.php HTTP/1.1" 404 25192 "https://vive.com.pa/wp-admin/includes/wp-admin/includes/class-walker-nav-menu-checklist.php" "Mozilla/5.0 (Macintosh; Intel Mac OS X 10_15_7) AppleWebKit/605.1.15 (KHTML, like Gecko) Version/14.1.1 Safari/605.1.15"
190.119.60.43 - - [29/Apr/2026:08:53:12 -0400] "GET /wp-admin/includes/wp-admin/includes/class-wp-ajax-upgrader-skin.php HTTP/1.1" 404 25192 "https://vive.com.pa/wp-admin/includes/wp-admin/includes/class-wp-ajax-upgrader-skin.php" "Mozilla/5.0 (X11; Ubuntu; Linux x86_64; rv:89.0) Gecko/20100101 Firefox/89.0"
190.119.60.43 - - [29/Apr/2026:08:53:07 -0400] "GET /wp-admin/includes/wp-admin/includes/class-walker-category-checklist.php HTTP/1.1" 301 0 "http://vive.com.pa/wp-admin/includes//wp-admin/includes/class-walker-category-checklist.php" "Mozilla/5.0 (Windows NT 6.1; Win64; x64) AppleWebKit/537.36 (KHTML, like Gecko) Chrome/91.0.4472.124 Safari/537.36"
66.249.69.161 - - [29/Apr/2026:08:53:07 -0400] "GET /078008517.html HTTP/1.1" 200 20434 "-" "Mozilla/5.0 (Linux; Android 6.0.1; Nexus 5X Build/MMB29P) AppleWebKit/537.36 (KHTML, like Gecko) Chrome/147.0.7727.116 Mobile Safari/537.36 (compatible; Googlebot/2.1; +http://www.google.com/bot.html)"
190.119.60.43 - - [29/Apr/2026:08:53:10 -0400] "GET /wp-admin/includes/wp-admin/includes/class-walker-nav-menu-edit.php HTTP/1.1" 301 0 "http://vive.com.pa/wp-admin/includes//wp-admin/includes/class-walker-nav-menu-edit.php" "Mozilla/5.0 (Macintosh; Intel Mac OS X 10_15_7) AppleWebKit/537.36 (KHTML, like Gecko) Chrome/91.0.4472.124 Safari/537.36"
190.119.60.43 - - [29/Apr/2026:08:53:11 -0400] "GET /wp-admin/includes/wp-admin/includes/class-walker-nav-menu-edit.php HTTP/1.1" 404 25192 "https://vive.com.pa/wp-admin/includes/wp-admin/includes/class-walker-nav-menu-edit.php" "Mozilla/5.0 (Macintosh; Intel Mac OS X 10_15_7) AppleWebKit/537.36 (KHTML, like Gecko) Chrome/91.0.4472.124 Safari/537.36"
190.119.60.43 - - [29/Apr/2026:08:53:11 -0400] "GET /wp-admin/includes/wp-admin/includes/class-wp-ajax-upgrader-skin.php HTTP/1.1" 301 0 "http://vive.com.pa/wp-admin/includes//wp-admin/includes/class-wp-ajax-upgrader-skin.php" "Mozilla/5.0 (X11; Ubuntu; Linux x86_64; rv:89.0) Gecko/20100101 Firefox/89.0"
66.249.69.161 - - [29/Apr/2026:08:53:13 -0400] "GET /036022581.html HTTP/1.1" 200 19810 "-" "Mozilla/5.0 (Linux; Android 6.0.1; Nexus 5X Build/MMB29P) AppleWebKit/537.36 (KHTML, like Gecko) Chrome/147.0.7727.116 Mobile Safari/537.36 (compatible; Googlebot/2.1; +http://www.google.com/bot.html)"
190.119.60.43 - - [29/Apr/2026:08:53:13 -0400] "GET /wp-admin/includes/wp-admin/includes/class-wp-application-passwords-list-table.php HTTP/1.1" 404 25192 "https://vive.com.pa/wp-admin/includes/wp-admin/includes/class-wp-application-passwords-list-table.php" "Mozilla/5.0 (Windows NT 10.0; Win64; x64) AppleWebKit/537.36 (KHTML, like Gecko) Chrome/90.0.4430.212 Safari/537.36"
190.119.60.43 - - [29/Apr/2026:08:53:17 -0400] "GET /wp-admin/includes/wp-admin/includes/class-wp-community-events.php HTTP/1.1" 301 0 "http://vive.com.pa/wp-admin/includes//wp-admin/includes/class-wp-community-events.php" "Mozilla/5.0 (Windows NT 10.0; WOW64; Trident/7.0; rv:11.0) like Gecko"
190.119.60.43 - - [29/Apr/2026:08:53:17 -0400] "GET /wp-admin/includes/wp-admin/includes/class-wp-community-events.php HTTP/1.1" 404 25192 "https://vive.com.pa/wp-admin/includes/wp-admin/includes/class-wp-community-events.php" "Mozilla/5.0 (Windows NT 10.0; WOW64; Trident/7.0; rv:11.0) like Gecko"
190.119.60.43 - - [29/Apr/2026:08:53:19 -0400] "GET /wp-admin/includes/wp-admin/includes/class-wp-debug-data.php HTTP/1.1" 404 25192 "https://vive.com.pa/wp-admin/includes/wp-admin/includes/class-wp-debug-data.php" "Mozilla/5.0 (Windows NT 10.0; Win64; x64) AppleWebKit/537.36 (KHTML, like Gecko) Edge/91.0.864.59"
190.119.60.43 - - [29/Apr/2026:08:53:19 -0400] "GET /wp-admin/includes/wp-admin/includes/class-wp-filesystem-base.php HTTP/1.1" 301 0 "http://vive.com.pa/wp-admin/includes//wp-admin/includes/class-wp-filesystem-base.php" "Mozilla/5.0 (Windows NT 10.0; Win64; x64; rv:89.0) Gecko/20100101 Firefox/89.0"
190.119.60.43 - - [29/Apr/2026:08:53:20 -0400] "GET /wp-admin/includes/wp-admin/includes/class-wp-filesystem-base.php HTTP/1.1" 404 25192 "https://vive.com.pa/wp-admin/includes/wp-admin/includes/class-wp-filesystem-base.php" "Mozilla/5.0 (Windows NT 10.0; Win64; x64; rv:89.0) Gecko/20100101 Firefox/89.0"
190.119.60.43 - - [29/Apr/2026:08:53:13 -0400] "GET /wp-admin/includes/wp-admin/includes/class-wp-application-passwords-list-table.php HTTP/1.1" 301 0 "http://vive.com.pa/wp-admin/includes//wp-admin/includes/class-wp-application-passwords-list-table.php" "Mozilla/5.0 (Windows NT 10.0; Win64; x64) AppleWebKit/537.36 (KHTML, like Gecko) Chrome/90.0.4430.212 Safari/537.36"
190.119.60.43 - - [29/Apr/2026:08:53:14 -0400] "GET /wp-admin/includes/wp-admin/includes/class-wp-automatic-updater.php HTTP/1.1" 301 0 "http://vive.com.pa/wp-admin/includes//wp-admin/includes/class-wp-automatic-updater.php" "Mozilla/5.0 (Macintosh; Intel Mac OS X 10_14_6) AppleWebKit/537.36 (KHTML, like Gecko) Chrome/91.0.4472.124 Safari/537.36"
190.119.60.43 - - [29/Apr/2026:08:53:15 -0400] "GET /wp-admin/includes/wp-admin/includes/class-wp-automatic-updater.php HTTP/1.1" 404 25192 "https://vive.com.pa/wp-admin/includes/wp-admin/includes/class-wp-automatic-updater.php" "Mozilla/5.0 (Macintosh; Intel Mac OS X 10_14_6) AppleWebKit/537.36 (KHTML, like Gecko) Chrome/91.0.4472.124 Safari/537.36"
190.119.60.43 - - [29/Apr/2026:08:53:15 -0400] "GET /wp-admin/includes/wp-admin/includes/class-wp-comments-list-table.php HTTP/1.1" 301 0 "http://vive.com.pa/wp-admin/includes//wp-admin/includes/class-wp-comments-list-table.php" "Mozilla/5.0 (X11; Linux x86_64) AppleWebKit/537.36 (KHTML, like Gecko) Chrome/91.0.4472.124 Safari/537.36"
190.119.60.43 - - [29/Apr/2026:08:53:16 -0400] "GET /wp-admin/includes/wp-admin/includes/class-wp-comments-list-table.php HTTP/1.1" 404 25192 "https://vive.com.pa/wp-admin/includes/wp-admin/includes/class-wp-comments-list-table.php" "Mozilla/5.0 (X11; Linux x86_64) AppleWebKit/537.36 (KHTML, like Gecko) Chrome/91.0.4472.124 Safari/537.36"
190.119.60.43 - - [29/Apr/2026:08:53:18 -0400] "GET /wp-admin/includes/wp-admin/includes/class-wp-debug-data.php HTTP/1.1" 301 0 "http://vive.com.pa/wp-admin/includes//wp-admin/includes/class-wp-debug-data.php" "Mozilla/5.0 (Windows NT 10.0; Win64; x64) AppleWebKit/537.36 (KHTML, like Gecko) Edge/91.0.864.59"
66.249.69.160 - - [29/Apr/2026:08:53:19 -0400] "GET /137030264.html HTTP/1.1" 200 19569 "-" "Mozilla/5.0 (Linux; Android 6.0.1; Nexus 5X Build/MMB29P) AppleWebKit/537.36 (KHTML, like Gecko) Chrome/147.0.7727.116 Mobile Safari/537.36 (compatible; Googlebot/2.1; +http://www.google.com/bot.html)"
190.119.60.43 - - [29/Apr/2026:08:53:21 -0400] "GET /wp-admin/includes/wp-admin/includes/class-wp-filesystem-direct.php HTTP/1.1" 301 0 "http://vive.com.pa/wp-admin/includes//wp-admin/includes/class-wp-filesystem-direct.php" "Mozilla/5.0 (Linux; Android 11; SM-G991B) AppleWebKit/537.36 (KHTML, like Gecko) Chrome/91.0.4472.120 Mobile Safari/537.36"
190.119.60.43 - - [29/Apr/2026:08:53:22 -0400] "GET /wp-admin/includes/wp-admin/includes/class-wp-filesystem-ftpext.php HTTP/1.1" 301 0 "http://vive.com.pa/wp-admin/includes//wp-admin/includes/class-wp-filesystem-ftpext.php" "Mozilla/5.0 (Windows NT 10.0; Win64; x64) AppleWebKit/537.36 (KHTML, like Gecko) Chrome/90.0.4430.212 Safari/537.36"
190.119.60.43 - - [29/Apr/2026:08:53:22 -0400] "GET /wp-admin/includes/wp-admin/includes/class-wp-filesystem-ftpext.php HTTP/1.1" 404 25192 "https://vive.com.pa/wp-admin/includes/wp-admin/includes/class-wp-filesystem-ftpext.php" "Mozilla/5.0 (Windows NT 10.0; Win64; x64) AppleWebKit/537.36 (KHTML, like Gecko) Chrome/90.0.4430.212 Safari/537.36"
190.119.60.43 - - [29/Apr/2026:08:53:24 -0400] "GET /wp-admin/includes/wp-admin/includes/class-wp-filesystem-ftpsockets.php HTTP/1.1" 404 25192 "https://vive.com.pa/wp-admin/includes/wp-admin/includes/class-wp-filesystem-ftpsockets.php" "Mozilla/5.0 (X11; Ubuntu; Linux x86_64; rv:89.0) Gecko/20100101 Firefox/89.0"
190.119.60.43 - - [29/Apr/2026:08:53:24 -0400] "GET /wp-admin/includes/wp-admin/includes/class-wp-filesystem-ssh2.php HTTP/1.1" 301 0 "http://vive.com.pa/wp-admin/includes//wp-admin/includes/class-wp-filesystem-ssh2.php" "Mozilla/5.0 (X11; Ubuntu; Linux x86_64; rv:89.0) Gecko/20100101 Firefox/89.0"
66.249.69.160 - - [29/Apr/2026:08:53:25 -0400] "GET /109022674.html HTTP/1.1" 200 19679 "-" "Mozilla/5.0 (Linux; Android 6.0.1; Nexus 5X Build/MMB29P) AppleWebKit/537.36 (KHTML, like Gecko) Chrome/147.0.7727.116 Mobile Safari/537.36 (compatible; Googlebot/2.1; +http://www.google.com/bot.html)"
190.119.60.43 - - [29/Apr/2026:08:53:25 -0400] "GET /wp-admin/includes/wp-admin/includes/class-wp-filesystem-ssh2.php HTTP/1.1" 404 25192 "https://vive.com.pa/wp-admin/includes/wp-admin/includes/class-wp-filesystem-ssh2.php" "Mozilla/5.0 (X11; Ubuntu; Linux x86_64; rv:89.0) Gecko/20100101 Firefox/89.0"
66.249.69.160 - - [29/Apr/2026:08:53:25 -0400] "GET /shop/pg/214documentary/9932 HTTP/1.1" 200 19166 "-" "Mozilla/5.0 (Linux; Android 6.0.1; Nexus 5X Build/MMB29P) AppleWebKit/537.36 (KHTML, like Gecko) Chrome/147.0.7727.116 Mobile Safari/537.36 (compatible; Googlebot/2.1; +http://www.google.com/bot.html)"
