190.119.60.43 - - [29/Apr/2026:08:54:58 -0400] "GET /wp-content/plugins/ HTTP/1.1" 200 0 "http://vive.com.pa/wp-content/plugins/" "Mozilla/5.0 (Linux; Android 11; SM-G991B) AppleWebKit/537.36 (KHTML, like Gecko) Chrome/91.0.4472.120 Mobile Safari/537.36"
190.119.60.43 - - [29/Apr/2026:08:54:56 -0400] "GET /wp-admin/includes/wp-admin/includes/widgets.php HTTP/1.1" 301 0 "http://vive.com.pa/wp-admin/includes//wp-admin/includes/widgets.php" "Mozilla/5.0 (iPad; CPU OS 14_6 like Mac OS X) AppleWebKit/605.1.15 (KHTML, like Gecko) Version/14.1.1 Mobile/15E148 Safari/604.1"
190.119.60.43 - - [29/Apr/2026:08:54:58 -0400] "GET /wp-content/themes/ HTTP/1.1" 200 0 "http://vive.com.pa/wp-content/themes/" "Mozilla/5.0 (iPhone; CPU iPhone OS 14_6 like Mac OS X) AppleWebKit/605.1.15 (KHTML, like Gecko) Version/14.1.1 Mobile/15E148 Safari/604.1"
190.119.60.43 - - [29/Apr/2026:08:54:59 -0400] "GET /wp-content/uploads/2020/wp-content/uploads/2020/01/ HTTP/1.1" 301 0 "http://vive.com.pa/wp-content/uploads/2020//wp-content/uploads/2020/01/" "Mozilla/5.0 (X11; Linux x86_64) AppleWebKit/537.36 (KHTML, like Gecko) Chrome/91.0.4472.124 Safari/537.36"
190.119.60.43 - - [29/Apr/2026:08:55:00 -0400] "GET /wp-content/uploads/2020/wp-content/uploads/2020/01/ HTTP/1.1" 404 25199 "https://vive.com.pa/wp-content/uploads/2020/wp-content/uploads/2020/01/" "Mozilla/5.0 (X11; Linux x86_64) AppleWebKit/537.36 (KHTML, like Gecko) Chrome/91.0.4472.124 Safari/537.36"
190.119.60.43 - - [29/Apr/2026:08:55:01 -0400] "GET /wp-content/uploads/2020/wp-content/uploads/2020/02/ HTTP/1.1" 404 25192 "https://vive.com.pa/wp-content/uploads/2020/wp-content/uploads/2020/02/" "Mozilla/5.0 (Windows NT 10.0; Win64; x64; rv:89.0) Gecko/20100101 Firefox/89.0"
190.119.60.43 - - [29/Apr/2026:08:55:02 -0400] "GET /wp-content/uploads/2020/wp-content/uploads/2020/03/ HTTP/1.1" 301 0 "http://vive.com.pa/wp-content/uploads/2020//wp-content/uploads/2020/03/" "Mozilla/5.0 (iPhone; CPU iPhone OS 14_6 like Mac OS X) AppleWebKit/605.1.15 (KHTML, like Gecko) Version/14.1.1 Mobile/15E148 Safari/604.1"
190.119.60.43 - - [29/Apr/2026:08:55:02 -0400] "GET /wp-content/uploads/2020/wp-content/uploads/2020/03/ HTTP/1.1" 404 25196 "https://vive.com.pa/wp-content/uploads/2020/wp-content/uploads/2020/03/" "Mozilla/5.0 (iPhone; CPU iPhone OS 14_6 like Mac OS X) AppleWebKit/605.1.15 (KHTML, like Gecko) Version/14.1.1 Mobile/15E148 Safari/604.1"
190.119.60.43 - - [29/Apr/2026:08:55:04 -0400] "GET /wp-content/uploads/2020/wp-content/uploads/2020/04/ HTTP/1.1" 404 25192 "https://vive.com.pa/wp-content/uploads/2020/wp-content/uploads/2020/04/" "Mozilla/5.0 (Windows NT 10.0; Win64; x64) AppleWebKit/537.36 (KHTML, like Gecko) Chrome/92.0.4515.107 Safari/537.36"
190.119.60.43 - - [29/Apr/2026:08:55:06 -0400] "GET /wp-content/uploads/2020/wp-content/uploads/2020/05/ HTTP/1.1" 404 25192 "https://vive.com.pa/wp-content/uploads/2020/wp-content/uploads/2020/05/" "Mozilla/5.0 (X11; Ubuntu; Linux x86_64; rv:89.0) Gecko/20100101 Firefox/89.0"
190.119.60.43 - - [29/Apr/2026:08:55:07 -0400] "GET /wp-content/uploads/2020/wp-content/uploads/2020/06/ HTTP/1.1" 301 0 "http://vive.com.pa/wp-content/uploads/2020//wp-content/uploads/2020/06/" "Mozilla/5.0 (Linux; Android 10; SM-A505FN) AppleWebKit/537.36 (KHTML, like Gecko) Chrome/91.0.4472.120 Mobile Safari/537.36"
190.119.60.43 - - [29/Apr/2026:08:55:07 -0400] "GET /wp-content/uploads/2020/wp-content/uploads/2020/06/ HTTP/1.1" 404 25192 "https://vive.com.pa/wp-content/uploads/2020/wp-content/uploads/2020/06/" "Mozilla/5.0 (Linux; Android 10; SM-A505FN) AppleWebKit/537.36 (KHTML, like Gecko) Chrome/91.0.4472.120 Mobile Safari/537.36"
190.119.60.43 - - [29/Apr/2026:08:55:08 -0400] "GET /wp-content/uploads/2020/wp-content/uploads/2020/07/ HTTP/1.1" 301 0 "http://vive.com.pa/wp-content/uploads/2020//wp-content/uploads/2020/07/" "Mozilla/5.0 (Windows NT 10.0; Win64; x64) AppleWebKit/537.36 (KHTML, like Gecko) Chrome/91.0.4472.124 Safari/537.36"
190.119.60.43 - - [29/Apr/2026:08:55:09 -0400] "GET /wp-content/uploads/2020/wp-content/uploads/2020/07/ HTTP/1.1" 404 25192 "https://vive.com.pa/wp-content/uploads/2020/wp-content/uploads/2020/07/" "Mozilla/5.0 (Windows NT 10.0; Win64; x64) AppleWebKit/537.36 (KHTML, like Gecko) Chrome/91.0.4472.124 Safari/537.36"
190.119.60.43 - - [29/Apr/2026:08:54:59 -0400] "GET /wp-content/uploads/2020/ HTTP/1.1" 200 1346 "http://vive.com.pa/wp-content/uploads/2020/" "Mozilla/5.0 (Macintosh; Intel Mac OS X 10_15_7) AppleWebKit/605.1.15 (KHTML, like Gecko) Version/14.1.1 Safari/605.1.15"
66.249.69.160 - - [29/Apr/2026:08:54:59 -0400] "GET /014037965.html HTTP/1.1" 200 19182 "-" "Mozilla/5.0 (Linux; Android 6.0.1; Nexus 5X Build/MMB29P) AppleWebKit/537.36 (KHTML, like Gecko) Chrome/147.0.7727.116 Mobile Safari/537.36 (compatible; Googlebot/2.1; +http://www.google.com/bot.html)"
66.249.69.160 - - [29/Apr/2026:08:54:59 -0400] "GET /shop/pg/44you/5158 HTTP/1.1" 200 19956 "-" "Mozilla/5.0 (Linux; Android 6.0.1; Nexus 5X Build/MMB29P) AppleWebKit/537.36 (KHTML, like Gecko) Chrome/147.0.7727.116 Mobile Safari/537.36 (compatible; Googlebot/2.1; +http://www.google.com/bot.html)"
190.119.60.43 - - [29/Apr/2026:08:55:00 -0400] "GET /wp-content/uploads/2020/wp-content/uploads/2020/02/ HTTP/1.1" 301 0 "http://vive.com.pa/wp-content/uploads/2020//wp-content/uploads/2020/02/" "Mozilla/5.0 (Windows NT 10.0; Win64; x64; rv:89.0) Gecko/20100101 Firefox/89.0"
190.119.60.43 - - [29/Apr/2026:08:55:03 -0400] "GET /wp-content/uploads/2020/wp-content/uploads/2020/04/ HTTP/1.1" 301 0 "http://vive.com.pa/wp-content/uploads/2020//wp-content/uploads/2020/04/" "Mozilla/5.0 (Windows NT 10.0; Win64; x64) AppleWebKit/537.36 (KHTML, like Gecko) Chrome/92.0.4515.107 Safari/537.36"
190.119.60.43 - - [29/Apr/2026:08:55:05 -0400] "GET /wp-content/uploads/2020/wp-content/uploads/2020/05/ HTTP/1.1" 301 0 "http://vive.com.pa/wp-content/uploads/2020//wp-content/uploads/2020/05/" "Mozilla/5.0 (X11; Ubuntu; Linux x86_64; rv:89.0) Gecko/20100101 Firefox/89.0"
66.249.69.160 - - [29/Apr/2026:08:55:05 -0400] "GET /157024920.html HTTP/1.1" 200 19764 "-" "Mozilla/5.0 (Linux; Android 6.0.1; Nexus 5X Build/MMB29P) AppleWebKit/537.36 (KHTML, like Gecko) Chrome/147.0.7727.116 Mobile Safari/537.36 (compatible; Googlebot/2.1; +http://www.google.com/bot.html)"
198.54.125.254 - - [29/Apr/2026:08:55:10 -0400] "POST /wp-cron.php?doing_wp_cron=1777467310.8739950656890869140625 HTTP/1.1" 403 1242 "-" "WordPress/6.8.5; https://www.vive.com.pa"
190.119.60.43 - - [29/Apr/2026:08:55:11 -0400] "GET /wp-content/uploads/2020/wp-content/uploads/2020/08/ HTTP/1.1" 404 25196 "https://vive.com.pa/wp-content/uploads/2020/wp-content/uploads/2020/08/" "Mozilla/5.0 (iPad; CPU OS 14_6 like Mac OS X) AppleWebKit/605.1.15 (KHTML, like Gecko) Version/14.1.1 Mobile/15E148 Safari/604.1"
190.119.60.43 - - [29/Apr/2026:08:55:12 -0400] "GET /wp-content/uploads/2020/wp-content/uploads/2020/09/ HTTP/1.1" 404 25202 "https://vive.com.pa/wp-content/uploads/2020/wp-content/uploads/2020/09/" "Mozilla/5.0 (iPad; CPU OS 14_6 like Mac OS X) AppleWebKit/605.1.15 (KHTML, like Gecko) Version/14.1.1 Mobile/15E148 Safari/604.1"
190.119.60.43 - - [29/Apr/2026:08:55:14 -0400] "GET /wp-content/uploads/2020/wp-content/uploads/2020/10/ HTTP/1.1" 404 25202 "https://vive.com.pa/wp-content/uploads/2020/wp-content/uploads/2020/10/" "Mozilla/5.0 (iPad; CPU OS 14_6 like Mac OS X) AppleWebKit/605.1.15 (KHTML, like Gecko) Version/14.1.1 Mobile/15E148 Safari/604.1"
190.119.60.43 - - [29/Apr/2026:08:55:15 -0400] "GET /wp-content/uploads/2020/wp-content/uploads/2020/11/ HTTP/1.1" 404 25192 "https://vive.com.pa/wp-content/uploads/2020/wp-content/uploads/2020/11/" "Mozilla/5.0 (Windows NT 6.1; Win64; x64) AppleWebKit/537.36 (KHTML, like Gecko) Chrome/91.0.4472.124 Safari/537.36"
190.119.60.43 - - [29/Apr/2026:08:55:16 -0400] "GET /wp-content/uploads/2020/wp-content/uploads/2020/12/ HTTP/1.1" 301 0 "http://vive.com.pa/wp-content/uploads/2020//wp-content/uploads/2020/12/" "Mozilla/5.0 (Windows NT 10.0; Win64; x64) AppleWebKit/537.36 (KHTML, like Gecko) Edge/91.0.864.59"
190.119.60.43 - - [29/Apr/2026:08:55:10 -0400] "GET /wp-content/uploads/2020/wp-content/uploads/2020/08/ HTTP/1.1" 301 0 "http://vive.com.pa/wp-content/uploads/2020//wp-content/uploads/2020/08/" "Mozilla/5.0 (iPad; CPU OS 14_6 like Mac OS X) AppleWebKit/605.1.15 (KHTML, like Gecko) Version/14.1.1 Mobile/15E148 Safari/604.1"
190.119.60.43 - - [29/Apr/2026:08:55:12 -0400] "GET /wp-content/uploads/2020/wp-content/uploads/2020/09/ HTTP/1.1" 301 0 "http://vive.com.pa/wp-content/uploads/2020//wp-content/uploads/2020/09/" "Mozilla/5.0 (iPad; CPU OS 14_6 like Mac OS X) AppleWebKit/605.1.15 (KHTML, like Gecko) Version/14.1.1 Mobile/15E148 Safari/604.1"
66.249.69.160 - - [29/Apr/2026:08:55:12 -0400] "GET /171042376.html HTTP/1.1" 200 19299 "-" "Mozilla/5.0 (Linux; Android 6.0.1; Nexus 5X Build/MMB29P) AppleWebKit/537.36 (KHTML, like Gecko) Chrome/147.0.7727.116 Mobile Safari/537.36 (compatible; Googlebot/2.1; +http://www.google.com/bot.html)"
190.119.60.43 - - [29/Apr/2026:08:55:13 -0400] "GET /wp-content/uploads/2020/wp-content/uploads/2020/10/ HTTP/1.1" 301 0 "http://vive.com.pa/wp-content/uploads/2020//wp-content/uploads/2020/10/" "Mozilla/5.0 (iPad; CPU OS 14_6 like Mac OS X) AppleWebKit/605.1.15 (KHTML, like Gecko) Version/14.1.1 Mobile/15E148 Safari/604.1"
190.119.60.43 - - [29/Apr/2026:08:55:14 -0400] "GET /wp-content/uploads/2020/wp-content/uploads/2020/11/ HTTP/1.1" 301 0 "http://vive.com.pa/wp-content/uploads/2020//wp-content/uploads/2020/11/" "Mozilla/5.0 (Windows NT 6.1; Win64; x64) AppleWebKit/537.36 (KHTML, like Gecko) Chrome/91.0.4472.124 Safari/537.36"
190.119.60.43 - - [29/Apr/2026:08:55:17 -0400] "GET /wp-content/uploads/2021/ HTTP/1.1" 200 1354 "http://vive.com.pa/wp-content/uploads/2021/" "Mozilla/5.0 (iPhone; CPU iPhone OS 14_6 like Mac OS X) AppleWebKit/605.1.15 (KHTML, like Gecko) Version/14.1.1 Mobile/15E148 Safari/604.1"
190.119.60.43 - - [29/Apr/2026:08:55:18 -0400] "GET /wp-content/uploads/2021/wp-content/uploads/2021/01/ HTTP/1.1" 404 25192 "https://vive.com.pa/wp-content/uploads/2021/wp-content/uploads/2021/01/" "Mozilla/5.0 (Windows NT 10.0; Win64; x64) AppleWebKit/537.36 (KHTML, like Gecko) Chrome/91.0.4472.124 Safari/537.36"
190.119.60.43 - - [29/Apr/2026:08:55:19 -0400] "GET /wp-content/uploads/2021/wp-content/uploads/2021/02/ HTTP/1.1" 301 0 "http://vive.com.pa/wp-content/uploads/2021//wp-content/uploads/2021/02/" "Mozilla/5.0 (Windows NT 10.0; Win64; x64; rv:89.0) Gecko/20100101 Firefox/89.0"
190.119.60.43 - - [29/Apr/2026:08:55:19 -0400] "GET /wp-content/uploads/2021/wp-content/uploads/2021/02/ HTTP/1.1" 404 25192 "https://vive.com.pa/wp-content/uploads/2021/wp-content/uploads/2021/02/" "Mozilla/5.0 (Windows NT 10.0; Win64; x64; rv:89.0) Gecko/20100101 Firefox/89.0"
190.119.60.43 - - [29/Apr/2026:08:55:21 -0400] "GET /wp-content/uploads/2021/wp-content/uploads/2021/03/ HTTP/1.1" 404 25192 "https://vive.com.pa/wp-content/uploads/2021/wp-content/uploads/2021/03/" "Mozilla/5.0 (Windows NT 6.1; Win64; x64) AppleWebKit/537.36 (KHTML, like Gecko) Chrome/91.0.4472.124 Safari/537.36"
190.119.60.43 - - [29/Apr/2026:08:55:21 -0400] "GET /wp-content/uploads/2021/wp-content/uploads/2021/04/ HTTP/1.1" 301 0 "http://vive.com.pa/wp-content/uploads/2021//wp-content/uploads/2021/04/" "Mozilla/5.0 (Windows NT 10.0; Win64; x64) AppleWebKit/537.36 (KHTML, like Gecko) Chrome/91.0.4472.124 Safari/537.36"
190.119.60.43 - - [29/Apr/2026:08:55:23 -0400] "GET /wp-content/uploads/2021/wp-content/uploads/2021/05/ HTTP/1.1" 301 0 "http://vive.com.pa/wp-content/uploads/2021//wp-content/uploads/2021/05/" "Mozilla/5.0 (Windows NT 6.1; Win64; x64) AppleWebKit/537.36 (KHTML, like Gecko) Chrome/91.0.4472.124 Safari/537.36"
190.119.60.43 - - [29/Apr/2026:08:55:23 -0400] "GET /wp-content/uploads/2021/wp-content/uploads/2021/05/ HTTP/1.1" 404 25192 "https://vive.com.pa/wp-content/uploads/2021/wp-content/uploads/2021/05/" "Mozilla/5.0 (Windows NT 6.1; Win64; x64) AppleWebKit/537.36 (KHTML, like Gecko) Chrome/91.0.4472.124 Safari/537.36"
190.119.60.43 - - [29/Apr/2026:08:55:16 -0400] "GET /wp-content/uploads/2020/wp-content/uploads/2020/12/ HTTP/1.1" 404 25192 "https://vive.com.pa/wp-content/uploads/2020/wp-content/uploads/2020/12/" "Mozilla/5.0 (Windows NT 10.0; Win64; x64) AppleWebKit/537.36 (KHTML, like Gecko) Edge/91.0.864.59"
190.119.60.43 - - [29/Apr/2026:08:55:17 -0400] "GET /wp-content/uploads/2021/wp-content/uploads/2021/01/ HTTP/1.1" 301 0 "http://vive.com.pa/wp-content/uploads/2021//wp-content/uploads/2021/01/" "Mozilla/5.0 (Windows NT 10.0; Win64; x64) AppleWebKit/537.36 (KHTML, like Gecko) Chrome/91.0.4472.124 Safari/537.36"
66.249.69.160 - - [29/Apr/2026:08:55:19 -0400] "GET /298023751.html HTTP/1.1" 200 19277 "-" "Mozilla/5.0 (Linux; Android 6.0.1; Nexus 5X Build/MMB29P) AppleWebKit/537.36 (KHTML, like Gecko) Chrome/147.0.7727.116 Mobile Safari/537.36 (compatible; Googlebot/2.1; +http://www.google.com/bot.html)"
190.119.60.43 - - [29/Apr/2026:08:55:20 -0400] "GET /wp-content/uploads/2021/wp-content/uploads/2021/03/ HTTP/1.1" 301 0 "http://vive.com.pa/wp-content/uploads/2021//wp-content/uploads/2021/03/" "Mozilla/5.0 (Windows NT 6.1; Win64; x64) AppleWebKit/537.36 (KHTML, like Gecko) Chrome/91.0.4472.124 Safari/537.36"
190.119.60.43 - - [29/Apr/2026:08:55:22 -0400] "GET /wp-content/uploads/2021/wp-content/uploads/2021/04/ HTTP/1.1" 404 25192 "https://vive.com.pa/wp-content/uploads/2021/wp-content/uploads/2021/04/" "Mozilla/5.0 (Windows NT 10.0; Win64; x64) AppleWebKit/537.36 (KHTML, like Gecko) Chrome/91.0.4472.124 Safari/537.36"
190.119.60.43 - - [29/Apr/2026:08:55:27 -0400] "GET /wp-content/uploads/2021/wp-content/uploads/2021/08/ HTTP/1.1" 301 0 "http://vive.com.pa/wp-content/uploads/2021//wp-content/uploads/2021/08/" "Mozilla/5.0 (Windows NT 10.0; Win64; x64; rv:89.0) Gecko/20100101 Firefox/89.0"
190.119.60.43 - - [29/Apr/2026:08:55:27 -0400] "GET /wp-content/uploads/2021/wp-content/uploads/2021/08/ HTTP/1.1" 404 25192 "https://vive.com.pa/wp-content/uploads/2021/wp-content/uploads/2021/08/" "Mozilla/5.0 (Windows NT 10.0; Win64; x64; rv:89.0) Gecko/20100101 Firefox/89.0"
190.119.60.43 - - [29/Apr/2026:08:55:29 -0400] "GET /wp-content/uploads/2021/wp-content/uploads/2021/09/ HTTP/1.1" 404 25192 "https://vive.com.pa/wp-content/uploads/2021/wp-content/uploads/2021/09/" "Mozilla/5.0 (Macintosh; Intel Mac OS X 10_14_6) AppleWebKit/537.36 (KHTML, like Gecko) Chrome/91.0.4472.124 Safari/537.36"
190.119.60.43 - - [29/Apr/2026:08:55:31 -0400] "GET /wp-content/uploads/2021/wp-content/uploads/2021/10/ HTTP/1.1" 301 0 "http://vive.com.pa/wp-content/uploads/2021//wp-content/uploads/2021/10/" "Mozilla/5.0 (Windows NT 10.0; Win64; x64) AppleWebKit/537.36 (KHTML, like Gecko) Chrome/91.0.4472.124 Safari/537.36"
190.119.60.43 - - [29/Apr/2026:08:55:33 -0400] "GET /wp-content/uploads/2021/wp-content/uploads/2021/11/ HTTP/1.1" 404 25199 "https://vive.com.pa/wp-content/uploads/2021/wp-content/uploads/2021/11/" "Mozilla/5.0 (Windows NT 10.0; Win64; x64; rv:89.0) Gecko/20100101 Firefox/89.0"
95.129.101.141 - - [29/Apr/2026:08:55:35 -0400] "GET /contacto/ HTTP/1.1" 200 31648 "-" "Mozilla/5.0 (compatible; SpiderLing; +https://nlp.fi.muni.cz/projects/biwec/)"
190.119.60.43 - - [29/Apr/2026:08:55:35 -0400] "GET /wp-content/uploads/2021/wp-content/uploads/2021/12/ HTTP/1.1" 404 25192 "https://vive.com.pa/wp-content/uploads/2021/wp-content/uploads/2021/12/" "Mozilla/5.0 (Windows NT 10.0; Win64; x64) AppleWebKit/537.36 (KHTML, like Gecko) Chrome/92.0.4515.107 Safari/537.36"
190.119.60.43 - - [29/Apr/2026:08:55:38 -0400] "GET /wp-content/uploads/2022/wp-content/uploads/2022/02/ HTTP/1.1" 301 0 "http://vive.com.pa/wp-content/uploads/2022//wp-content/uploads/2022/02/" "Mozilla/5.0 (iPhone; CPU iPhone OS 14_6 like Mac OS X) AppleWebKit/605.1.15 (KHTML, like Gecko) Version/14.1.1 Mobile/15E148 Safari/604.1"
190.119.60.43 - - [29/Apr/2026:08:55:24 -0400] "GET /wp-content/uploads/2021/wp-content/uploads/2021/06/ HTTP/1.1" 301 0 "http://vive.com.pa/wp-content/uploads/2021//wp-content/uploads/2021/06/" "Mozilla/5.0 (Linux; Android 10; SM-A505FN) AppleWebKit/537.36 (KHTML, like Gecko) Chrome/91.0.4472.120 Mobile Safari/537.36"
190.119.60.43 - - [29/Apr/2026:08:55:25 -0400] "GET /wp-content/uploads/2021/wp-content/uploads/2021/06/ HTTP/1.1" 404 25192 "https://vive.com.pa/wp-content/uploads/2021/wp-content/uploads/2021/06/" "Mozilla/5.0 (Linux; Android 10; SM-A505FN) AppleWebKit/537.36 (KHTML, like Gecko) Chrome/91.0.4472.120 Mobile Safari/537.36"
190.119.60.43 - - [29/Apr/2026:08:55:25 -0400] "GET /wp-content/uploads/2021/wp-content/uploads/2021/07/ HTTP/1.1" 301 0 "http://vive.com.pa/wp-content/uploads/2021//wp-content/uploads/2021/07/" "Mozilla/5.0 (Windows NT 6.1; Win64; x64) AppleWebKit/537.36 (KHTML, like Gecko) Chrome/91.0.4472.124 Safari/537.36"
66.249.69.160 - - [29/Apr/2026:08:55:26 -0400] "GET /039030514.html HTTP/1.1" 200 19639 "-" "Mozilla/5.0 (Linux; Android 6.0.1; Nexus 5X Build/MMB29P) AppleWebKit/537.36 (KHTML, like Gecko) Chrome/147.0.7727.116 Mobile Safari/537.36 (compatible; Googlebot/2.1; +http://www.google.com/bot.html)"
190.119.60.43 - - [29/Apr/2026:08:55:26 -0400] "GET /wp-content/uploads/2021/wp-content/uploads/2021/07/ HTTP/1.1" 404 25199 "https://vive.com.pa/wp-content/uploads/2021/wp-content/uploads/2021/07/" "Mozilla/5.0 (Windows NT 6.1; Win64; x64) AppleWebKit/537.36 (KHTML, like Gecko) Chrome/91.0.4472.124 Safari/537.36"
190.119.60.43 - - [29/Apr/2026:08:55:29 -0400] "GET /wp-content/uploads/2021/wp-content/uploads/2021/09/ HTTP/1.1" 301 0 "http://vive.com.pa/wp-content/uploads/2021//wp-content/uploads/2021/09/" "Mozilla/5.0 (Macintosh; Intel Mac OS X 10_14_6) AppleWebKit/537.36 (KHTML, like Gecko) Chrome/91.0.4472.124 Safari/537.36"
190.119.60.43 - - [29/Apr/2026:08:55:32 -0400] "GET /wp-content/uploads/2021/wp-content/uploads/2021/10/ HTTP/1.1" 404 25199 "https://vive.com.pa/wp-content/uploads/2021/wp-content/uploads/2021/10/" "Mozilla/5.0 (Windows NT 10.0; Win64; x64) AppleWebKit/537.36 (KHTML, like Gecko) Chrome/91.0.4472.124 Safari/537.36"
190.119.60.43 - - [29/Apr/2026:08:55:32 -0400] "GET /wp-content/uploads/2021/wp-content/uploads/2021/11/ HTTP/1.1" 301 0 "http://vive.com.pa/wp-content/uploads/2021//wp-content/uploads/2021/11/" "Mozilla/5.0 (Windows NT 10.0; Win64; x64; rv:89.0) Gecko/20100101 Firefox/89.0"
66.249.69.160 - - [29/Apr/2026:08:55:33 -0400] "GET /044023145.html HTTP/1.1" 200 19004 "-" "Mozilla/5.0 (Linux; Android 6.0.1; Nexus 5X Build/MMB29P) AppleWebKit/537.36 (KHTML, like Gecko) Chrome/147.0.7727.116 Mobile Safari/537.36 (compatible; Googlebot/2.1; +http://www.google.com/bot.html)"
190.119.60.43 - - [29/Apr/2026:08:55:34 -0400] "GET /wp-content/uploads/2021/wp-content/uploads/2021/12/ HTTP/1.1" 301 0 "http://vive.com.pa/wp-content/uploads/2021//wp-content/uploads/2021/12/" "Mozilla/5.0 (Windows NT 10.0; Win64; x64) AppleWebKit/537.36 (KHTML, like Gecko) Chrome/92.0.4515.107 Safari/537.36"
190.119.60.43 - - [29/Apr/2026:08:55:36 -0400] "GET /wp-content/uploads/2022/ HTTP/1.1" 200 1358 "http://vive.com.pa/wp-content/uploads/2022/" "Mozilla/5.0 (X11; Linux x86_64) AppleWebKit/537.36 (KHTML, like Gecko) Chrome/91.0.4472.124 Safari/537.36"
190.119.60.43 - - [29/Apr/2026:08:55:36 -0400] "GET /wp-content/uploads/2022/wp-content/uploads/2022/01/ HTTP/1.1" 301 0 "http://vive.com.pa/wp-content/uploads/2022//wp-content/uploads/2022/01/" "Mozilla/5.0 (Macintosh; Intel Mac OS X 10_15_7) AppleWebKit/537.36 (KHTML, like Gecko) Chrome/91.0.4472.124 Safari/537.36"
190.119.60.43 - - [29/Apr/2026:08:55:37 -0400] "GET /wp-content/uploads/2022/wp-content/uploads/2022/01/ HTTP/1.1" 404 25192 "https://vive.com.pa/wp-content/uploads/2022/wp-content/uploads/2022/01/" "Mozilla/5.0 (Macintosh; Intel Mac OS X 10_15_7) AppleWebKit/537.36 (KHTML, like Gecko) Chrome/91.0.4472.124 Safari/537.36"
190.119.60.43 - - [29/Apr/2026:08:55:38 -0400] "GET /wp-content/uploads/2022/wp-content/uploads/2022/02/ HTTP/1.1" 404 25196 "https://vive.com.pa/wp-content/uploads/2022/wp-content/uploads/2022/02/" "Mozilla/5.0 (iPhone; CPU iPhone OS 14_6 like Mac OS X) AppleWebKit/605.1.15 (KHTML, like Gecko) Version/14.1.1 Mobile/15E148 Safari/604.1"
190.119.60.43 - - [29/Apr/2026:08:55:39 -0400] "GET /wp-content/uploads/2022/wp-content/uploads/2022/03/ HTTP/1.1" 301 0 "http://vive.com.pa/wp-content/uploads/2022//wp-content/uploads/2022/03/" "Mozilla/5.0 (Windows NT 6.1; Win64; x64) AppleWebKit/537.36 (KHTML, like Gecko) Chrome/91.0.4472.124 Safari/537.36"
190.119.60.43 - - [29/Apr/2026:08:55:40 -0400] "GET /wp-content/uploads/2022/wp-content/uploads/2022/03/ HTTP/1.1" 404 25192 "https://vive.com.pa/wp-content/uploads/2022/wp-content/uploads/2022/03/" "Mozilla/5.0 (Windows NT 6.1; Win64; x64) AppleWebKit/537.36 (KHTML, like Gecko) Chrome/91.0.4472.124 Safari/537.36"
190.119.60.43 - - [29/Apr/2026:08:55:41 -0400] "GET /wp-content/uploads/2022/wp-content/uploads/2022/04/ HTTP/1.1" 301 0 "http://vive.com.pa/wp-content/uploads/2022//wp-content/uploads/2022/04/" "Mozilla/5.0 (Macintosh; Intel Mac OS X 10_15_7) AppleWebKit/537.36 (KHTML, like Gecko) Chrome/91.0.4472.124 Safari/537.36"
190.119.60.43 - - [29/Apr/2026:08:55:43 -0400] "GET /wp-content/uploads/2022/wp-content/uploads/2022/05/ HTTP/1.1" 404 25199 "https://vive.com.pa/wp-content/uploads/2022/wp-content/uploads/2022/05/" "Mozilla/5.0 (X11; Ubuntu; Linux x86_64; rv:89.0) Gecko/20100101 Firefox/89.0"
190.119.60.43 - - [29/Apr/2026:08:55:46 -0400] "GET /wp-content/uploads/2022/wp-content/uploads/2022/07/ HTTP/1.1" 404 25192 "https://vive.com.pa/wp-content/uploads/2022/wp-content/uploads/2022/07/" "Mozilla/5.0 (Macintosh; Intel Mac OS X 10_15_7) AppleWebKit/605.1.15 (KHTML, like Gecko) Version/14.1.1 Safari/605.1.15"
190.119.60.43 - - [29/Apr/2026:08:55:49 -0400] "GET /wp-content/uploads/2022/wp-content/uploads/2022/10/ HTTP/1.1" 301 0 "http://vive.com.pa/wp-content/uploads/2022//wp-content/uploads/2022/10/" "Mozilla/5.0 (Windows NT 10.0; Win64; x64; rv:89.0) Gecko/20100101 Firefox/89.0"
190.119.60.43 - - [29/Apr/2026:08:55:50 -0400] "GET /wp-content/uploads/2022/wp-content/uploads/2022/10/ HTTP/1.1" 404 25192 "https://vive.com.pa/wp-content/uploads/2022/wp-content/uploads/2022/10/" "Mozilla/5.0 (Windows NT 10.0; Win64; x64; rv:89.0) Gecko/20100101 Firefox/89.0"
114.119.148.34 - - [29/Apr/2026:08:55:50 -0400] "GET /robots.txt HTTP/1.1" 200 131 "-" "Mozilla/5.0 (compatible;PetalBot;+https://webmaster.petalsearch.com/site/petalbot)"
190.119.60.43 - - [29/Apr/2026:08:55:51 -0400] "GET /wp-content/uploads/2022/wp-content/uploads/2022/11/ HTTP/1.1" 301 0 "http://vive.com.pa/wp-content/uploads/2022//wp-content/uploads/2022/11/" "Mozilla/5.0 (X11; Linux x86_64) AppleWebKit/537.36 (KHTML, like Gecko) Chrome/91.0.4472.124 Safari/537.36"
190.119.60.43 - - [29/Apr/2026:08:55:52 -0400] "GET /wp-content/uploads/2022/wp-content/uploads/2022/11/ HTTP/1.1" 404 25192 "https://vive.com.pa/wp-content/uploads/2022/wp-content/uploads/2022/11/" "Mozilla/5.0 (X11; Linux x86_64) AppleWebKit/537.36 (KHTML, like Gecko) Chrome/91.0.4472.124 Safari/537.36"
66.249.69.160 - - [29/Apr/2026:08:55:53 -0400] "GET /035015370.html HTTP/1.1" 200 19825 "-" "Mozilla/5.0 (Linux; Android 6.0.1; Nexus 5X Build/MMB29P) AppleWebKit/537.36 (KHTML, like Gecko) Chrome/147.0.7727.116 Mobile Safari/537.36 (compatible; Googlebot/2.1; +http://www.google.com/bot.html)"
190.119.60.43 - - [29/Apr/2026:08:55:54 -0400] "GET /wp-content/uploads/2022/wp-content/uploads/2022/12/ HTTP/1.1" 404 25192 "https://vive.com.pa/wp-content/uploads/2022/wp-content/uploads/2022/12/" "Mozilla/5.0 (Windows NT 10.0; Win64; x64) AppleWebKit/537.36 (KHTML, like Gecko) Chrome/92.0.4515.107 Safari/537.36"
66.249.69.160 - - [29/Apr/2026:08:55:39 -0400] "GET /280019993.html HTTP/1.1" 200 19390 "-" "Mozilla/5.0 (Linux; Android 6.0.1; Nexus 5X Build/MMB29P) AppleWebKit/537.36 (KHTML, like Gecko) Chrome/147.0.7727.116 Mobile Safari/537.36 (compatible; Googlebot/2.1; +http://www.google.com/bot.html)"
190.119.60.43 - - [29/Apr/2026:08:55:41 -0400] "GET /wp-content/uploads/2022/wp-content/uploads/2022/04/ HTTP/1.1" 404 25192 "https://vive.com.pa/wp-content/uploads/2022/wp-content/uploads/2022/04/" "Mozilla/5.0 (Macintosh; Intel Mac OS X 10_15_7) AppleWebKit/537.36 (KHTML, like Gecko) Chrome/91.0.4472.124 Safari/537.36"
190.119.60.43 - - [29/Apr/2026:08:55:42 -0400] "GET /wp-content/uploads/2022/wp-content/uploads/2022/05/ HTTP/1.1" 301 0 "http://vive.com.pa/wp-content/uploads/2022//wp-content/uploads/2022/05/" "Mozilla/5.0 (X11; Ubuntu; Linux x86_64; rv:89.0) Gecko/20100101 Firefox/89.0"
190.119.60.43 - - [29/Apr/2026:08:55:43 -0400] "GET /wp-content/uploads/2022/wp-content/uploads/2022/06/ HTTP/1.1" 301 0 "http://vive.com.pa/wp-content/uploads/2022//wp-content/uploads/2022/06/" "Mozilla/5.0 (X11; Linux x86_64) AppleWebKit/537.36 (KHTML, like Gecko) Chrome/91.0.4472.124 Safari/537.36"
190.119.60.43 - - [29/Apr/2026:08:55:44 -0400] "GET /wp-content/uploads/2022/wp-content/uploads/2022/06/ HTTP/1.1" 404 25192 "https://vive.com.pa/wp-content/uploads/2022/wp-content/uploads/2022/06/" "Mozilla/5.0 (X11; Linux x86_64) AppleWebKit/537.36 (KHTML, like Gecko) Chrome/91.0.4472.124 Safari/537.36"
190.119.60.43 - - [29/Apr/2026:08:55:45 -0400] "GET /wp-content/uploads/2022/wp-content/uploads/2022/07/ HTTP/1.1" 301 0 "http://vive.com.pa/wp-content/uploads/2022//wp-content/uploads/2022/07/" "Mozilla/5.0 (Macintosh; Intel Mac OS X 10_15_7) AppleWebKit/605.1.15 (KHTML, like Gecko) Version/14.1.1 Safari/605.1.15"
66.249.69.160 - - [29/Apr/2026:08:55:46 -0400] "GET /044037769.html HTTP/1.1" 200 19139 "-" "Mozilla/5.0 (Linux; Android 6.0.1; Nexus 5X Build/MMB29P) AppleWebKit/537.36 (KHTML, like Gecko) Chrome/147.0.7727.116 Mobile Safari/537.36 (compatible; Googlebot/2.1; +http://www.google.com/bot.html)"
190.119.60.43 - - [29/Apr/2026:08:55:46 -0400] "GET /wp-content/uploads/2022/wp-content/uploads/2022/08/ HTTP/1.1" 301 0 "http://vive.com.pa/wp-content/uploads/2022//wp-content/uploads/2022/08/" "Mozilla/5.0 (Windows NT 10.0; Win64; x64) AppleWebKit/537.36 (KHTML, like Gecko) Chrome/92.0.4515.107 Safari/537.36"
190.119.60.43 - - [29/Apr/2026:08:55:47 -0400] "GET /wp-content/uploads/2022/wp-content/uploads/2022/08/ HTTP/1.1" 404 25192 "https://vive.com.pa/wp-content/uploads/2022/wp-content/uploads/2022/08/" "Mozilla/5.0 (Windows NT 10.0; Win64; x64) AppleWebKit/537.36 (KHTML, like Gecko) Chrome/92.0.4515.107 Safari/537.36"
190.119.60.43 - - [29/Apr/2026:08:55:48 -0400] "GET /wp-content/uploads/2022/wp-content/uploads/2022/09/ HTTP/1.1" 301 0 "http://vive.com.pa/wp-content/uploads/2022//wp-content/uploads/2022/09/" "Mozilla/5.0 (X11; Linux x86_64) AppleWebKit/537.36 (KHTML, like Gecko) Chrome/91.0.4472.124 Safari/537.36"
190.119.60.43 - - [29/Apr/2026:08:55:48 -0400] "GET /wp-content/uploads/2022/wp-content/uploads/2022/09/ HTTP/1.1" 404 25192 "https://vive.com.pa/wp-content/uploads/2022/wp-content/uploads/2022/09/" "Mozilla/5.0 (X11; Linux x86_64) AppleWebKit/537.36 (KHTML, like Gecko) Chrome/91.0.4472.124 Safari/537.36"
190.119.60.43 - - [29/Apr/2026:08:55:53 -0400] "GET /wp-content/uploads/2022/wp-content/uploads/2022/12/ HTTP/1.1" 301 0 "http://vive.com.pa/wp-content/uploads/2022//wp-content/uploads/2022/12/" "Mozilla/5.0 (Windows NT 10.0; Win64; x64) AppleWebKit/537.36 (KHTML, like Gecko) Chrome/92.0.4515.107 Safari/537.36"
190.119.60.43 - - [29/Apr/2026:08:55:55 -0400] "GET /wp-content/uploads/2023/wp-content/uploads/2023/01/ HTTP/1.1" 301 0 "http://vive.com.pa/wp-content/uploads/2023//wp-content/uploads/2023/01/" "Mozilla/5.0 (Windows NT 6.1; Win64; x64) AppleWebKit/537.36 (KHTML, like Gecko) Chrome/91.0.4472.124 Safari/537.36"
190.119.60.43 - - [29/Apr/2026:08:55:54 -0400] "GET /wp-content/uploads/2023/ HTTP/1.1" 200 1350 "http://vive.com.pa/wp-content/uploads/2023/" "Mozilla/5.0 (Windows NT 10.0; Win64; x64) AppleWebKit/537.36 (KHTML, like Gecko) Chrome/92.0.4515.107 Safari/537.36"
190.119.60.43 - - [29/Apr/2026:08:55:56 -0400] "GET /wp-content/uploads/2023/wp-content/uploads/2023/02/ HTTP/1.1" 404 25199 "https://vive.com.pa/wp-content/uploads/2023/wp-content/uploads/2023/02/" "Mozilla/5.0 (Windows NT 6.1; Win64; x64) AppleWebKit/537.36 (KHTML, like Gecko) Chrome/91.0.4472.124 Safari/537.36"
190.119.60.43 - - [29/Apr/2026:08:55:57 -0400] "GET /wp-content/uploads/2023/wp-content/uploads/2023/03/ HTTP/1.1" 301 0 "http://vive.com.pa/wp-content/uploads/2023//wp-content/uploads/2023/03/" "Mozilla/5.0 (Macintosh; Intel Mac OS X 10_15_7) AppleWebKit/537.36 (KHTML, like Gecko) Chrome/91.0.4472.124 Safari/537.36"
190.119.60.43 - - [29/Apr/2026:08:55:58 -0400] "GET /wp-content/uploads/2023/wp-content/uploads/2023/03/ HTTP/1.1" 404 25192 "https://vive.com.pa/wp-content/uploads/2023/wp-content/uploads/2023/03/" "Mozilla/5.0 (Macintosh; Intel Mac OS X 10_15_7) AppleWebKit/537.36 (KHTML, like Gecko) Chrome/91.0.4472.124 Safari/537.36"
190.119.60.43 - - [29/Apr/2026:08:55:59 -0400] "GET /wp-content/uploads/2023/wp-content/uploads/2023/04/ HTTP/1.1" 301 0 "http://vive.com.pa/wp-content/uploads/2023//wp-content/uploads/2023/04/" "Mozilla/5.0 (Windows NT 10.0; Win64; x64) AppleWebKit/537.36 (KHTML, like Gecko) Chrome/90.0.4430.212 Safari/537.36"
190.119.60.43 - - [29/Apr/2026:08:56:02 -0400] "GET /wp-content/uploads/2023/wp-content/uploads/2023/06/ HTTP/1.1" 301 0 "http://vive.com.pa/wp-content/uploads/2023//wp-content/uploads/2023/06/" "Mozilla/5.0 (Windows NT 10.0; Win64; x64; rv:89.0) Gecko/20100101 Firefox/89.0"
190.119.60.43 - - [29/Apr/2026:08:56:04 -0400] "GET /wp-content/uploads/2023/wp-content/uploads/2023/07/ HTTP/1.1" 404 25193 "https://vive.com.pa/wp-content/uploads/2023/wp-content/uploads/2023/07/" "Mozilla/5.0 (Linux; Android 10; SM-A505FN) AppleWebKit/537.36 (KHTML, like Gecko) Chrome/91.0.4472.120 Mobile Safari/537.36"
190.119.60.43 - - [29/Apr/2026:08:56:05 -0400] "GET /wp-content/uploads/2023/wp-content/uploads/2023/08/ HTTP/1.1" 404 25192 "https://vive.com.pa/wp-content/uploads/2023/wp-content/uploads/2023/08/" "Mozilla/5.0 (Macintosh; Intel Mac OS X 10_14_6) AppleWebKit/537.36 (KHTML, like Gecko) Chrome/91.0.4472.124 Safari/537.36"
198.54.125.254 - - [29/Apr/2026:08:56:13 -0400] "POST /wp-cron.php?doing_wp_cron=1777467373.3575229644775390625000 HTTP/1.1" 403 1242 "-" "WordPress/6.8.5; https://www.vive.com.pa"
190.119.60.43 - - [29/Apr/2026:08:56:12 -0400] "GET /wp-content/uploads/2023/wp-content/uploads/2023/09/ HTTP/1.1" 301 0 "http://vive.com.pa/wp-content/uploads/2023//wp-content/uploads/2023/09/" "Mozilla/5.0 (X11; Ubuntu; Linux x86_64; rv:89.0) Gecko/20100101 Firefox/89.0"
190.119.60.43 - - [29/Apr/2026:08:56:15 -0400] "GET /wp-content/uploads/2023/wp-content/uploads/2023/10/ HTTP/1.1" 301 0 "http://vive.com.pa/wp-content/uploads/2023//wp-content/uploads/2023/10/" "Mozilla/5.0 (iPhone; CPU iPhone OS 14_6 like Mac OS X) AppleWebKit/605.1.15 (KHTML, like Gecko) Version/14.1.1 Mobile/15E148 Safari/604.1"
190.119.60.43 - - [29/Apr/2026:08:56:16 -0400] "GET /wp-content/uploads/2023/wp-content/uploads/2023/10/ HTTP/1.1" 404 25203 "https://vive.com.pa/wp-content/uploads/2023/wp-content/uploads/2023/10/" "Mozilla/5.0 (iPhone; CPU iPhone OS 14_6 like Mac OS X) AppleWebKit/605.1.15 (KHTML, like Gecko) Version/14.1.1 Mobile/15E148 Safari/604.1"
190.119.60.43 - - [29/Apr/2026:08:56:16 -0400] "GET /wp-content/uploads/2023/wp-content/uploads/2023/11/ HTTP/1.1" 301 0 "http://vive.com.pa/wp-content/uploads/2023//wp-content/uploads/2023/11/" "Mozilla/5.0 (Windows NT 10.0; Win64; x64) AppleWebKit/537.36 (KHTML, like Gecko) Chrome/90.0.4430.212 Safari/537.36"
190.119.60.43 - - [29/Apr/2026:08:55:55 -0400] "GET /wp-content/uploads/2023/wp-content/uploads/2023/01/ HTTP/1.1" 404 25192 "https://vive.com.pa/wp-content/uploads/2023/wp-content/uploads/2023/01/" "Mozilla/5.0 (Windows NT 6.1; Win64; x64) AppleWebKit/537.36 (KHTML, like Gecko) Chrome/91.0.4472.124 Safari/537.36"
190.119.60.43 - - [29/Apr/2026:08:55:56 -0400] "GET /wp-content/uploads/2023/wp-content/uploads/2023/02/ HTTP/1.1" 301 0 "http://vive.com.pa/wp-content/uploads/2023//wp-content/uploads/2023/02/" "Mozilla/5.0 (Windows NT 6.1; Win64; x64) AppleWebKit/537.36 (KHTML, like Gecko) Chrome/91.0.4472.124 Safari/537.36"
190.119.60.43 - - [29/Apr/2026:08:56:00 -0400] "GET /wp-content/uploads/2023/wp-content/uploads/2023/04/ HTTP/1.1" 404 25193 "https://vive.com.pa/wp-content/uploads/2023/wp-content/uploads/2023/04/" "Mozilla/5.0 (Windows NT 10.0; Win64; x64) AppleWebKit/537.36 (KHTML, like Gecko) Chrome/90.0.4430.212 Safari/537.36"
66.249.69.160 - - [29/Apr/2026:08:56:00 -0400] "GET /036046279.html HTTP/1.1" 200 19420 "-" "Mozilla/5.0 (Linux; Android 6.0.1; Nexus 5X Build/MMB29P) AppleWebKit/537.36 (KHTML, like Gecko) Chrome/147.0.7727.116 Mobile Safari/537.36 (compatible; Googlebot/2.1; +http://www.google.com/bot.html)"
190.119.60.43 - - [29/Apr/2026:08:56:00 -0400] "GET /wp-content/uploads/2023/wp-content/uploads/2023/05/ HTTP/1.1" 301 0 "http://vive.com.pa/wp-content/uploads/2023//wp-content/uploads/2023/05/" "Mozilla/5.0 (Macintosh; Intel Mac OS X 10_15_7) AppleWebKit/605.1.15 (KHTML, like Gecko) Version/14.1.1 Safari/605.1.15"
190.119.60.43 - - [29/Apr/2026:08:56:01 -0400] "GET /wp-content/uploads/2023/wp-content/uploads/2023/05/ HTTP/1.1" 404 25192 "https://vive.com.pa/wp-content/uploads/2023/wp-content/uploads/2023/05/" "Mozilla/5.0 (Macintosh; Intel Mac OS X 10_15_7) AppleWebKit/605.1.15 (KHTML, like Gecko) Version/14.1.1 Safari/605.1.15"
190.119.60.43 - - [29/Apr/2026:08:56:02 -0400] "GET /wp-content/uploads/2023/wp-content/uploads/2023/06/ HTTP/1.1" 404 25192 "https://vive.com.pa/wp-content/uploads/2023/wp-content/uploads/2023/06/" "Mozilla/5.0 (Windows NT 10.0; Win64; x64; rv:89.0) Gecko/20100101 Firefox/89.0"
190.119.60.43 - - [29/Apr/2026:08:56:03 -0400] "GET /wp-content/uploads/2023/wp-content/uploads/2023/07/ HTTP/1.1" 301 0 "http://vive.com.pa/wp-content/uploads/2023//wp-content/uploads/2023/07/" "Mozilla/5.0 (Linux; Android 10; SM-A505FN) AppleWebKit/537.36 (KHTML, like Gecko) Chrome/91.0.4472.120 Mobile Safari/537.36"
190.119.60.43 - - [29/Apr/2026:08:56:04 -0400] "GET /wp-content/uploads/2023/wp-content/uploads/2023/08/ HTTP/1.1" 301 0 "http://vive.com.pa/wp-content/uploads/2023//wp-content/uploads/2023/08/" "Mozilla/5.0 (Macintosh; Intel Mac OS X 10_14_6) AppleWebKit/537.36 (KHTML, like Gecko) Chrome/91.0.4472.124 Safari/537.36"
66.249.69.160 - - [29/Apr/2026:08:56:12 -0400] "GET /101012916.html HTTP/1.1" 200 18018 "-" "Mozilla/5.0 (Linux; Android 6.0.1; Nexus 5X Build/MMB29P) AppleWebKit/537.36 (KHTML, like Gecko) Chrome/147.0.7727.116 Mobile Safari/537.36 (compatible; Googlebot/2.1; +http://www.google.com/bot.html)"
66.249.69.160 - - [29/Apr/2026:08:56:13 -0400] "GET /036038657.html HTTP/1.1" 200 19976 "-" "Mozilla/5.0 (Linux; Android 6.0.1; Nexus 5X Build/MMB29P) AppleWebKit/537.36 (KHTML, like Gecko) Chrome/147.0.7727.116 Mobile Safari/537.36 (compatible; Googlebot/2.1; +http://www.google.com/bot.html)"
190.119.60.43 - - [29/Apr/2026:08:56:14 -0400] "GET /wp-content/uploads/2023/wp-content/uploads/2023/09/ HTTP/1.1" 404 25192 "https://vive.com.pa/wp-content/uploads/2023/wp-content/uploads/2023/09/" "Mozilla/5.0 (X11; Ubuntu; Linux x86_64; rv:89.0) Gecko/20100101 Firefox/89.0"
190.119.60.43 - - [29/Apr/2026:08:56:19 -0400] "GET /wp-content/uploads/2024/ HTTP/1.1" 200 1348 "http://vive.com.pa/wp-content/uploads/2024/" "Mozilla/5.0 (Linux; Android 11; SM-G991B) AppleWebKit/537.36 (KHTML, like Gecko) Chrome/91.0.4472.120 Mobile Safari/537.36"
190.119.60.43 - - [29/Apr/2026:08:56:17 -0400] "GET /wp-content/uploads/2023/wp-content/uploads/2023/11/ HTTP/1.1" 404 25192 "https://vive.com.pa/wp-content/uploads/2023/wp-content/uploads/2023/11/" "Mozilla/5.0 (Windows NT 10.0; Win64; x64) AppleWebKit/537.36 (KHTML, like Gecko) Chrome/90.0.4430.212 Safari/537.36"
190.119.60.43 - - [29/Apr/2026:08:56:18 -0400] "GET /wp-content/uploads/2023/wp-content/uploads/2023/12/ HTTP/1.1" 301 0 "http://vive.com.pa/wp-content/uploads/2023//wp-content/uploads/2023/12/" "Mozilla/5.0 (Windows NT 10.0; Win64; x64) AppleWebKit/537.36 (KHTML, like Gecko) Edge/91.0.864.59"
190.119.60.43 - - [29/Apr/2026:08:56:18 -0400] "GET /wp-content/uploads/2023/wp-content/uploads/2023/12/ HTTP/1.1" 404 25192 "https://vive.com.pa/wp-content/uploads/2023/wp-content/uploads/2023/12/" "Mozilla/5.0 (Windows NT 10.0; Win64; x64) AppleWebKit/537.36 (KHTML, like Gecko) Edge/91.0.864.59"
190.119.60.43 - - [29/Apr/2026:08:56:19 -0400] "GET /wp-content/uploads/2024/wp-content/uploads/2024/01/ HTTP/1.1" 301 0 "http://vive.com.pa/wp-content/uploads/2024//wp-content/uploads/2024/01/" "Mozilla/5.0 (Linux; Android 11; SM-G991B) AppleWebKit/537.36 (KHTML, like Gecko) Chrome/91.0.4472.120 Mobile Safari/537.36"
66.249.69.160 - - [29/Apr/2026:08:56:20 -0400] "GET /087034516.html HTTP/1.1" 200 19199 "-" "Mozilla/5.0 (Linux; Android 6.0.1; Nexus 5X Build/MMB29P) AppleWebKit/537.36 (KHTML, like Gecko) Chrome/147.0.7727.116 Mobile Safari/537.36 (compatible; Googlebot/2.1; +http://www.google.com/bot.html)"
190.119.60.43 - - [29/Apr/2026:08:56:21 -0400] "GET /wp-content/uploads/2024/wp-content/uploads/2024/02/ HTTP/1.1" 301 0 "http://vive.com.pa/wp-content/uploads/2024//wp-content/uploads/2024/02/" "Mozilla/5.0 (iPad; CPU OS 14_6 like Mac OS X) AppleWebKit/605.1.15 (KHTML, like Gecko) Version/14.1.1 Mobile/15E148 Safari/604.1"
190.119.60.43 - - [29/Apr/2026:08:56:22 -0400] "GET /wp-content/uploads/2024/wp-content/uploads/2024/03/ HTTP/1.1" 301 0 "http://vive.com.pa/wp-content/uploads/2024//wp-content/uploads/2024/03/" "Mozilla/5.0 (Linux; Android 10; SM-A505FN) AppleWebKit/537.36 (KHTML, like Gecko) Chrome/91.0.4472.120 Mobile Safari/537.36"
190.119.60.43 - - [29/Apr/2026:08:56:23 -0400] "GET /wp-content/uploads/2024/wp-content/uploads/2024/03/ HTTP/1.1" 404 25192 "https://vive.com.pa/wp-content/uploads/2024/wp-content/uploads/2024/03/" "Mozilla/5.0 (Linux; Android 10; SM-A505FN) AppleWebKit/537.36 (KHTML, like Gecko) Chrome/91.0.4472.120 Mobile Safari/537.36"
190.119.60.43 - - [29/Apr/2026:08:56:24 -0400] "GET /wp-content/uploads/2024/wp-content/uploads/2024/04/ HTTP/1.1" 404 25192 "https://vive.com.pa/wp-content/uploads/2024/wp-content/uploads/2024/04/" "Mozilla/5.0 (Windows NT 10.0; Win64; x64) AppleWebKit/537.36 (KHTML, like Gecko) Chrome/91.0.4472.124 Safari/537.36"
190.119.60.43 - - [29/Apr/2026:08:56:26 -0400] "GET /wp-content/uploads/2024/wp-content/uploads/2024/06/ HTTP/1.1" 301 0 "http://vive.com.pa/wp-content/uploads/2024//wp-content/uploads/2024/06/" "Mozilla/5.0 (Windows NT 10.0; Win64; x64) AppleWebKit/537.36 (KHTML, like Gecko) Chrome/90.0.4430.212 Safari/537.36"
190.119.60.43 - - [29/Apr/2026:08:56:27 -0400] "GET /wp-content/uploads/2024/wp-content/uploads/2024/06/ HTTP/1.1" 404 25192 "https://vive.com.pa/wp-content/uploads/2024/wp-content/uploads/2024/06/" "Mozilla/5.0 (Windows NT 10.0; Win64; x64) AppleWebKit/537.36 (KHTML, like Gecko) Chrome/90.0.4430.212 Safari/537.36"
190.119.60.43 - - [29/Apr/2026:08:56:28 -0400] "GET /wp-content/uploads/2024/wp-content/uploads/2024/07/ HTTP/1.1" 301 0 "http://vive.com.pa/wp-content/uploads/2024//wp-content/uploads/2024/07/" "Mozilla/5.0 (Windows NT 10.0; Win64; x64) AppleWebKit/537.36 (KHTML, like Gecko) Edge/91.0.864.59"
190.119.60.43 - - [29/Apr/2026:08:56:28 -0400] "GET /wp-content/uploads/2024/wp-content/uploads/2024/07/ HTTP/1.1" 404 25192 "https://vive.com.pa/wp-content/uploads/2024/wp-content/uploads/2024/07/" "Mozilla/5.0 (Windows NT 10.0; Win64; x64) AppleWebKit/537.36 (KHTML, like Gecko) Edge/91.0.864.59"
190.119.60.43 - - [29/Apr/2026:08:56:20 -0400] "GET /wp-content/uploads/2024/wp-content/uploads/2024/01/ HTTP/1.1" 404 25192 "https://vive.com.pa/wp-content/uploads/2024/wp-content/uploads/2024/01/" "Mozilla/5.0 (Linux; Android 11; SM-G991B) AppleWebKit/537.36 (KHTML, like Gecko) Chrome/91.0.4472.120 Mobile Safari/537.36"
190.119.60.43 - - [29/Apr/2026:08:56:21 -0400] "GET /wp-content/uploads/2024/wp-content/uploads/2024/02/ HTTP/1.1" 404 25196 "https://vive.com.pa/wp-content/uploads/2024/wp-content/uploads/2024/02/" "Mozilla/5.0 (iPad; CPU OS 14_6 like Mac OS X) AppleWebKit/605.1.15 (KHTML, like Gecko) Version/14.1.1 Mobile/15E148 Safari/604.1"
190.119.60.43 - - [29/Apr/2026:08:56:24 -0400] "GET /wp-content/uploads/2024/wp-content/uploads/2024/04/ HTTP/1.1" 301 0 "http://vive.com.pa/wp-content/uploads/2024//wp-content/uploads/2024/04/" "Mozilla/5.0 (Windows NT 10.0; Win64; x64) AppleWebKit/537.36 (KHTML, like Gecko) Chrome/91.0.4472.124 Safari/537.36"
190.119.60.43 - - [29/Apr/2026:08:56:25 -0400] "GET /wp-content/uploads/2024/wp-content/uploads/2024/05/ HTTP/1.1" 301 0 "http://vive.com.pa/wp-content/uploads/2024//wp-content/uploads/2024/05/" "Mozilla/5.0 (Macintosh; Intel Mac OS X 10_14_6) AppleWebKit/537.36 (KHTML, like Gecko) Chrome/91.0.4472.124 Safari/537.36"
190.119.60.43 - - [29/Apr/2026:08:56:26 -0400] "GET /wp-content/uploads/2024/wp-content/uploads/2024/05/ HTTP/1.1" 404 25192 "https://vive.com.pa/wp-content/uploads/2024/wp-content/uploads/2024/05/" "Mozilla/5.0 (Macintosh; Intel Mac OS X 10_14_6) AppleWebKit/537.36 (KHTML, like Gecko) Chrome/91.0.4472.124 Safari/537.36"
66.249.69.160 - - [29/Apr/2026:08:56:27 -0400] "GET /023003824.html HTTP/1.1" 200 18506 "-" "Mozilla/5.0 (Linux; Android 6.0.1; Nexus 5X Build/MMB29P) AppleWebKit/537.36 (KHTML, like Gecko) Chrome/147.0.7727.116 Mobile Safari/537.36 (compatible; Googlebot/2.1; +http://www.google.com/bot.html)"
190.119.60.43 - - [29/Apr/2026:08:56:29 -0400] "GET /wp-content/uploads/2024/wp-content/uploads/2024/08/ HTTP/1.1" 301 0 "http://vive.com.pa/wp-content/uploads/2024//wp-content/uploads/2024/08/" "Mozilla/5.0 (Windows NT 10.0; Win64; x64) AppleWebKit/537.36 (KHTML, like Gecko) Chrome/90.0.4430.212 Safari/537.36"
190.119.60.43 - - [29/Apr/2026:08:56:30 -0400] "GET /wp-content/uploads/2024/wp-content/uploads/2024/09/ HTTP/1.1" 301 0 "http://vive.com.pa/wp-content/uploads/2024//wp-content/uploads/2024/09/" "Mozilla/5.0 (Macintosh; Intel Mac OS X 10_14_6) AppleWebKit/537.36 (KHTML, like Gecko) Chrome/91.0.4472.124 Safari/537.36"
190.119.60.43 - - [29/Apr/2026:08:56:31 -0400] "GET /wp-content/uploads/2024/wp-content/uploads/2024/09/ HTTP/1.1" 404 25192 "https://vive.com.pa/wp-content/uploads/2024/wp-content/uploads/2024/09/" "Mozilla/5.0 (Macintosh; Intel Mac OS X 10_14_6) AppleWebKit/537.36 (KHTML, like Gecko) Chrome/91.0.4472.124 Safari/537.36"
190.119.60.43 - - [29/Apr/2026:08:56:32 -0400] "GET /wp-content/uploads/2024/wp-content/uploads/2024/10/ HTTP/1.1" 301 0 "http://vive.com.pa/wp-content/uploads/2024//wp-content/uploads/2024/10/" "Mozilla/5.0 (Macintosh; Intel Mac OS X 10_15_7) AppleWebKit/537.36 (KHTML, like Gecko) Chrome/91.0.4472.124 Safari/537.36"
66.249.69.160 - - [29/Apr/2026:08:56:32 -0400] "GET /?jp/025007202.html HTTP/1.1" 200 18491 "-" "Mozilla/5.0 (Linux; Android 6.0.1; Nexus 5X Build/MMB29P) AppleWebKit/537.36 (KHTML, like Gecko) Chrome/147.0.7727.116 Mobile Safari/537.36 (compatible; Googlebot/2.1; +http://www.google.com/bot.html)"
190.119.60.43 - - [29/Apr/2026:08:56:32 -0400] "GET /wp-content/uploads/2024/wp-content/uploads/2024/10/ HTTP/1.1" 404 25194 "https://vive.com.pa/wp-content/uploads/2024/wp-content/uploads/2024/10/" "Mozilla/5.0 (Macintosh; Intel Mac OS X 10_15_7) AppleWebKit/537.36 (KHTML, like Gecko) Chrome/91.0.4472.124 Safari/537.36"
190.119.60.43 - - [29/Apr/2026:08:56:30 -0400] "GET /wp-content/uploads/2024/wp-content/uploads/2024/08/ HTTP/1.1" 404 25192 "https://vive.com.pa/wp-content/uploads/2024/wp-content/uploads/2024/08/" "Mozilla/5.0 (Windows NT 10.0; Win64; x64) AppleWebKit/537.36 (KHTML, like Gecko) Chrome/90.0.4430.212 Safari/537.36"
66.249.69.160 - - [29/Apr/2026:08:56:33 -0400] "GET /015019542.html HTTP/1.1" 200 19701 "-" "Mozilla/5.0 (Linux; Android 6.0.1; Nexus 5X Build/MMB29P) AppleWebKit/537.36 (KHTML, like Gecko) Chrome/147.0.7727.116 Mobile Safari/537.36 (compatible; Googlebot/2.1; +http://www.google.com/bot.html)"
190.119.60.43 - - [29/Apr/2026:08:56:34 -0400] "GET /wp-content/uploads/2024/wp-content/uploads/2024/11/ HTTP/1.1" 404 25196 "https://vive.com.pa/wp-content/uploads/2024/wp-content/uploads/2024/11/" "Mozilla/5.0 (iPhone; CPU iPhone OS 14_6 like Mac OS X) AppleWebKit/605.1.15 (KHTML, like Gecko) Version/14.1.1 Mobile/15E148 Safari/604.1"
190.119.60.43 - - [29/Apr/2026:08:56:35 -0400] "GET /wp-content/uploads/2024/wp-content/uploads/2024/12/ HTTP/1.1" 301 0 "http://vive.com.pa/wp-content/uploads/2024//wp-content/uploads/2024/12/" "Mozilla/5.0 (Windows NT 10.0; Win64; x64) AppleWebKit/537.36 (KHTML, like Gecko) Chrome/92.0.4515.107 Safari/537.36"
190.119.60.43 - - [29/Apr/2026:08:56:36 -0400] "GET /wp-content/uploads/2024/wp-content/uploads/2024/12/ HTTP/1.1" 404 25192 "https://vive.com.pa/wp-content/uploads/2024/wp-content/uploads/2024/12/" "Mozilla/5.0 (Windows NT 10.0; Win64; x64) AppleWebKit/537.36 (KHTML, like Gecko) Chrome/92.0.4515.107 Safari/537.36"
190.119.60.43 - - [29/Apr/2026:08:56:36 -0400] "GET /wp-content/uploads/2025/ HTTP/1.1" 200 1314 "http://vive.com.pa/wp-content/uploads/2025/" "Mozilla/5.0 (X11; Linux x86_64) AppleWebKit/537.36 (KHTML, like Gecko) Chrome/91.0.4472.124 Safari/537.36"
190.119.60.43 - - [29/Apr/2026:08:56:37 -0400] "GET /wp-content/uploads/2025/wp-content/uploads/2025/01/ HTTP/1.1" 404 25197 "https://vive.com.pa/wp-content/uploads/2025/wp-content/uploads/2025/01/" "Mozilla/5.0 (iPad; CPU OS 14_6 like Mac OS X) AppleWebKit/605.1.15 (KHTML, like Gecko) Version/14.1.1 Mobile/15E148 Safari/604.1"
190.119.60.43 - - [29/Apr/2026:08:56:38 -0400] "GET /wp-content/uploads/2025/wp-content/uploads/2025/02/ HTTP/1.1" 301 0 "http://vive.com.pa/wp-content/uploads/2025//wp-content/uploads/2025/02/" "Mozilla/5.0 (Windows NT 10.0; Win64; x64) AppleWebKit/537.36 (KHTML, like Gecko) Chrome/92.0.4515.107 Safari/537.36"
190.119.60.43 - - [29/Apr/2026:08:56:40 -0400] "GET /wp-content/uploads/2025/wp-content/uploads/2025/03/ HTTP/1.1" 404 25192 "https://vive.com.pa/wp-content/uploads/2025/wp-content/uploads/2025/03/" "Mozilla/5.0 (Windows NT 10.0; WOW64; Trident/7.0; rv:11.0) like Gecko"
66.249.69.160 - - [29/Apr/2026:08:56:40 -0400] "GET /075027132.html HTTP/1.1" 200 19454 "-" "Mozilla/5.0 (Linux; Android 6.0.1; Nexus 5X Build/MMB29P) AppleWebKit/537.36 (KHTML, like Gecko) Chrome/147.0.7727.116 Mobile Safari/537.36 (compatible; Googlebot/2.1; +http://www.google.com/bot.html)"
190.119.60.43 - - [29/Apr/2026:08:56:42 -0400] "GET /wp-content/uploads/2025/wp-content/uploads/2025/05/ HTTP/1.1" 301 0 "http://vive.com.pa/wp-content/uploads/2025//wp-content/uploads/2025/05/" "Mozilla/5.0 (Macintosh; Intel Mac OS X 10_15_7) AppleWebKit/605.1.15 (KHTML, like Gecko) Version/14.1.1 Safari/605.1.15"
190.119.60.43 - - [29/Apr/2026:08:56:46 -0400] "GET /wp-content/uploads/2025/wp-content/uploads/2025/09/ HTTP/1.1" 404 25193 "https://vive.com.pa/wp-content/uploads/2025/wp-content/uploads/2025/09/" "Mozilla/5.0 (Macintosh; Intel Mac OS X 10_15_7) AppleWebKit/537.36 (KHTML, like Gecko) Chrome/91.0.4472.124 Safari/537.36"
66.249.69.160 - - [29/Apr/2026:08:56:47 -0400] "GET /235030954.html HTTP/1.1" 200 19342 "-" "Mozilla/5.0 (Linux; Android 6.0.1; Nexus 5X Build/MMB29P) AppleWebKit/537.36 (KHTML, like Gecko) Chrome/147.0.7727.116 Mobile Safari/537.36 (compatible; Googlebot/2.1; +http://www.google.com/bot.html)"
190.119.60.43 - - [29/Apr/2026:08:56:33 -0400] "GET /wp-content/uploads/2024/wp-content/uploads/2024/11/ HTTP/1.1" 301 0 "http://vive.com.pa/wp-content/uploads/2024//wp-content/uploads/2024/11/" "Mozilla/5.0 (iPhone; CPU iPhone OS 14_6 like Mac OS X) AppleWebKit/605.1.15 (KHTML, like Gecko) Version/14.1.1 Mobile/15E148 Safari/604.1"
190.119.60.43 - - [29/Apr/2026:08:56:37 -0400] "GET /wp-content/uploads/2025/wp-content/uploads/2025/01/ HTTP/1.1" 301 0 "http://vive.com.pa/wp-content/uploads/2025//wp-content/uploads/2025/01/" "Mozilla/5.0 (iPad; CPU OS 14_6 like Mac OS X) AppleWebKit/605.1.15 (KHTML, like Gecko) Version/14.1.1 Mobile/15E148 Safari/604.1"
190.119.60.43 - - [29/Apr/2026:08:56:39 -0400] "GET /wp-content/uploads/2025/wp-content/uploads/2025/02/ HTTP/1.1" 404 25192 "https://vive.com.pa/wp-content/uploads/2025/wp-content/uploads/2025/02/" "Mozilla/5.0 (Windows NT 10.0; Win64; x64) AppleWebKit/537.36 (KHTML, like Gecko) Chrome/92.0.4515.107 Safari/537.36"
190.119.60.43 - - [29/Apr/2026:08:56:40 -0400] "GET /wp-content/uploads/2025/wp-content/uploads/2025/03/ HTTP/1.1" 301 0 "http://vive.com.pa/wp-content/uploads/2025//wp-content/uploads/2025/03/" "Mozilla/5.0 (Windows NT 10.0; WOW64; Trident/7.0; rv:11.0) like Gecko"
190.119.60.43 - - [29/Apr/2026:08:56:41 -0400] "GET /wp-content/uploads/2025/wp-content/uploads/2025/04/ HTTP/1.1" 301 0 "http://vive.com.pa/wp-content/uploads/2025//wp-content/uploads/2025/04/" "Mozilla/5.0 (Macintosh; Intel Mac OS X 10_14_6) AppleWebKit/537.36 (KHTML, like Gecko) Chrome/91.0.4472.124 Safari/537.36"
190.119.60.43 - - [29/Apr/2026:08:56:42 -0400] "GET /wp-content/uploads/2025/wp-content/uploads/2025/04/ HTTP/1.1" 404 25192 "https://vive.com.pa/wp-content/uploads/2025/wp-content/uploads/2025/04/" "Mozilla/5.0 (Macintosh; Intel Mac OS X 10_14_6) AppleWebKit/537.36 (KHTML, like Gecko) Chrome/91.0.4472.124 Safari/537.36"
190.119.60.43 - - [29/Apr/2026:08:56:43 -0400] "GET /wp-content/uploads/2025/wp-content/uploads/2025/05/ HTTP/1.1" 404 25192 "https://vive.com.pa/wp-content/uploads/2025/wp-content/uploads/2025/05/" "Mozilla/5.0 (Macintosh; Intel Mac OS X 10_15_7) AppleWebKit/605.1.15 (KHTML, like Gecko) Version/14.1.1 Safari/605.1.15"
190.119.60.43 - - [29/Apr/2026:08:56:44 -0400] "GET /wp-content/uploads/2025/wp-content/uploads/2025/06/ HTTP/1.1" 301 0 "http://vive.com.pa/wp-content/uploads/2025//wp-content/uploads/2025/06/" "Mozilla/5.0 (Linux; Android 10; SM-A505FN) AppleWebKit/537.36 (KHTML, like Gecko) Chrome/91.0.4472.120 Mobile Safari/537.36"
