190.119.60.43 - - [29/Apr/2026:08:44:29 -0400] "GET /js/ HTTP/1.1" 404 25193 "https://vive.com.pa/js/" "Mozilla/5.0 (Windows NT 10.0; Win64; x64) AppleWebKit/537.36 (KHTML, like Gecko) Chrome/92.0.4515.107 Safari/537.36"
190.119.60.43 - - [29/Apr/2026:08:44:30 -0400] "GET /download/ HTTP/1.1" 301 0 "http://vive.com.pa/download/" "Mozilla/5.0 (Windows NT 6.1; Win64; x64) AppleWebKit/537.36 (KHTML, like Gecko) Chrome/91.0.4472.124 Safari/537.36"
190.119.60.43 - - [29/Apr/2026:08:44:32 -0400] "GET /cache/ HTTP/1.1" 404 25193 "https://vive.com.pa/cache/" "Mozilla/5.0 (X11; Linux x86_64) AppleWebKit/537.36 (KHTML, like Gecko) Chrome/91.0.4472.124 Safari/537.36"
190.119.60.43 - - [29/Apr/2026:08:44:32 -0400] "GET /lib/ HTTP/1.1" 301 0 "http://vive.com.pa/lib/" "Mozilla/5.0 (X11; Ubuntu; Linux x86_64; rv:89.0) Gecko/20100101 Firefox/89.0"
66.249.69.160 - - [29/Apr/2026:08:44:33 -0400] "GET /223011302.html HTTP/1.1" 200 19232 "-" "Mozilla/5.0 (Linux; Android 6.0.1; Nexus 5X Build/MMB29P) AppleWebKit/537.36 (KHTML, like Gecko) Chrome/147.0.7727.116 Mobile Safari/537.36 (compatible; Googlebot/2.1; +http://www.google.com/bot.html)"
190.119.60.43 - - [29/Apr/2026:08:44:33 -0400] "GET /lib/ HTTP/1.1" 404 25194 "https://vive.com.pa/lib/" "Mozilla/5.0 (X11; Ubuntu; Linux x86_64; rv:89.0) Gecko/20100101 Firefox/89.0"
190.119.60.43 - - [29/Apr/2026:08:44:34 -0400] "GET /includes/ HTTP/1.1" 301 0 "http://vive.com.pa/includes/" "Mozilla/5.0 (iPad; CPU OS 14_6 like Mac OS X) AppleWebKit/605.1.15 (KHTML, like Gecko) Version/14.1.1 Mobile/15E148 Safari/604.1"
190.119.60.43 - - [29/Apr/2026:08:44:34 -0400] "GET /includes/ HTTP/1.1" 404 25197 "https://vive.com.pa/includes/" "Mozilla/5.0 (iPad; CPU OS 14_6 like Mac OS X) AppleWebKit/605.1.15 (KHTML, like Gecko) Version/14.1.1 Mobile/15E148 Safari/604.1"
190.119.60.43 - - [29/Apr/2026:08:44:36 -0400] "GET /catalogs/ HTTP/1.1" 404 25199 "https://vive.com.pa/catalogs/" "Mozilla/5.0 (X11; Linux x86_64) AppleWebKit/537.36 (KHTML, like Gecko) Chrome/91.0.4472.124 Safari/537.36"
190.119.60.43 - - [29/Apr/2026:08:44:37 -0400] "GET /templates/ HTTP/1.1" 404 25193 "https://vive.com.pa/templates/" "Mozilla/5.0 (Macintosh; Intel Mac OS X 10_15_7) AppleWebKit/537.36 (KHTML, like Gecko) Chrome/91.0.4472.124 Safari/537.36"
190.119.60.43 - - [29/Apr/2026:08:44:38 -0400] "GET /availability/ HTTP/1.1" 301 0 "http://vive.com.pa/availability/" "Mozilla/5.0 (Windows NT 10.0; Win64; x64) AppleWebKit/537.36 (KHTML, like Gecko) Chrome/92.0.4515.107 Safari/537.36"
190.119.60.43 - - [29/Apr/2026:08:44:38 -0400] "GET /availability/ HTTP/1.1" 404 25193 "https://vive.com.pa/availability/" "Mozilla/5.0 (Windows NT 10.0; Win64; x64) AppleWebKit/537.36 (KHTML, like Gecko) Chrome/92.0.4515.107 Safari/537.36"
190.119.60.43 - - [29/Apr/2026:08:44:40 -0400] "GET /tools/ HTTP/1.1" 404 25193 "https://vive.com.pa/tools/" "Mozilla/5.0 (Windows NT 10.0; Win64; x64) AppleWebKit/537.36 (KHTML, like Gecko) Chrome/92.0.4515.107 Safari/537.36"
190.119.60.43 - - [29/Apr/2026:08:44:42 -0400] "GET /ojs/ HTTP/1.1" 301 0 "http://vive.com.pa/ojs/" "Mozilla/5.0 (iPad; CPU OS 14_6 like Mac OS X) AppleWebKit/605.1.15 (KHTML, like Gecko) Version/14.1.1 Mobile/15E148 Safari/604.1"
190.119.60.43 - - [29/Apr/2026:08:44:43 -0400] "GET /journal/ HTTP/1.1" 301 0 "http://vive.com.pa/journal/" "Mozilla/5.0 (iPad; CPU OS 14_6 like Mac OS X) AppleWebKit/605.1.15 (KHTML, like Gecko) Version/14.1.1 Mobile/15E148 Safari/604.1"
190.119.60.43 - - [29/Apr/2026:08:44:45 -0400] "GET /lib/pkp/ HTTP/1.1" 301 0 "http://vive.com.pa/lib/pkp/" "Mozilla/5.0 (Linux; Android 11; SM-G991B) AppleWebKit/537.36 (KHTML, like Gecko) Chrome/91.0.4472.120 Mobile Safari/537.36"
190.119.60.43 - - [29/Apr/2026:08:44:47 -0400] "GET /import/ HTTP/1.1" 301 0 "http://vive.com.pa/import/" "Mozilla/5.0 (Macintosh; Intel Mac OS X 10_15_7) AppleWebKit/537.36 (KHTML, like Gecko) Chrome/91.0.4472.124 Safari/537.36"
190.119.60.43 - - [29/Apr/2026:08:44:35 -0400] "GET /catalogs/ HTTP/1.1" 301 0 "http://vive.com.pa/catalogs/" "Mozilla/5.0 (X11; Linux x86_64) AppleWebKit/537.36 (KHTML, like Gecko) Chrome/91.0.4472.124 Safari/537.36"
190.119.60.43 - - [29/Apr/2026:08:44:36 -0400] "GET /templates/ HTTP/1.1" 301 0 "http://vive.com.pa/templates/" "Mozilla/5.0 (Macintosh; Intel Mac OS X 10_15_7) AppleWebKit/537.36 (KHTML, like Gecko) Chrome/91.0.4472.124 Safari/537.36"
190.119.60.43 - - [29/Apr/2026:08:44:39 -0400] "GET /tools/ HTTP/1.1" 301 0 "http://vive.com.pa/tools/" "Mozilla/5.0 (Windows NT 10.0; Win64; x64) AppleWebKit/537.36 (KHTML, like Gecko) Chrome/92.0.4515.107 Safari/537.36"
66.249.69.160 - - [29/Apr/2026:08:44:39 -0400] "GET /177007234.html HTTP/1.1" 200 18780 "-" "Mozilla/5.0 (Linux; Android 6.0.1; Nexus 5X Build/MMB29P) AppleWebKit/537.36 (KHTML, like Gecko) Chrome/147.0.7727.116 Mobile Safari/537.36 (compatible; Googlebot/2.1; +http://www.google.com/bot.html)"
66.249.69.160 - - [29/Apr/2026:08:44:40 -0400] "GET /shop/pg/84normal/26916 HTTP/1.1" 200 19776 "-" "Mozilla/5.0 (Linux; Android 6.0.1; Nexus 5X Build/MMB29P) AppleWebKit/537.36 (KHTML, like Gecko) Chrome/147.0.7727.116 Mobile Safari/537.36 (compatible; Googlebot/2.1; +http://www.google.com/bot.html)"
190.119.60.43 - - [29/Apr/2026:08:44:40 -0400] "GET /locale/ HTTP/1.1" 301 0 "http://vive.com.pa/locale/" "Mozilla/5.0 (Windows NT 10.0; Win64; x64) AppleWebKit/537.36 (KHTML, like Gecko) Chrome/91.0.4472.124 Safari/537.36"
190.119.60.43 - - [29/Apr/2026:08:44:41 -0400] "GET /locale/ HTTP/1.1" 404 25199 "https://vive.com.pa/locale/" "Mozilla/5.0 (Windows NT 10.0; Win64; x64) AppleWebKit/537.36 (KHTML, like Gecko) Chrome/91.0.4472.124 Safari/537.36"
190.119.60.43 - - [29/Apr/2026:08:44:42 -0400] "GET /ojs/ HTTP/1.1" 404 25197 "https://vive.com.pa/ojs/" "Mozilla/5.0 (iPad; CPU OS 14_6 like Mac OS X) AppleWebKit/605.1.15 (KHTML, like Gecko) Version/14.1.1 Mobile/15E148 Safari/604.1"
66.249.69.160 - - [29/Apr/2026:08:44:42 -0400] "GET /154014633.html HTTP/1.1" 200 18806 "-" "Mozilla/5.0 (Linux; Android 6.0.1; Nexus 5X Build/MMB29P) AppleWebKit/537.36 (KHTML, like Gecko) Chrome/147.0.7727.116 Mobile Safari/537.36 (compatible; Googlebot/2.1; +http://www.google.com/bot.html)"
190.119.60.43 - - [29/Apr/2026:08:44:44 -0400] "GET /journal/ HTTP/1.1" 404 25197 "https://vive.com.pa/journal/" "Mozilla/5.0 (iPad; CPU OS 14_6 like Mac OS X) AppleWebKit/605.1.15 (KHTML, like Gecko) Version/14.1.1 Mobile/15E148 Safari/604.1"
190.119.60.43 - - [29/Apr/2026:08:44:45 -0400] "GET /lib/pkp/ HTTP/1.1" 404 25193 "https://vive.com.pa/lib/pkp/" "Mozilla/5.0 (Linux; Android 11; SM-G991B) AppleWebKit/537.36 (KHTML, like Gecko) Chrome/91.0.4472.120 Mobile Safari/537.36"
190.119.60.43 - - [29/Apr/2026:08:44:46 -0400] "GET /plugins/ HTTP/1.1" 301 0 "http://vive.com.pa/plugins/" "Mozilla/5.0 (Macintosh; Intel Mac OS X 10_15_7) AppleWebKit/537.36 (KHTML, like Gecko) Chrome/91.0.4472.124 Safari/537.36"
190.119.60.43 - - [29/Apr/2026:08:44:47 -0400] "GET /plugins/ HTTP/1.1" 404 25193 "https://vive.com.pa/plugins/" "Mozilla/5.0 (Macintosh; Intel Mac OS X 10_15_7) AppleWebKit/537.36 (KHTML, like Gecko) Chrome/91.0.4472.124 Safari/537.36"
190.119.60.43 - - [29/Apr/2026:08:44:48 -0400] "GET /import/ HTTP/1.1" 404 25193 "https://vive.com.pa/import/" "Mozilla/5.0 (Macintosh; Intel Mac OS X 10_15_7) AppleWebKit/537.36 (KHTML, like Gecko) Chrome/91.0.4472.124 Safari/537.36"
190.119.60.43 - - [29/Apr/2026:08:44:49 -0400] "GET /styles/ HTTP/1.1" 301 0 "http://vive.com.pa/styles/" "Mozilla/5.0 (Windows NT 10.0; WOW64; Trident/7.0; rv:11.0) like Gecko"
190.119.60.43 - - [29/Apr/2026:08:44:49 -0400] "GET /styles/ HTTP/1.1" 404 25193 "https://vive.com.pa/styles/" "Mozilla/5.0 (Windows NT 10.0; WOW64; Trident/7.0; rv:11.0) like Gecko"
190.119.60.43 - - [29/Apr/2026:08:44:51 -0400] "GET /bkbp/ HTTP/1.1" 404 25192 "https://vive.com.pa/bkbp/" "Mozilla/5.0 (Linux; Android 10; SM-A505FN) AppleWebKit/537.36 (KHTML, like Gecko) Chrome/91.0.4472.120 Mobile Safari/537.36"
190.119.60.43 - - [29/Apr/2026:08:44:52 -0400] "GET /snippet/ HTTP/1.1" 404 25192 "https://vive.com.pa/snippet/" "Mozilla/5.0 (Windows NT 10.0; Win64; x64) AppleWebKit/537.36 (KHTML, like Gecko) Chrome/90.0.4430.212 Safari/537.36"
190.119.60.43 - - [29/Apr/2026:08:44:53 -0400] "GET /file/ HTTP/1.1" 301 0 "http://vive.com.pa/file/" "Mozilla/5.0 (Windows NT 10.0; Win64; x64) AppleWebKit/537.36 (KHTML, like Gecko) Chrome/90.0.4430.212 Safari/537.36"
190.119.60.43 - - [29/Apr/2026:08:44:53 -0400] "GET /file/ HTTP/1.1" 404 25192 "https://vive.com.pa/file/" "Mozilla/5.0 (Windows NT 10.0; Win64; x64) AppleWebKit/537.36 (KHTML, like Gecko) Chrome/90.0.4430.212 Safari/537.36"
190.119.60.43 - - [29/Apr/2026:08:44:56 -0400] "GET /cgi_bin/ HTTP/1.1" 404 25193 "https://vive.com.pa/cgi_bin/" "Mozilla/5.0 (Macintosh; Intel Mac OS X 10_14_6) AppleWebKit/537.36 (KHTML, like Gecko) Chrome/91.0.4472.124 Safari/537.36"
66.249.69.160 - - [29/Apr/2026:08:44:56 -0400] "GET /001043848.html HTTP/1.1" 200 20066 "-" "Mozilla/5.0 (Linux; Android 6.0.1; Nexus 5X Build/MMB29P) AppleWebKit/537.36 (KHTML, like Gecko) Chrome/147.0.7727.116 Mobile Safari/537.36 (compatible; Googlebot/2.1; +http://www.google.com/bot.html)"
190.119.60.43 - - [29/Apr/2026:08:44:57 -0400] "GET /upload/ HTTP/1.1" 301 0 "http://vive.com.pa/upload/" "Mozilla/5.0 (Windows NT 10.0; Win64; x64) AppleWebKit/537.36 (KHTML, like Gecko) Chrome/92.0.4515.107 Safari/537.36"
190.119.60.43 - - [29/Apr/2026:08:44:58 -0400] "GET /upload/ HTTP/1.1" 404 25193 "https://vive.com.pa/upload/" "Mozilla/5.0 (Windows NT 10.0; Win64; x64) AppleWebKit/537.36 (KHTML, like Gecko) Chrome/92.0.4515.107 Safari/537.36"
190.119.60.43 - - [29/Apr/2026:08:44:58 -0400] "GET /shared/ HTTP/1.1" 301 0 "http://vive.com.pa/shared/" "Mozilla/5.0 (Macintosh; Intel Mac OS X 10_15_7) AppleWebKit/537.36 (KHTML, like Gecko) Chrome/91.0.4472.124 Safari/537.36"
190.119.60.43 - - [29/Apr/2026:08:45:00 -0400] "GET /ALFA_DATA/ HTTP/1.1" 301 0 "http://vive.com.pa/ALFA_DATA/" "Mozilla/5.0 (iPad; CPU OS 14_6 like Mac OS X) AppleWebKit/605.1.15 (KHTML, like Gecko) Version/14.1.1 Mobile/15E148 Safari/604.1"
190.119.60.43 - - [29/Apr/2026:08:45:01 -0400] "GET /moodle/ HTTP/1.1" 404 25192 "https://vive.com.pa/moodle/" "Mozilla/5.0 (Macintosh; Intel Mac OS X 10_14_6) AppleWebKit/537.36 (KHTML, like Gecko) Chrome/91.0.4472.124 Safari/537.36"
190.119.60.43 - - [29/Apr/2026:08:45:02 -0400] "GET /siteadmin/ HTTP/1.1" 301 0 "http://vive.com.pa/siteadmin/" "Mozilla/5.0 (Macintosh; Intel Mac OS X 10_15_7) AppleWebKit/605.1.15 (KHTML, like Gecko) Version/14.1.1 Safari/605.1.15"
190.119.60.43 - - [29/Apr/2026:08:45:04 -0400] "GET /alfacgiapi/ HTTP/1.1" 301 0 "http://vive.com.pa/alfacgiapi/" "Mozilla/5.0 (Macintosh; Intel Mac OS X 10_15_7) AppleWebKit/605.1.15 (KHTML, like Gecko) Version/14.1.1 Safari/605.1.15"
198.54.125.254 - - [29/Apr/2026:08:45:06 -0400] "POST /wp-cron.php?doing_wp_cron=1777466706.6835980415344238281250 HTTP/1.1" 403 1242 "-" "WordPress/6.8.5; https://www.vive.com.pa"
190.119.60.43 - - [29/Apr/2026:08:45:06 -0400] "GET /api/ HTTP/1.1" 301 0 "http://vive.com.pa/api/" "Mozilla/5.0 (X11; Linux x86_64) AppleWebKit/537.36 (KHTML, like Gecko) Chrome/91.0.4472.124 Safari/537.36"
190.119.60.43 - - [29/Apr/2026:08:45:07 -0400] "GET /api/ HTTP/1.1" 404 25192 "https://vive.com.pa/api/" "Mozilla/5.0 (X11; Linux x86_64) AppleWebKit/537.36 (KHTML, like Gecko) Chrome/91.0.4472.124 Safari/537.36"
190.119.60.43 - - [29/Apr/2026:08:45:08 -0400] "GET /archives/ HTTP/1.1" 301 0 "http://vive.com.pa/archives/" "Mozilla/5.0 (Macintosh; Intel Mac OS X 10_14_6) AppleWebKit/537.36 (KHTML, like Gecko) Chrome/91.0.4472.124 Safari/537.36"
190.119.60.43 - - [29/Apr/2026:08:45:08 -0400] "GET /archives/ HTTP/1.1" 404 25193 "https://vive.com.pa/archives/" "Mozilla/5.0 (Macintosh; Intel Mac OS X 10_14_6) AppleWebKit/537.36 (KHTML, like Gecko) Chrome/91.0.4472.124 Safari/537.36"
66.249.69.160 - - [29/Apr/2026:08:44:49 -0400] "GET /037002928.html HTTP/1.1" 200 19137 "-" "Mozilla/5.0 (Linux; Android 6.0.1; Nexus 5X Build/MMB29P) AppleWebKit/537.36 (KHTML, like Gecko) Chrome/147.0.7727.116 Mobile Safari/537.36 (compatible; Googlebot/2.1; +http://www.google.com/bot.html)"
190.119.60.43 - - [29/Apr/2026:08:44:50 -0400] "GET /bkbp/ HTTP/1.1" 301 0 "http://vive.com.pa/bkbp/" "Mozilla/5.0 (Linux; Android 10; SM-A505FN) AppleWebKit/537.36 (KHTML, like Gecko) Chrome/91.0.4472.120 Mobile Safari/537.36"
190.119.60.43 - - [29/Apr/2026:08:44:51 -0400] "GET /snippet/ HTTP/1.1" 301 0 "http://vive.com.pa/snippet/" "Mozilla/5.0 (Windows NT 10.0; Win64; x64) AppleWebKit/537.36 (KHTML, like Gecko) Chrome/90.0.4430.212 Safari/537.36"
190.119.60.43 - - [29/Apr/2026:08:44:54 -0400] "GET /neast/ HTTP/1.1" 301 0 "http://vive.com.pa/neast/" "Mozilla/5.0 (Windows NT 6.1; Win64; x64) AppleWebKit/537.36 (KHTML, like Gecko) Chrome/91.0.4472.124 Safari/537.36"
190.119.60.43 - - [29/Apr/2026:08:44:55 -0400] "GET /neast/ HTTP/1.1" 404 25192 "https://vive.com.pa/neast/" "Mozilla/5.0 (Windows NT 6.1; Win64; x64) AppleWebKit/537.36 (KHTML, like Gecko) Chrome/91.0.4472.124 Safari/537.36"
190.119.60.43 - - [29/Apr/2026:08:44:55 -0400] "GET /cgi_bin/ HTTP/1.1" 301 0 "http://vive.com.pa/cgi_bin/" "Mozilla/5.0 (Macintosh; Intel Mac OS X 10_14_6) AppleWebKit/537.36 (KHTML, like Gecko) Chrome/91.0.4472.124 Safari/537.36"
190.119.60.43 - - [29/Apr/2026:08:44:56 -0400] "GET /cgi-bin/ HTTP/1.1" 403 1242 "http://vive.com.pa/cgi-bin/" "Mozilla/5.0 (Macintosh; Intel Mac OS X 10_15_7) AppleWebKit/537.36 (KHTML, like Gecko) Chrome/91.0.4472.124 Safari/537.36"
190.119.60.43 - - [29/Apr/2026:08:44:59 -0400] "GET /shared/ HTTP/1.1" 404 25193 "https://vive.com.pa/shared/" "Mozilla/5.0 (Macintosh; Intel Mac OS X 10_15_7) AppleWebKit/537.36 (KHTML, like Gecko) Chrome/91.0.4472.124 Safari/537.36"
190.119.60.43 - - [29/Apr/2026:08:45:00 -0400] "GET /ALFA_DATA/ HTTP/1.1" 404 25197 "https://vive.com.pa/ALFA_DATA/" "Mozilla/5.0 (iPad; CPU OS 14_6 like Mac OS X) AppleWebKit/605.1.15 (KHTML, like Gecko) Version/14.1.1 Mobile/15E148 Safari/604.1"
190.119.60.43 - - [29/Apr/2026:08:45:01 -0400] "GET /moodle/ HTTP/1.1" 301 0 "http://vive.com.pa/moodle/" "Mozilla/5.0 (Macintosh; Intel Mac OS X 10_14_6) AppleWebKit/537.36 (KHTML, like Gecko) Chrome/91.0.4472.124 Safari/537.36"
190.119.60.43 - - [29/Apr/2026:08:45:03 -0400] "GET /siteadmin/ HTTP/1.1" 404 25192 "https://vive.com.pa/siteadmin/" "Mozilla/5.0 (Macintosh; Intel Mac OS X 10_15_7) AppleWebKit/605.1.15 (KHTML, like Gecko) Version/14.1.1 Safari/605.1.15"
190.119.60.43 - - [29/Apr/2026:08:45:05 -0400] "GET /alfacgiapi/ HTTP/1.1" 404 25192 "https://vive.com.pa/alfacgiapi/" "Mozilla/5.0 (Macintosh; Intel Mac OS X 10_15_7) AppleWebKit/605.1.15 (KHTML, like Gecko) Version/14.1.1 Safari/605.1.15"
66.249.69.161 - - [29/Apr/2026:08:45:07 -0400] "GET /shop/pg/112selected/8194 HTTP/1.1" 200 18485 "-" "Mozilla/5.0 (Linux; Android 6.0.1; Nexus 5X Build/MMB29P) AppleWebKit/537.36 (KHTML, like Gecko) Chrome/147.0.7727.116 Mobile Safari/537.36 (compatible; Googlebot/2.1; +http://www.google.com/bot.html)"
66.249.69.162 - - [29/Apr/2026:08:45:07 -0400] "GET /106040309.html HTTP/1.1" 200 20390 "-" "Mozilla/5.0 (Linux; Android 6.0.1; Nexus 5X Build/MMB29P) AppleWebKit/537.36 (KHTML, like Gecko) Chrome/147.0.7727.116 Mobile Safari/537.36 (compatible; Googlebot/2.1; +http://www.google.com/bot.html)"
190.119.60.43 - - [29/Apr/2026:08:45:09 -0400] "GET /previous/ HTTP/1.1" 301 0 "http://vive.com.pa/previous/" "Mozilla/5.0 (Windows NT 10.0; Win64; x64) AppleWebKit/537.36 (KHTML, like Gecko) Chrome/91.0.4472.124 Safari/537.36"
190.119.60.43 - - [29/Apr/2026:08:45:10 -0400] "GET /previous/ HTTP/1.1" 404 25192 "https://vive.com.pa/previous/" "Mozilla/5.0 (Windows NT 10.0; Win64; x64) AppleWebKit/537.36 (KHTML, like Gecko) Chrome/91.0.4472.124 Safari/537.36"
66.249.69.160 - - [29/Apr/2026:08:45:10 -0400] "GET /017014074.html HTTP/1.1" 200 19230 "-" "Mozilla/5.0 (Linux; Android 6.0.1; Nexus 5X Build/MMB29P) AppleWebKit/537.36 (KHTML, like Gecko) Chrome/147.0.7727.116 Mobile Safari/537.36 (compatible; Googlebot/2.1; +http://www.google.com/bot.html)"
190.119.60.43 - - [29/Apr/2026:08:45:11 -0400] "GET /app/ HTTP/1.1" 301 0 "http://vive.com.pa/app/" "Mozilla/5.0 (Windows NT 10.0; Win64; x64) AppleWebKit/537.36 (KHTML, like Gecko) Edge/91.0.864.59"
190.119.60.43 - - [29/Apr/2026:08:45:13 -0400] "GET /files/ HTTP/1.1" 301 0 "http://vive.com.pa/files/" "Mozilla/5.0 (Linux; Android 11; SM-G991B) AppleWebKit/537.36 (KHTML, like Gecko) Chrome/91.0.4472.120 Mobile Safari/537.36"
190.119.60.43 - - [29/Apr/2026:08:45:14 -0400] "GET /product_images/ HTTP/1.1" 301 0 "http://vive.com.pa/product_images/" "Mozilla/5.0 (Windows NT 10.0; Win64; x64) AppleWebKit/537.36 (KHTML, like Gecko) Chrome/92.0.4515.107 Safari/537.36"
190.119.60.43 - - [29/Apr/2026:08:45:15 -0400] "GET /product_images/ HTTP/1.1" 404 25192 "https://vive.com.pa/product_images/" "Mozilla/5.0 (Windows NT 10.0; Win64; x64) AppleWebKit/537.36 (KHTML, like Gecko) Chrome/92.0.4515.107 Safari/537.36"
190.119.60.43 - - [29/Apr/2026:08:45:15 -0400] "GET /grievances/users/ HTTP/1.1" 301 0 "http://vive.com.pa/grievances/users/" "Mozilla/5.0 (Windows NT 10.0; Win64; x64) AppleWebKit/537.36 (KHTML, like Gecko) Chrome/90.0.4430.212 Safari/537.36"
66.249.69.160 - - [29/Apr/2026:08:45:16 -0400] "GET /098048615.html HTTP/1.1" 200 19154 "-" "Mozilla/5.0 (Linux; Android 6.0.1; Nexus 5X Build/MMB29P) AppleWebKit/537.36 (KHTML, like Gecko) Chrome/147.0.7727.116 Mobile Safari/537.36 (compatible; Googlebot/2.1; +http://www.google.com/bot.html)"
190.119.60.43 - - [29/Apr/2026:08:45:17 -0400] "GET /users/ HTTP/1.1" 301 0 "http://vive.com.pa/users/" "Mozilla/5.0 (iPhone; CPU iPhone OS 14_6 like Mac OS X) AppleWebKit/605.1.15 (KHTML, like Gecko) Version/14.1.1 Mobile/15E148 Safari/604.1"
190.119.60.43 - - [29/Apr/2026:08:45:17 -0400] "GET /users/ HTTP/1.1" 404 25203 "https://vive.com.pa/users/" "Mozilla/5.0 (iPhone; CPU iPhone OS 14_6 like Mac OS X) AppleWebKit/605.1.15 (KHTML, like Gecko) Version/14.1.1 Mobile/15E148 Safari/604.1"
190.119.60.43 - - [29/Apr/2026:08:45:18 -0400] "GET /theme/ HTTP/1.1" 301 0 "http://vive.com.pa/theme/" "Mozilla/5.0 (Linux; Android 11; SM-G991B) AppleWebKit/537.36 (KHTML, like Gecko) Chrome/91.0.4472.120 Mobile Safari/537.36"
190.119.60.43 - - [29/Apr/2026:08:45:19 -0400] "GET /theme/ HTTP/1.1" 404 25192 "https://vive.com.pa/theme/" "Mozilla/5.0 (Linux; Android 11; SM-G991B) AppleWebKit/537.36 (KHTML, like Gecko) Chrome/91.0.4472.120 Mobile Safari/537.36"
190.119.60.43 - - [29/Apr/2026:08:45:20 -0400] "GET /themes/ HTTP/1.1" 404 25192 "https://vive.com.pa/themes/" "Mozilla/5.0 (X11; Linux x86_64) AppleWebKit/537.36 (KHTML, like Gecko) Chrome/91.0.4472.124 Safari/537.36"
190.119.60.43 - - [29/Apr/2026:08:45:22 -0400] "GET /news/ HTTP/1.1" 301 0 "http://vive.com.pa/news/" "Mozilla/5.0 (Macintosh; Intel Mac OS X 10_14_6) AppleWebKit/537.36 (KHTML, like Gecko) Chrome/91.0.4472.124 Safari/537.36"
190.119.60.43 - - [29/Apr/2026:08:45:23 -0400] "GET /news/ HTTP/1.1" 200 27726 "https://vive.com.pa/news/" "Mozilla/5.0 (Macintosh; Intel Mac OS X 10_14_6) AppleWebKit/537.36 (KHTML, like Gecko) Chrome/91.0.4472.124 Safari/537.36"
190.119.60.43 - - [29/Apr/2026:08:45:23 -0400] "GET /controllers/ HTTP/1.1" 301 0 "http://vive.com.pa/controllers/" "Mozilla/5.0 (Windows NT 10.0; Win64; x64) AppleWebKit/537.36 (KHTML, like Gecko) Chrome/92.0.4515.107 Safari/537.36"
190.119.60.43 - - [29/Apr/2026:08:45:25 -0400] "GET /roawk/ HTTP/1.1" 301 0 "http://vive.com.pa/roawk/" "Mozilla/5.0 (Windows NT 10.0; Win64; x64) AppleWebKit/537.36 (KHTML, like Gecko) Chrome/92.0.4515.107 Safari/537.36"
190.119.60.43 - - [29/Apr/2026:08:45:26 -0400] "GET /libs/ HTTP/1.1" 301 0 "http://vive.com.pa/libs/" "Mozilla/5.0 (Windows NT 10.0; Win64; x64; rv:89.0) Gecko/20100101 Firefox/89.0"
190.119.60.43 - - [29/Apr/2026:08:45:12 -0400] "GET /app/ HTTP/1.1" 404 25192 "https://vive.com.pa/app/" "Mozilla/5.0 (Windows NT 10.0; Win64; x64) AppleWebKit/537.36 (KHTML, like Gecko) Edge/91.0.864.59"
190.119.60.43 - - [29/Apr/2026:08:45:13 -0400] "GET /files/ HTTP/1.1" 404 25192 "https://vive.com.pa/files/" "Mozilla/5.0 (Linux; Android 11; SM-G991B) AppleWebKit/537.36 (KHTML, like Gecko) Chrome/91.0.4472.120 Mobile Safari/537.36"
190.119.60.43 - - [29/Apr/2026:08:45:16 -0400] "GET /grievances/users/ HTTP/1.1" 404 25192 "https://vive.com.pa/grievances/users/" "Mozilla/5.0 (Windows NT 10.0; Win64; x64) AppleWebKit/537.36 (KHTML, like Gecko) Chrome/90.0.4430.212 Safari/537.36"
190.119.60.43 - - [29/Apr/2026:08:45:19 -0400] "GET /themes/ HTTP/1.1" 301 0 "http://vive.com.pa/themes/" "Mozilla/5.0 (X11; Linux x86_64) AppleWebKit/537.36 (KHTML, like Gecko) Chrome/91.0.4472.124 Safari/537.36"
190.119.60.43 - - [29/Apr/2026:08:45:21 -0400] "GET /apps/ HTTP/1.1" 301 0 "http://vive.com.pa/apps/" "Mozilla/5.0 (Windows NT 10.0; Win64; x64) AppleWebKit/537.36 (KHTML, like Gecko) Chrome/92.0.4515.107 Safari/537.36"
190.119.60.43 - - [29/Apr/2026:08:45:21 -0400] "GET /apps/ HTTP/1.1" 404 25192 "https://vive.com.pa/apps/" "Mozilla/5.0 (Windows NT 10.0; Win64; x64) AppleWebKit/537.36 (KHTML, like Gecko) Chrome/92.0.4515.107 Safari/537.36"
66.249.69.160 - - [29/Apr/2026:08:45:23 -0400] "GET /016005169.html HTTP/1.1" 200 20003 "-" "Mozilla/5.0 (Linux; Android 6.0.1; Nexus 5X Build/MMB29P) AppleWebKit/537.36 (KHTML, like Gecko) Chrome/147.0.7727.116 Mobile Safari/537.36 (compatible; Googlebot/2.1; +http://www.google.com/bot.html)"
190.119.60.43 - - [29/Apr/2026:08:45:24 -0400] "GET /controllers/ HTTP/1.1" 404 25192 "https://vive.com.pa/controllers/" "Mozilla/5.0 (Windows NT 10.0; Win64; x64) AppleWebKit/537.36 (KHTML, like Gecko) Chrome/92.0.4515.107 Safari/537.36"
190.119.60.43 - - [29/Apr/2026:08:45:25 -0400] "GET /roawk/ HTTP/1.1" 404 25192 "https://vive.com.pa/roawk/" "Mozilla/5.0 (Windows NT 10.0; Win64; x64) AppleWebKit/537.36 (KHTML, like Gecko) Chrome/92.0.4515.107 Safari/537.36"
190.119.60.43 - - [29/Apr/2026:08:45:27 -0400] "GET /libs/ HTTP/1.1" 404 25192 "https://vive.com.pa/libs/" "Mozilla/5.0 (Windows NT 10.0; Win64; x64; rv:89.0) Gecko/20100101 Firefox/89.0"
190.119.60.43 - - [29/Apr/2026:08:45:27 -0400] "GET /pages/ HTTP/1.1" 301 0 "http://vive.com.pa/pages/" "Mozilla/5.0 (Windows NT 10.0; Win64; x64; rv:89.0) Gecko/20100101 Firefox/89.0"
190.119.60.43 - - [29/Apr/2026:08:45:29 -0400] "GET /lang/ HTTP/1.1" 404 25197 "https://vive.com.pa/lang/" "Mozilla/5.0 (iPhone; CPU iPhone OS 14_6 like Mac OS X) AppleWebKit/605.1.15 (KHTML, like Gecko) Version/14.1.1 Mobile/15E148 Safari/604.1"
190.119.60.43 - - [29/Apr/2026:08:45:30 -0400] "GET /languages/ HTTP/1.1" 301 0 "http://vive.com.pa/languages/" "Mozilla/5.0 (Linux; Android 11; SM-G991B) AppleWebKit/537.36 (KHTML, like Gecko) Chrome/91.0.4472.120 Mobile Safari/537.36"
66.249.69.160 - - [29/Apr/2026:08:45:30 -0400] "GET /056000435.html HTTP/1.1" 200 19609 "-" "Mozilla/5.0 (Linux; Android 6.0.1; Nexus 5X Build/MMB29P) AppleWebKit/537.36 (KHTML, like Gecko) Chrome/147.0.7727.116 Mobile Safari/537.36 (compatible; Googlebot/2.1; +http://www.google.com/bot.html)"
190.119.60.43 - - [29/Apr/2026:08:45:31 -0400] "GET /languages/ HTTP/1.1" 404 25192 "https://vive.com.pa/languages/" "Mozilla/5.0 (Linux; Android 11; SM-G991B) AppleWebKit/537.36 (KHTML, like Gecko) Chrome/91.0.4472.120 Mobile Safari/537.36"
190.119.60.43 - - [29/Apr/2026:08:45:33 -0400] "GET /en/ HTTP/1.1" 301 0 "http://vive.com.pa/en/" "Mozilla/5.0 (Macintosh; Intel Mac OS X 10_15_7) AppleWebKit/605.1.15 (KHTML, like Gecko) Version/14.1.1 Safari/605.1.15"
190.119.60.43 - - [29/Apr/2026:08:45:34 -0400] "GET /en_US/ HTTP/1.1" 301 0 "http://vive.com.pa/en_US/" "Mozilla/5.0 (X11; Linux x86_64) AppleWebKit/537.36 (KHTML, like Gecko) Chrome/91.0.4472.124 Safari/537.36"
190.119.60.43 - - [29/Apr/2026:08:45:28 -0400] "GET /pages/ HTTP/1.1" 404 25192 "https://vive.com.pa/pages/" "Mozilla/5.0 (Windows NT 10.0; Win64; x64; rv:89.0) Gecko/20100101 Firefox/89.0"
190.119.60.43 - - [29/Apr/2026:08:45:29 -0400] "GET /lang/ HTTP/1.1" 301 0 "http://vive.com.pa/lang/" "Mozilla/5.0 (iPhone; CPU iPhone OS 14_6 like Mac OS X) AppleWebKit/605.1.15 (KHTML, like Gecko) Version/14.1.1 Mobile/15E148 Safari/604.1"
190.119.60.43 - - [29/Apr/2026:08:45:31 -0400] "GET /language/ HTTP/1.1" 301 0 "http://vive.com.pa/language/" "Mozilla/5.0 (Windows NT 10.0; Win64; x64) AppleWebKit/537.36 (KHTML, like Gecko) Chrome/91.0.4472.124 Safari/537.36"
190.119.60.43 - - [29/Apr/2026:08:45:32 -0400] "GET /language/ HTTP/1.1" 404 25192 "https://vive.com.pa/language/" "Mozilla/5.0 (Windows NT 10.0; Win64; x64) AppleWebKit/537.36 (KHTML, like Gecko) Chrome/91.0.4472.124 Safari/537.36"
190.119.60.43 - - [29/Apr/2026:08:45:33 -0400] "GET /en/ HTTP/1.1" 404 25194 "https://vive.com.pa/en/" "Mozilla/5.0 (Macintosh; Intel Mac OS X 10_15_7) AppleWebKit/605.1.15 (KHTML, like Gecko) Version/14.1.1 Safari/605.1.15"
190.119.60.43 - - [29/Apr/2026:08:45:34 -0400] "GET /en_US/ HTTP/1.1" 404 25192 "https://vive.com.pa/en_US/" "Mozilla/5.0 (X11; Linux x86_64) AppleWebKit/537.36 (KHTML, like Gecko) Chrome/91.0.4472.124 Safari/537.36"
190.119.60.43 - - [29/Apr/2026:08:45:36 -0400] "GET /info/ HTTP/1.1" 200 29296 "https://vive.com.pa/info/" "Mozilla/5.0 (iPad; CPU OS 14_6 like Mac OS X) AppleWebKit/605.1.15 (KHTML, like Gecko) Version/14.1.1 Mobile/15E148 Safari/604.1"
190.119.60.43 - - [29/Apr/2026:08:45:37 -0400] "GET /israel/ HTTP/1.1" 404 25199 "https://vive.com.pa/israel/" "Mozilla/5.0 (Windows NT 10.0; WOW64; Trident/7.0; rv:11.0) like Gecko"
190.119.60.43 - - [29/Apr/2026:08:45:38 -0400] "GET /code/ HTTP/1.1" 301 0 "http://vive.com.pa/code/" "Mozilla/5.0 (Windows NT 10.0; WOW64; Trident/7.0; rv:11.0) like Gecko"
190.119.60.43 - - [29/Apr/2026:08:45:40 -0400] "GET /downloads/ HTTP/1.1" 404 25193 "https://vive.com.pa/downloads/" "Mozilla/5.0 (Windows NT 10.0; Win64; x64; rv:89.0) Gecko/20100101 Firefox/89.0"
190.119.60.43 - - [29/Apr/2026:08:45:40 -0400] "GET /aulavirtual/ HTTP/1.1" 301 0 "http://vive.com.pa/aulavirtual/" "Mozilla/5.0 (X11; Linux x86_64) AppleWebKit/537.36 (KHTML, like Gecko) Chrome/91.0.4472.124 Safari/537.36"
190.119.60.43 - - [29/Apr/2026:08:45:42 -0400] "GET /wp-includes/ HTTP/1.1" 200 11249 "http://vive.com.pa/wp-includes/" "Mozilla/5.0 (Macintosh; Intel Mac OS X 10_15_7) AppleWebKit/605.1.15 (KHTML, like Gecko) Version/14.1.1 Safari/605.1.15"
190.119.60.43 - - [29/Apr/2026:08:45:42 -0400] "GET /wp-includes/wp-includes/assets/ HTTP/1.1" 301 0 "http://vive.com.pa/wp-includes//wp-includes/assets/" "Mozilla/5.0 (Windows NT 10.0; Win64; x64) AppleWebKit/537.36 (KHTML, like Gecko) Edge/91.0.864.59"
190.119.60.43 - - [29/Apr/2026:08:45:43 -0400] "GET /wp-includes/wp-includes/assets/ HTTP/1.1" 404 25192 "https://vive.com.pa/wp-includes/wp-includes/assets/" "Mozilla/5.0 (Windows NT 10.0; Win64; x64) AppleWebKit/537.36 (KHTML, like Gecko) Edge/91.0.864.59"
190.119.60.43 - - [29/Apr/2026:08:45:43 -0400] "GET /wp-includes/wp-includes/block-bindings/ HTTP/1.1" 301 0 "http://vive.com.pa/wp-includes//wp-includes/block-bindings/" "Mozilla/5.0 (Windows NT 10.0; Win64; x64; rv:89.0) Gecko/20100101 Firefox/89.0"
190.119.60.43 - - [29/Apr/2026:08:45:44 -0400] "GET /wp-includes/wp-includes/block-bindings/ HTTP/1.1" 404 25193 "https://vive.com.pa/wp-includes/wp-includes/block-bindings/" "Mozilla/5.0 (Windows NT 10.0; Win64; x64; rv:89.0) Gecko/20100101 Firefox/89.0"
190.119.60.43 - - [29/Apr/2026:08:45:44 -0400] "GET /wp-includes/wp-includes/block-patterns/ HTTP/1.1" 301 0 "http://vive.com.pa/wp-includes//wp-includes/block-patterns/" "Mozilla/5.0 (X11; Ubuntu; Linux x86_64; rv:89.0) Gecko/20100101 Firefox/89.0"
190.119.60.43 - - [29/Apr/2026:08:45:35 -0400] "GET /info/ HTTP/1.1" 301 0 "http://vive.com.pa/info/" "Mozilla/5.0 (iPad; CPU OS 14_6 like Mac OS X) AppleWebKit/605.1.15 (KHTML, like Gecko) Version/14.1.1 Mobile/15E148 Safari/604.1"
190.119.60.43 - - [29/Apr/2026:08:45:37 -0400] "GET /israel/ HTTP/1.1" 301 0 "http://vive.com.pa/israel/" "Mozilla/5.0 (Windows NT 10.0; WOW64; Trident/7.0; rv:11.0) like Gecko"
66.249.69.160 - - [29/Apr/2026:08:45:37 -0400] "GET /251038698.html HTTP/1.1" 200 18938 "-" "Mozilla/5.0 (Linux; Android 6.0.1; Nexus 5X Build/MMB29P) AppleWebKit/537.36 (KHTML, like Gecko) Chrome/147.0.7727.116 Mobile Safari/537.36 (compatible; Googlebot/2.1; +http://www.google.com/bot.html)"
190.119.60.43 - - [29/Apr/2026:08:45:38 -0400] "GET /code/ HTTP/1.1" 404 25199 "https://vive.com.pa/code/" "Mozilla/5.0 (Windows NT 10.0; WOW64; Trident/7.0; rv:11.0) like Gecko"
190.119.60.43 - - [29/Apr/2026:08:45:39 -0400] "GET /downloads/ HTTP/1.1" 301 0 "http://vive.com.pa/downloads/" "Mozilla/5.0 (Windows NT 10.0; Win64; x64; rv:89.0) Gecko/20100101 Firefox/89.0"
190.119.60.43 - - [29/Apr/2026:08:45:41 -0400] "GET /aulavirtual/ HTTP/1.1" 404 25192 "https://vive.com.pa/aulavirtual/" "Mozilla/5.0 (X11; Linux x86_64) AppleWebKit/537.36 (KHTML, like Gecko) Chrome/91.0.4472.124 Safari/537.36"
66.249.69.160 - - [29/Apr/2026:08:45:43 -0400] "GET /159029164.html HTTP/1.1" 200 19198 "-" "Mozilla/5.0 (Linux; Android 6.0.1; Nexus 5X Build/MMB29P) AppleWebKit/537.36 (KHTML, like Gecko) Chrome/147.0.7727.116 Mobile Safari/537.36 (compatible; Googlebot/2.1; +http://www.google.com/bot.html)"
190.119.60.43 - - [29/Apr/2026:08:45:46 -0400] "GET /wp-includes/wp-includes/block-supports/ HTTP/1.1" 301 0 "http://vive.com.pa/wp-includes//wp-includes/block-supports/" "Mozilla/5.0 (Windows NT 10.0; Win64; x64) AppleWebKit/537.36 (KHTML, like Gecko) Chrome/90.0.4430.212 Safari/537.36"
190.119.60.43 - - [29/Apr/2026:08:45:47 -0400] "GET /wp-includes/wp-includes/block-supports/ HTTP/1.1" 404 25192 "https://vive.com.pa/wp-includes/wp-includes/block-supports/" "Mozilla/5.0 (Windows NT 10.0; Win64; x64) AppleWebKit/537.36 (KHTML, like Gecko) Chrome/90.0.4430.212 Safari/537.36"
190.119.60.43 - - [29/Apr/2026:08:45:47 -0400] "GET /wp-includes/wp-includes/blocks/ HTTP/1.1" 301 0 "http://vive.com.pa/wp-includes//wp-includes/blocks/" "Mozilla/5.0 (Windows NT 10.0; Win64; x64) AppleWebKit/537.36 (KHTML, like Gecko) Chrome/91.0.4472.124 Safari/537.36"
66.249.69.160 - - [29/Apr/2026:08:45:50 -0400] "GET /167027080.html HTTP/1.1" 200 19575 "-" "Mozilla/5.0 (Linux; Android 6.0.1; Nexus 5X Build/MMB29P) AppleWebKit/537.36 (KHTML, like Gecko) Chrome/147.0.7727.116 Mobile Safari/537.36 (compatible; Googlebot/2.1; +http://www.google.com/bot.html)"
190.119.60.43 - - [29/Apr/2026:08:45:51 -0400] "GET /wp-includes/wp-includes/css/ HTTP/1.1" 404 25192 "https://vive.com.pa/wp-includes/wp-includes/css/" "Mozilla/5.0 (Windows NT 10.0; Win64; x64) AppleWebKit/537.36 (KHTML, like Gecko) Chrome/91.0.4472.124 Safari/537.36"
190.119.60.43 - - [29/Apr/2026:08:45:53 -0400] "GET /wp-includes/wp-includes/fonts/ HTTP/1.1" 404 25192 "https://vive.com.pa/wp-includes/wp-includes/fonts/" "Mozilla/5.0 (X11; Linux x86_64) AppleWebKit/537.36 (KHTML, like Gecko) Chrome/91.0.4472.124 Safari/537.36"
190.119.60.43 - - [29/Apr/2026:08:45:55 -0400] "GET /wp-includes/wp-includes/html-api/ HTTP/1.1" 404 25192 "https://vive.com.pa/wp-includes/wp-includes/html-api/" "Mozilla/5.0 (Macintosh; Intel Mac OS X 10_14_6) AppleWebKit/537.36 (KHTML, like Gecko) Chrome/91.0.4472.124 Safari/537.36"
190.119.60.43 - - [29/Apr/2026:08:45:56 -0400] "GET /wp-includes/wp-includes/ID3/ HTTP/1.1" 404 25192 "https://vive.com.pa/wp-includes/wp-includes/ID3/" "Mozilla/5.0 (Linux; Android 11; SM-G991B) AppleWebKit/537.36 (KHTML, like Gecko) Chrome/91.0.4472.120 Mobile Safari/537.36"
190.119.60.43 - - [29/Apr/2026:08:45:45 -0400] "GET /wp-includes/wp-includes/block-patterns/ HTTP/1.1" 404 25192 "https://vive.com.pa/wp-includes/wp-includes/block-patterns/" "Mozilla/5.0 (X11; Ubuntu; Linux x86_64; rv:89.0) Gecko/20100101 Firefox/89.0"
190.119.60.43 - - [29/Apr/2026:08:45:48 -0400] "GET /wp-includes/wp-includes/blocks/ HTTP/1.1" 404 25193 "https://vive.com.pa/wp-includes/wp-includes/blocks/" "Mozilla/5.0 (Windows NT 10.0; Win64; x64) AppleWebKit/537.36 (KHTML, like Gecko) Chrome/91.0.4472.124 Safari/537.36"
190.119.60.43 - - [29/Apr/2026:08:45:49 -0400] "GET /wp-includes/wp-includes/certificates/ HTTP/1.1" 301 0 "http://vive.com.pa/wp-includes//wp-includes/certificates/" "Mozilla/5.0 (Macintosh; Intel Mac OS X 10_15_7) AppleWebKit/537.36 (KHTML, like Gecko) Chrome/91.0.4472.124 Safari/537.36"
190.119.60.43 - - [29/Apr/2026:08:45:49 -0400] "GET /wp-includes/wp-includes/certificates/ HTTP/1.1" 404 25192 "https://vive.com.pa/wp-includes/wp-includes/certificates/" "Mozilla/5.0 (Macintosh; Intel Mac OS X 10_15_7) AppleWebKit/537.36 (KHTML, like Gecko) Chrome/91.0.4472.124 Safari/537.36"
190.119.60.43 - - [29/Apr/2026:08:45:50 -0400] "GET /wp-includes/wp-includes/css/ HTTP/1.1" 301 0 "http://vive.com.pa/wp-includes//wp-includes/css/" "Mozilla/5.0 (Windows NT 10.0; Win64; x64) AppleWebKit/537.36 (KHTML, like Gecko) Chrome/91.0.4472.124 Safari/537.36"
190.119.60.43 - - [29/Apr/2026:08:45:51 -0400] "GET /wp-includes/wp-includes/customize/ HTTP/1.1" 301 0 "http://vive.com.pa/wp-includes//wp-includes/customize/" "Mozilla/5.0 (Macintosh; Intel Mac OS X 10_15_7) AppleWebKit/605.1.15 (KHTML, like Gecko) Version/14.1.1 Safari/605.1.15"
190.119.60.43 - - [29/Apr/2026:08:45:52 -0400] "GET /wp-includes/wp-includes/customize/ HTTP/1.1" 404 25199 "https://vive.com.pa/wp-includes/wp-includes/customize/" "Mozilla/5.0 (Macintosh; Intel Mac OS X 10_15_7) AppleWebKit/605.1.15 (KHTML, like Gecko) Version/14.1.1 Safari/605.1.15"
190.119.60.43 - - [29/Apr/2026:08:45:53 -0400] "GET /wp-includes/wp-includes/fonts/ HTTP/1.1" 301 0 "http://vive.com.pa/wp-includes//wp-includes/fonts/" "Mozilla/5.0 (X11; Linux x86_64) AppleWebKit/537.36 (KHTML, like Gecko) Chrome/91.0.4472.124 Safari/537.36"
190.119.60.43 - - [29/Apr/2026:08:45:54 -0400] "GET /wp-includes/wp-includes/html-api/ HTTP/1.1" 301 0 "http://vive.com.pa/wp-includes//wp-includes/html-api/" "Mozilla/5.0 (Macintosh; Intel Mac OS X 10_14_6) AppleWebKit/537.36 (KHTML, like Gecko) Chrome/91.0.4472.124 Safari/537.36"
190.119.60.43 - - [29/Apr/2026:08:45:55 -0400] "GET /wp-includes/wp-includes/ID3/ HTTP/1.1" 301 0 "http://vive.com.pa/wp-includes//wp-includes/ID3/" "Mozilla/5.0 (Linux; Android 11; SM-G991B) AppleWebKit/537.36 (KHTML, like Gecko) Chrome/91.0.4472.120 Mobile Safari/537.36"
190.119.60.43 - - [29/Apr/2026:08:45:56 -0400] "GET /wp-includes/wp-includes/images/ HTTP/1.1" 301 0 "http://vive.com.pa/wp-includes//wp-includes/images/" "Mozilla/5.0 (iPhone; CPU iPhone OS 14_6 like Mac OS X) AppleWebKit/605.1.15 (KHTML, like Gecko) Version/14.1.1 Mobile/15E148 Safari/604.1"
190.119.60.43 - - [29/Apr/2026:08:45:57 -0400] "GET /wp-includes/wp-includes/images/ HTTP/1.1" 404 25196 "https://vive.com.pa/wp-includes/wp-includes/images/" "Mozilla/5.0 (iPhone; CPU iPhone OS 14_6 like Mac OS X) AppleWebKit/605.1.15 (KHTML, like Gecko) Version/14.1.1 Mobile/15E148 Safari/604.1"
190.119.60.43 - - [29/Apr/2026:08:46:00 -0400] "GET /wp-includes/wp-includes/IXR/ HTTP/1.1" 404 25193 "https://vive.com.pa/wp-includes/wp-includes/IXR/" "Mozilla/5.0 (Windows NT 10.0; Win64; x64) AppleWebKit/537.36 (KHTML, like Gecko) Edge/91.0.864.59"
190.119.60.43 - - [29/Apr/2026:08:46:01 -0400] "GET /wp-includes/wp-includes/js/ HTTP/1.1" 404 25193 "https://vive.com.pa/wp-includes/wp-includes/js/" "Mozilla/5.0 (Windows NT 10.0; Win64; x64) AppleWebKit/537.36 (KHTML, like Gecko) Edge/91.0.864.59"
66.249.69.160 - - [29/Apr/2026:08:45:57 -0400] "GET /260002949.html HTTP/1.1" 200 18537 "-" "Mozilla/5.0 (Linux; Android 6.0.1; Nexus 5X Build/MMB29P) AppleWebKit/537.36 (KHTML, like Gecko) Chrome/147.0.7727.116 Mobile Safari/537.36 (compatible; Googlebot/2.1; +http://www.google.com/bot.html)"
190.119.60.43 - - [29/Apr/2026:08:45:58 -0400] "GET /wp-includes/wp-includes/interactivity-api/ HTTP/1.1" 301 0 "http://vive.com.pa/wp-includes//wp-includes/interactivity-api/" "Mozilla/5.0 (Windows NT 10.0; Win64; x64) AppleWebKit/537.36 (KHTML, like Gecko) Chrome/90.0.4430.212 Safari/537.36"
190.119.60.43 - - [29/Apr/2026:08:45:58 -0400] "GET /wp-includes/wp-includes/interactivity-api/ HTTP/1.1" 404 25192 "https://vive.com.pa/wp-includes/wp-includes/interactivity-api/" "Mozilla/5.0 (Windows NT 10.0; Win64; x64) AppleWebKit/537.36 (KHTML, like Gecko) Chrome/90.0.4430.212 Safari/537.36"
190.119.60.43 - - [29/Apr/2026:08:45:59 -0400] "GET /wp-includes/wp-includes/IXR/ HTTP/1.1" 301 0 "http://vive.com.pa/wp-includes//wp-includes/IXR/" "Mozilla/5.0 (Windows NT 10.0; Win64; x64) AppleWebKit/537.36 (KHTML, like Gecko) Edge/91.0.864.59"
190.119.60.43 - - [29/Apr/2026:08:46:00 -0400] "GET /wp-includes/wp-includes/js/ HTTP/1.1" 301 0 "http://vive.com.pa/wp-includes//wp-includes/js/" "Mozilla/5.0 (Windows NT 10.0; Win64; x64) AppleWebKit/537.36 (KHTML, like Gecko) Edge/91.0.864.59"
190.119.60.43 - - [29/Apr/2026:08:46:04 -0400] "GET /wp-includes/wp-includes/php-compat/ HTTP/1.1" 404 25193 "https://vive.com.pa/wp-includes/wp-includes/php-compat/" "Mozilla/5.0 (Macintosh; Intel Mac OS X 10_14_6) AppleWebKit/537.36 (KHTML, like Gecko) Chrome/91.0.4472.124 Safari/537.36"
66.249.69.160 - - [29/Apr/2026:08:46:05 -0400] "GET /198048633.html HTTP/1.1" 200 19098 "-" "Mozilla/5.0 (Linux; Android 6.0.1; Nexus 5X Build/MMB29P) AppleWebKit/537.36 (KHTML, like Gecko) Chrome/147.0.7727.116 Mobile Safari/537.36 (compatible; Googlebot/2.1; +http://www.google.com/bot.html)"
190.119.60.43 - - [29/Apr/2026:08:46:06 -0400] "GET /wp-includes/wp-includes/pomo/ HTTP/1.1" 301 0 "http://vive.com.pa/wp-includes//wp-includes/pomo/" "Mozilla/5.0 (Windows NT 6.1; Win64; x64) AppleWebKit/537.36 (KHTML, like Gecko) Chrome/91.0.4472.124 Safari/537.36"
190.119.60.43 - - [29/Apr/2026:08:46:06 -0400] "GET /wp-includes/wp-includes/pomo/ HTTP/1.1" 404 25193 "https://vive.com.pa/wp-includes/wp-includes/pomo/" "Mozilla/5.0 (Windows NT 6.1; Win64; x64) AppleWebKit/537.36 (KHTML, like Gecko) Chrome/91.0.4472.124 Safari/537.36"
190.119.60.43 - - [29/Apr/2026:08:46:07 -0400] "GET /wp-includes/wp-includes/Requests/ HTTP/1.1" 301 0 "http://vive.com.pa/wp-includes//wp-includes/Requests/" "Mozilla/5.0 (Macintosh; Intel Mac OS X 10_15_7) AppleWebKit/605.1.15 (KHTML, like Gecko) Version/14.1.1 Safari/605.1.15"
190.119.60.43 - - [29/Apr/2026:08:46:08 -0400] "GET /wp-includes/wp-includes/Requests/ HTTP/1.1" 404 25193 "https://vive.com.pa/wp-includes/wp-includes/Requests/" "Mozilla/5.0 (Macintosh; Intel Mac OS X 10_15_7) AppleWebKit/605.1.15 (KHTML, like Gecko) Version/14.1.1 Safari/605.1.15"
190.119.60.43 - - [29/Apr/2026:08:46:08 -0400] "GET /wp-includes/wp-includes/rest-api/ HTTP/1.1" 301 0 "http://vive.com.pa/wp-includes//wp-includes/rest-api/" "Mozilla/5.0 (Linux; Android 11; SM-G991B) AppleWebKit/537.36 (KHTML, like Gecko) Chrome/91.0.4472.120 Mobile Safari/537.36"
66.249.69.161 - - [29/Apr/2026:08:46:11 -0400] "GET /237028798.html HTTP/1.1" 200 19268 "-" "Mozilla/5.0 (Linux; Android 6.0.1; Nexus 5X Build/MMB29P) AppleWebKit/537.36 (KHTML, like Gecko) Chrome/147.0.7727.116 Mobile Safari/537.36 (compatible; Googlebot/2.1; +http://www.google.com/bot.html)"
190.119.60.43 - - [29/Apr/2026:08:46:11 -0400] "GET /wp-includes/wp-includes/sitemaps/ HTTP/1.1" 301 0 "http://vive.com.pa/wp-includes//wp-includes/sitemaps/" "Mozilla/5.0 (Linux; Android 11; SM-G991B) AppleWebKit/537.36 (KHTML, like Gecko) Chrome/91.0.4472.120 Mobile Safari/537.36"
190.119.60.43 - - [29/Apr/2026:08:46:02 -0400] "GET /wp-includes/wp-includes/l10n/ HTTP/1.1" 301 0 "http://vive.com.pa/wp-includes//wp-includes/l10n/" "Mozilla/5.0 (Macintosh; Intel Mac OS X 10_15_7) AppleWebKit/537.36 (KHTML, like Gecko) Chrome/91.0.4472.124 Safari/537.36"
190.119.60.43 - - [29/Apr/2026:08:46:02 -0400] "GET /wp-includes/wp-includes/l10n/ HTTP/1.1" 404 25193 "https://vive.com.pa/wp-includes/wp-includes/l10n/" "Mozilla/5.0 (Macintosh; Intel Mac OS X 10_15_7) AppleWebKit/537.36 (KHTML, like Gecko) Chrome/91.0.4472.124 Safari/537.36"
190.119.60.43 - - [29/Apr/2026:08:46:03 -0400] "GET /wp-includes/wp-includes/php-compat/ HTTP/1.1" 301 0 "http://vive.com.pa/wp-includes//wp-includes/php-compat/" "Mozilla/5.0 (Macintosh; Intel Mac OS X 10_14_6) AppleWebKit/537.36 (KHTML, like Gecko) Chrome/91.0.4472.124 Safari/537.36"
190.119.60.43 - - [29/Apr/2026:08:46:04 -0400] "GET /wp-includes/wp-includes/PHPMailer/ HTTP/1.1" 301 0 "http://vive.com.pa/wp-includes//wp-includes/PHPMailer/" "Mozilla/5.0 (Windows NT 10.0; Win64; x64; rv:89.0) Gecko/20100101 Firefox/89.0"
190.119.60.43 - - [29/Apr/2026:08:46:05 -0400] "GET /wp-includes/wp-includes/PHPMailer/ HTTP/1.1" 404 25193 "https://vive.com.pa/wp-includes/wp-includes/PHPMailer/" "Mozilla/5.0 (Windows NT 10.0; Win64; x64; rv:89.0) Gecko/20100101 Firefox/89.0"
198.54.125.254 - - [29/Apr/2026:08:46:06 -0400] "POST /wp-cron.php?doing_wp_cron=1777466766.9432229995727539062500 HTTP/1.1" 403 1242 "-" "WordPress/6.8.5; https://www.vive.com.pa"
190.119.60.43 - - [29/Apr/2026:08:46:09 -0400] "GET /wp-includes/wp-includes/rest-api/ HTTP/1.1" 404 25200 "https://vive.com.pa/wp-includes/wp-includes/rest-api/" "Mozilla/5.0 (Linux; Android 11; SM-G991B) AppleWebKit/537.36 (KHTML, like Gecko) Chrome/91.0.4472.120 Mobile Safari/537.36"
190.119.60.43 - - [29/Apr/2026:08:46:10 -0400] "GET /wp-includes/wp-includes/SimplePie/ HTTP/1.1" 301 0 "http://vive.com.pa/wp-includes//wp-includes/SimplePie/" "Mozilla/5.0 (X11; Ubuntu; Linux x86_64; rv:89.0) Gecko/20100101 Firefox/89.0"
190.119.60.43 - - [29/Apr/2026:08:46:10 -0400] "GET /wp-includes/wp-includes/SimplePie/ HTTP/1.1" 404 25193 "https://vive.com.pa/wp-includes/wp-includes/SimplePie/" "Mozilla/5.0 (X11; Ubuntu; Linux x86_64; rv:89.0) Gecko/20100101 Firefox/89.0"
190.119.60.43 - - [29/Apr/2026:08:46:12 -0400] "GET /wp-includes/wp-includes/sitemaps/ HTTP/1.1" 404 25193 "https://vive.com.pa/wp-includes/wp-includes/sitemaps/" "Mozilla/5.0 (Linux; Android 11; SM-G991B) AppleWebKit/537.36 (KHTML, like Gecko) Chrome/91.0.4472.120 Mobile Safari/537.36"
190.119.60.43 - - [29/Apr/2026:08:46:14 -0400] "GET /wp-includes/wp-includes/style-engine/ HTTP/1.1" 301 0 "http://vive.com.pa/wp-includes//wp-includes/style-engine/" "Mozilla/5.0 (Macintosh; Intel Mac OS X 10_15_7) AppleWebKit/605.1.15 (KHTML, like Gecko) Version/14.1.1 Safari/605.1.15"
190.119.60.43 - - [29/Apr/2026:08:46:15 -0400] "GET /wp-includes/wp-includes/style-engine/ HTTP/1.1" 404 25192 "https://vive.com.pa/wp-includes/wp-includes/style-engine/" "Mozilla/5.0 (Macintosh; Intel Mac OS X 10_15_7) AppleWebKit/605.1.15 (KHTML, like Gecko) Version/14.1.1 Safari/605.1.15"
190.119.60.43 - - [29/Apr/2026:08:46:17 -0400] "GET /wp-includes/wp-includes/theme-compat/ HTTP/1.1" 301 0 "http://vive.com.pa/wp-includes//wp-includes/theme-compat/" "Mozilla/5.0 (Windows NT 6.1; Win64; x64) AppleWebKit/537.36 (KHTML, like Gecko) Chrome/91.0.4472.124 Safari/537.36"
190.119.60.43 - - [29/Apr/2026:08:46:18 -0400] "GET /wp-includes/wp-includes/theme-compat/ HTTP/1.1" 404 25193 "https://vive.com.pa/wp-includes/wp-includes/theme-compat/" "Mozilla/5.0 (Windows NT 6.1; Win64; x64) AppleWebKit/537.36 (KHTML, like Gecko) Chrome/91.0.4472.124 Safari/537.36"
66.249.69.160 - - [29/Apr/2026:08:46:18 -0400] "GET /111042926.html HTTP/1.1" 200 19709 "-" "Mozilla/5.0 (Linux; Android 6.0.1; Nexus 5X Build/MMB29P) AppleWebKit/537.36 (KHTML, like Gecko) Chrome/147.0.7727.116 Mobile Safari/537.36 (compatible; Googlebot/2.1; +http://www.google.com/bot.html)"
190.119.60.43 - - [29/Apr/2026:08:46:12 -0400] "GET /wp-includes/wp-includes/sodium_compat/ HTTP/1.1" 301 0 "http://vive.com.pa/wp-includes//wp-includes/sodium_compat/" "Mozilla/5.0 (Windows NT 10.0; Win64; x64) AppleWebKit/537.36 (KHTML, like Gecko) Chrome/92.0.4515.107 Safari/537.36"
190.119.60.43 - - [29/Apr/2026:08:46:13 -0400] "GET /wp-includes/wp-includes/sodium_compat/ HTTP/1.1" 404 25193 "https://vive.com.pa/wp-includes/wp-includes/sodium_compat/" "Mozilla/5.0 (Windows NT 10.0; Win64; x64) AppleWebKit/537.36 (KHTML, like Gecko) Chrome/92.0.4515.107 Safari/537.36"
190.119.60.43 - - [29/Apr/2026:08:46:15 -0400] "GET /wp-includes/wp-includes/Text/ HTTP/1.1" 301 0 "http://vive.com.pa/wp-includes//wp-includes/Text/" "Mozilla/5.0 (Macintosh; Intel Mac OS X 10_15_7) AppleWebKit/605.1.15 (KHTML, like Gecko) Version/14.1.1 Safari/605.1.15"
190.119.60.43 - - [29/Apr/2026:08:46:16 -0400] "GET /wp-includes/wp-includes/Text/ HTTP/1.1" 404 25193 "https://vive.com.pa/wp-includes/wp-includes/Text/" "Mozilla/5.0 (Macintosh; Intel Mac OS X 10_15_7) AppleWebKit/605.1.15 (KHTML, like Gecko) Version/14.1.1 Safari/605.1.15"
190.119.60.43 - - [29/Apr/2026:08:46:19 -0400] "GET /wp-includes/wp-includes/widgets/ HTTP/1.1" 404 25193 "https://vive.com.pa/wp-includes/wp-includes/widgets/" "Mozilla/5.0 (Windows NT 6.1; Win64; x64) AppleWebKit/537.36 (KHTML, like Gecko) Chrome/91.0.4472.124 Safari/537.36"
190.119.60.43 - - [29/Apr/2026:08:46:20 -0400] "GET /wp-includes/wp-includes/admin-bar.php HTTP/1.1" 404 25193 "https://vive.com.pa/wp-includes/wp-includes/admin-bar.php" "Mozilla/5.0 (Macintosh; Intel Mac OS X 10_14_6) AppleWebKit/537.36 (KHTML, like Gecko) Chrome/91.0.4472.124 Safari/537.36"
190.119.60.43 - - [29/Apr/2026:08:46:22 -0400] "GET /wp-includes/wp-includes/atomlib.php HTTP/1.1" 404 25193 "https://vive.com.pa/wp-includes/wp-includes/atomlib.php" "Mozilla/5.0 (Windows NT 10.0; Win64; x64) AppleWebKit/537.36 (KHTML, like Gecko) Chrome/92.0.4515.107 Safari/537.36"
190.119.60.43 - - [29/Apr/2026:08:46:22 -0400] "GET /wp-includes/wp-includes/author-template.php HTTP/1.1" 301 0 "http://vive.com.pa/wp-includes//wp-includes/author-template.php" "Mozilla/5.0 (iPad; CPU OS 14_6 like Mac OS X) AppleWebKit/605.1.15 (KHTML, like Gecko) Version/14.1.1 Mobile/15E148 Safari/604.1"
66.249.69.160 - - [29/Apr/2026:08:46:24 -0400] "GET /259009214.html HTTP/1.1" 200 19121 "-" "Mozilla/5.0 (Linux; Android 6.0.1; Nexus 5X Build/MMB29P) AppleWebKit/537.36 (KHTML, like Gecko) Chrome/147.0.7727.116 Mobile Safari/537.36 (compatible; Googlebot/2.1; +http://www.google.com/bot.html)"
66.249.69.160 - - [29/Apr/2026:08:46:24 -0400] "GET /106012927.html HTTP/1.1" 200 19282 "-" "Mozilla/5.0 (Linux; Android 6.0.1; Nexus 5X Build/MMB29P) AppleWebKit/537.36 (KHTML, like Gecko) Chrome/147.0.7727.116 Mobile Safari/537.36 (compatible; Googlebot/2.1; +http://www.google.com/bot.html)"
190.119.60.43 - - [29/Apr/2026:08:46:25 -0400] "GET /wp-includes/wp-includes/block-editor.php HTTP/1.1" 301 0 "http://vive.com.pa/wp-includes//wp-includes/block-editor.php" "Mozilla/5.0 (X11; Linux x86_64) AppleWebKit/537.36 (KHTML, like Gecko) Chrome/91.0.4472.124 Safari/537.36"
190.119.60.43 - - [29/Apr/2026:08:46:25 -0400] "GET /wp-includes/wp-includes/block-editor.php HTTP/1.1" 404 25193 "https://vive.com.pa/wp-includes/wp-includes/block-editor.php" "Mozilla/5.0 (X11; Linux x86_64) AppleWebKit/537.36 (KHTML, like Gecko) Chrome/91.0.4472.124 Safari/537.36"
190.119.60.43 - - [29/Apr/2026:08:46:26 -0400] "GET /wp-includes/wp-includes/block-patterns.php HTTP/1.1" 301 0 "http://vive.com.pa/wp-includes//wp-includes/block-patterns.php" "Mozilla/5.0 (Windows NT 6.1; Win64; x64) AppleWebKit/537.36 (KHTML, like Gecko) Chrome/91.0.4472.124 Safari/537.36"
190.119.60.43 - - [29/Apr/2026:08:46:27 -0400] "GET /wp-includes/wp-includes/block-patterns.php HTTP/1.1" 404 25193 "https://vive.com.pa/wp-includes/wp-includes/block-patterns.php" "Mozilla/5.0 (Windows NT 6.1; Win64; x64) AppleWebKit/537.36 (KHTML, like Gecko) Chrome/91.0.4472.124 Safari/537.36"
190.119.60.43 - - [29/Apr/2026:08:46:18 -0400] "GET /wp-includes/wp-includes/widgets/ HTTP/1.1" 301 0 "http://vive.com.pa/wp-includes//wp-includes/widgets/" "Mozilla/5.0 (Windows NT 6.1; Win64; x64) AppleWebKit/537.36 (KHTML, like Gecko) Chrome/91.0.4472.124 Safari/537.36"
190.119.60.43 - - [29/Apr/2026:08:46:20 -0400] "GET /wp-includes/wp-includes/admin-bar.php HTTP/1.1" 301 0 "http://vive.com.pa/wp-includes//wp-includes/admin-bar.php" "Mozilla/5.0 (Macintosh; Intel Mac OS X 10_14_6) AppleWebKit/537.36 (KHTML, like Gecko) Chrome/91.0.4472.124 Safari/537.36"
190.119.60.43 - - [29/Apr/2026:08:46:21 -0400] "GET /wp-includes/wp-includes/atomlib.php HTTP/1.1" 301 0 "http://vive.com.pa/wp-includes//wp-includes/atomlib.php" "Mozilla/5.0 (Windows NT 10.0; Win64; x64) AppleWebKit/537.36 (KHTML, like Gecko) Chrome/92.0.4515.107 Safari/537.36"
190.119.60.43 - - [29/Apr/2026:08:46:23 -0400] "GET /wp-includes/wp-includes/author-template.php HTTP/1.1" 404 25196 "https://vive.com.pa/wp-includes/wp-includes/author-template.php" "Mozilla/5.0 (iPad; CPU OS 14_6 like Mac OS X) AppleWebKit/605.1.15 (KHTML, like Gecko) Version/14.1.1 Mobile/15E148 Safari/604.1"
190.119.60.43 - - [29/Apr/2026:08:46:24 -0400] "GET /wp-includes/wp-includes/block-bindings.php HTTP/1.1" 301 0 "http://vive.com.pa/wp-includes//wp-includes/block-bindings.php" "Mozilla/5.0 (Windows NT 10.0; Win64; x64) AppleWebKit/537.36 (KHTML, like Gecko) Chrome/90.0.4430.212 Safari/537.36"
190.119.60.43 - - [29/Apr/2026:08:46:24 -0400] "GET /wp-includes/wp-includes/block-bindings.php HTTP/1.1" 404 25193 "https://vive.com.pa/wp-includes/wp-includes/block-bindings.php" "Mozilla/5.0 (Windows NT 10.0; Win64; x64) AppleWebKit/537.36 (KHTML, like Gecko) Chrome/90.0.4430.212 Safari/537.36"
190.119.60.43 - - [29/Apr/2026:08:46:28 -0400] "GET /wp-includes/wp-includes/block-template-utils.php HTTP/1.1" 404 25193 "https://vive.com.pa/wp-includes/wp-includes/block-template-utils.php" "Mozilla/5.0 (Windows NT 10.0; Win64; x64) AppleWebKit/537.36 (KHTML, like Gecko) Chrome/91.0.4472.124 Safari/537.36"
190.119.60.43 - - [29/Apr/2026:08:46:29 -0400] "GET /wp-includes/wp-includes/block-template.php HTTP/1.1" 301 0 "http://vive.com.pa/wp-includes//wp-includes/block-template.php" "Mozilla/5.0 (X11; Linux x86_64) AppleWebKit/537.36 (KHTML, like Gecko) Chrome/91.0.4472.124 Safari/537.36"
66.249.69.160 - - [29/Apr/2026:08:46:32 -0400] "GET /?detail/26004724474114 HTTP/1.1" 200 19875 "-" "Mozilla/5.0 (Linux; Android 6.0.1; Nexus 5X Build/MMB29P) AppleWebKit/537.36 (KHTML, like Gecko) Chrome/147.0.7727.116 Mobile Safari/537.36 (compatible; Googlebot/2.1; +http://www.google.com/bot.html)"
